{"id":10258,"date":"2021-06-17T14:23:10","date_gmt":"2021-06-17T12:23:10","guid":{"rendered":"https:\/\/blogsaverroes.juntadeandalucia.es\/orientadelegacionmalaga\/?page_id=10258"},"modified":"2021-06-17T14:23:10","modified_gmt":"2021-06-17T12:23:10","slug":"empleos-del-futuro-mesa-redonda","status":"publish","type":"page","link":"https:\/\/blogsaverroes.juntadeandalucia.es\/orientadelegacionmalaga\/empleos-del-futuro-mesa-redonda\/","title":{"rendered":"EMPLEOS DEL FUTURO: mesa redonda"},"content":{"rendered":"<p>El Viernes 11 de junio 2021 tuvo lugar una Mesa redonda sobre \u00abEMPLEOS DEL FUTURO\u00bb.&nbsp;<\/p>\n<p><img loading=\"lazy\" decoding=\"async\" class=\"size-medium wp-image-10189 alignright\" src=\"https:\/\/blogsaverroes.juntadeandalucia.es\/orientadelegacionmalaga\/files\/2021\/05\/Mesa-redonda-Empleos-del-futuro-212x300.jpg\" alt=\"\" width=\"212\" height=\"300\" srcset=\"https:\/\/blogsaverroes.juntadeandalucia.es\/orientadelegacionmalaga\/files\/2021\/05\/Mesa-redonda-Empleos-del-futuro-212x300.jpg 212w, https:\/\/blogsaverroes.juntadeandalucia.es\/orientadelegacionmalaga\/files\/2021\/05\/Mesa-redonda-Empleos-del-futuro-724x1024.jpg 724w, https:\/\/blogsaverroes.juntadeandalucia.es\/orientadelegacionmalaga\/files\/2021\/05\/Mesa-redonda-Empleos-del-futuro-768x1086.jpg 768w, https:\/\/blogsaverroes.juntadeandalucia.es\/orientadelegacionmalaga\/files\/2021\/05\/Mesa-redonda-Empleos-del-futuro-1086x1536.jpg 1086w, https:\/\/blogsaverroes.juntadeandalucia.es\/orientadelegacionmalaga\/files\/2021\/05\/Mesa-redonda-Empleos-del-futuro-1448x2048.jpg 1448w, https:\/\/blogsaverroes.juntadeandalucia.es\/orientadelegacionmalaga\/files\/2021\/05\/Mesa-redonda-Empleos-del-futuro.jpg 1587w\" sizes=\"(max-width: 212px) 100vw, 212px\" \/><\/p>\n<ul>\n<li><a href=\"https:\/\/youtu.be\/Q0zJNj-_SoU\" target=\"_blank\" rel=\"noopener noreferrer\">Mesa redonda: EMPLEOS DEL FUTURO<\/a> (programa en el que se entrevista a expertos\/as de Espa\u00f1a, 2 horas, emitido en el Canal de youtube SOE)\n<ul>\n<li>\u00bfA qui\u00e9n puede interesar? A todos los y las j\u00f3venes que est\u00e1n construyendo su proyecto profesional, alumnado de ESO, Bachillerato, Formaci\u00f3n profesional y adultos. Tambi\u00e9n a alumnado universitario que est\u00e1 en proceso de toma de decisiones profesionales para reorientar su futuro laboral.&nbsp;<\/li>\n<\/ul>\n<\/li>\n<li><span style=\"color: #000080\"><strong>PROGRAMA + FICHA DID\u00c1CTICA: <a href=\"https:\/\/blogsaverroes.juntadeandalucia.es\/orientadelegacionmalaga\/files\/2021\/05\/Mesa-redonda-Empleos-del-futuro-3.pdf\" target=\"_blank\" rel=\"noopener noreferrer\">Mesa redonda \u00abEmpleos del futuro\u00bb<\/a><\/strong><\/span><\/li>\n<li>Organiza: \u00e1rea Orientaci\u00f3n acad\u00e9mica y profesional M\u00e1laga (ETPOEP, Delegaci\u00f3n educaci\u00f3n).&nbsp;<\/li>\n<li>Temas a abordar:&nbsp;\n<ul>\n<li>Empleos en el sector de la Inform\u00e1tica y tecnolog\u00eda: Parque tecnol\u00f3gico, Videojuegos, ciberseguridad, digitalizaci\u00f3n de empresas, etc.&nbsp;<\/li>\n<li>Empleos en distintos sectores: servicios, turismo, sanidad, agroalimentaci\u00f3n, autom\u00f3vil, mecanizaci\u00f3n, etc.&nbsp;<\/li>\n<li>Perfiles profesionales m\u00e1s demandados por las empresas.&nbsp;<\/li>\n<li>Empleos en Europa.&nbsp;&nbsp;<\/li>\n<li>Nuevos estudios de Formaci\u00f3n profesional para el curso pr\u00f3ximo.&nbsp;<\/li>\n<li>Externalizaci\u00f3n y comercio internacional. Empresas espa\u00f1olas en el exterior.&nbsp;<\/li>\n<\/ul>\n<\/li>\n<\/ul>\n<p>&nbsp;<\/p>\n<p><strong>FICHA DID\u00c1CTICA.<\/strong> La p\u00e1gina 4 incluye preguntas que podr\u00e1n ser utilizadas como ficha did\u00e1ctica para reflexionar acerca de las propuestas de los expertos y expertas de la mesa.&nbsp;<\/p>\n","protected":false},"excerpt":{"rendered":"<p>El Viernes 11 de junio 2021 tuvo lugar una Mesa redonda sobre \u00abEMPLEOS DEL FUTURO\u00bb.&nbsp; Mesa redonda: EMPLEOS DEL FUTURO (programa en el que se entrevista a expertos\/as de Espa\u00f1a, 2 horas, emitido en&#46;&#46;&#46;<\/p>\n","protected":false},"author":8106,"featured_media":10189,"parent":0,"menu_order":0,"comment_status":"closed","ping_status":"closed","template":"","meta":{"ngg_post_thumbnail":0,"footnotes":""},"aioseo_notices":[],"_links":{"self":[{"href":"https:\/\/blogsaverroes.juntadeandalucia.es\/orientadelegacionmalaga\/wp-json\/wp\/v2\/pages\/10258"}],"collection":[{"href":"https:\/\/blogsaverroes.juntadeandalucia.es\/orientadelegacionmalaga\/wp-json\/wp\/v2\/pages"}],"about":[{"href":"https:\/\/blogsaverroes.juntadeandalucia.es\/orientadelegacionmalaga\/wp-json\/wp\/v2\/types\/page"}],"author":[{"embeddable":true,"href":"https:\/\/blogsaverroes.juntadeandalucia.es\/orientadelegacionmalaga\/wp-json\/wp\/v2\/users\/8106"}],"replies":[{"embeddable":true,"href":"https:\/\/blogsaverroes.juntadeandalucia.es\/orientadelegacionmalaga\/wp-json\/wp\/v2\/comments?post=10258"}],"version-history":[{"count":1,"href":"https:\/\/blogsaverroes.juntadeandalucia.es\/orientadelegacionmalaga\/wp-json\/wp\/v2\/pages\/10258\/revisions"}],"predecessor-version":[{"id":10259,"href":"https:\/\/blogsaverroes.juntadeandalucia.es\/orientadelegacionmalaga\/wp-json\/wp\/v2\/pages\/10258\/revisions\/10259"}],"wp:featuredmedia":[{"embeddable":true,"href":"https:\/\/blogsaverroes.juntadeandalucia.es\/orientadelegacionmalaga\/wp-json\/wp\/v2\/media\/10189"}],"wp:attachment":[{"href":"https:\/\/blogsaverroes.juntadeandalucia.es\/orientadelegacionmalaga\/wp-json\/wp\/v2\/media?parent=10258"}],"curies":[{"name":"wp","href":"https:\/\/api.w.org\/{rel}","templated":true}]}}