{"id":11895,"date":"2024-06-19T11:49:08","date_gmt":"2024-06-19T09:49:08","guid":{"rendered":"https:\/\/blogsaverroes.juntadeandalucia.es\/orientadelegacionmalaga\/?page_id=11895"},"modified":"2024-06-19T12:39:14","modified_gmt":"2024-06-19T10:39:14","slug":"ciclos-formativos-de-grado-medio","status":"publish","type":"page","link":"https:\/\/blogsaverroes.juntadeandalucia.es\/orientadelegacionmalaga\/ciclos-formativos-de-grado-medio\/","title":{"rendered":"CURSO DE ACCESO A CFGM"},"content":{"rendered":"<h2>Centros para la provincia de M\u00e1laga<\/h2>\n<p style=\"padding-left: 40px\"><strong>29003041 &#8211; I.E.S. Fuengirola N\u00ba 1<\/strong><br \/>\nCalle Camino de Santiago, 3. Tel\u00e9fono: 951269967<br \/>\nLocalidad: Fuengirola<br \/>\nc\u00f3digo Postal: 29640<br \/>\nP\u00fablico Tarde 30<\/p>\n<p style=\"padding-left: 40px\"><strong>29005916 &#8211; I.E.S. La Rosaleda<\/strong><br \/>\nAvenida Luis Bu\u00f1uel, 8. Tel\u00e9fono: 952640035<br \/>\nLocalidad: M\u00e1laga<br \/>\nc\u00f3digo Postal: 29011<br \/>\nP\u00fablico Tarde 30<\/p>\n<p style=\"padding-left: 40px\"><strong>29005989 &#8211; I.E.S. Polit\u00e9cnico Jes\u00fas Mar\u00edn<\/strong><br \/>\nCalle Polit\u00e9cnico, 1. Tel\u00e9fono: 951297914<br \/>\nLocalidad: M\u00e1laga<br \/>\nc\u00f3digo Postal: 29007<br \/>\nP\u00fablico Tarde 30<\/p>\n<p style=\"padding-left: 40px\"><strong>29008681 &#8211; I.E.S. Juan de la Cierva<\/strong><br \/>\nCalle Doctor Fernando Vivar, 2. Tel\u00e9fono: 951289959<br \/>\nLocalidad: V\u00e9lez-M\u00e1laga<br \/>\nc\u00f3digo Postal: 29700<br \/>\nP\u00fablico Tarde 30<\/p>\n<p style=\"padding-left: 40px\"><strong>29012052 &#8211; I.E.S. Los Colegiales<\/strong><br \/>\nPaseo de los Colegiales, s\/n. Tel\u00e9fono: 952712500<br \/>\nLocalidad: Antequera<br \/>\nP\u00fablico Ma\u00f1ana 30<br \/>\nc\u00f3digo Postal: 29200<\/p>\n<p style=\"padding-left: 40px\"><strong>29700035 &#8211; I.E.S. Profesor Gonzalo Huesa<\/strong><br \/>\nCalle San Vicente de Paul, s\/n. Tel\u00e9fono: 671538612<br \/>\nLocalidad: Ronda<br \/>\nc\u00f3digo Postal: 29400<br \/>\nP\u00fablico Ma\u00f1ana 20<\/p>\n<p style=\"padding-left: 40px\"><strong>29700126 &#8211; I.E.S. R\u00edo Verde<\/strong><br \/>\nCalle Notario Luis Oliver,18. Tel\u00e9fono: 951270557<br \/>\nLocalidad: Marbella<br \/>\nc\u00f3digo Postal: 29600<br \/>\nP\u00fablico Tarde 30<\/p>\n<p>&nbsp;<\/p>\n<h2>DOCUMENTO ORIGINAL<\/h2>\n<p><a href=\"https:\/\/blogsaverroes.juntadeandalucia.es\/orientadelegacionmalaga\/files\/2024\/06\/CURSO-DE-ACCESO-A-CFGM-MALAGA.pdf\">CURSO DE ACCESO A CFGM M\u00c1LAGA<\/a><\/p>\n","protected":false},"excerpt":{"rendered":"<p>Centros para la provincia de M\u00e1laga 29003041 &#8211; I.E.S. Fuengirola N\u00ba 1 Calle Camino de Santiago, 3. Tel\u00e9fono: 951269967 Localidad: Fuengirola c\u00f3digo Postal: 29640 P\u00fablico Tarde 30 29005916 &#8211; I.E.S. La Rosaleda Avenida Luis&#46;&#46;&#46;<\/p>\n","protected":false},"author":8106,"featured_media":0,"parent":0,"menu_order":0,"comment_status":"closed","ping_status":"closed","template":"","meta":{"ngg_post_thumbnail":0,"footnotes":""},"aioseo_notices":[],"_links":{"self":[{"href":"https:\/\/blogsaverroes.juntadeandalucia.es\/orientadelegacionmalaga\/wp-json\/wp\/v2\/pages\/11895"}],"collection":[{"href":"https:\/\/blogsaverroes.juntadeandalucia.es\/orientadelegacionmalaga\/wp-json\/wp\/v2\/pages"}],"about":[{"href":"https:\/\/blogsaverroes.juntadeandalucia.es\/orientadelegacionmalaga\/wp-json\/wp\/v2\/types\/page"}],"author":[{"embeddable":true,"href":"https:\/\/blogsaverroes.juntadeandalucia.es\/orientadelegacionmalaga\/wp-json\/wp\/v2\/users\/8106"}],"replies":[{"embeddable":true,"href":"https:\/\/blogsaverroes.juntadeandalucia.es\/orientadelegacionmalaga\/wp-json\/wp\/v2\/comments?post=11895"}],"version-history":[{"count":2,"href":"https:\/\/blogsaverroes.juntadeandalucia.es\/orientadelegacionmalaga\/wp-json\/wp\/v2\/pages\/11895\/revisions"}],"predecessor-version":[{"id":11941,"href":"https:\/\/blogsaverroes.juntadeandalucia.es\/orientadelegacionmalaga\/wp-json\/wp\/v2\/pages\/11895\/revisions\/11941"}],"wp:attachment":[{"href":"https:\/\/blogsaverroes.juntadeandalucia.es\/orientadelegacionmalaga\/wp-json\/wp\/v2\/media?parent=11895"}],"curies":[{"name":"wp","href":"https:\/\/api.w.org\/{rel}","templated":true}]}}

<h2>Centros para la provincia de Málaga</h2>
<p style="padding-left: 40px"><strong>29003041 &#8211; I.E.S. Fuengirola Nº 1</strong><br />
Calle Camino de Santiago, 3. Teléfono: 951269967<br />
Localidad: Fuengirola<br />
código Postal: 29640<br />
Público Tarde 30</p>
<p style="padding-left: 40px"><strong>29005916 &#8211; I.E.S. La Rosaleda</strong><br />
Avenida Luis Buñuel, 8. Teléfono: 952640035<br />
Localidad: Málaga<br />
código Postal: 29011<br />
Público Tarde 30</p>
<p style="padding-left: 40px"><strong>29005989 &#8211; I.E.S. Politécnico Jesús Marín</strong><br />
Calle Politécnico, 1. Teléfono: 951297914<br />
Localidad: Málaga<br />
código Postal: 29007<br />
Público Tarde 30</p>
<p style="padding-left: 40px"><strong>29008681 &#8211; I.E.S. Juan de la Cierva</strong><br />
Calle Doctor Fernando Vivar, 2. Teléfono: 951289959<br />
Localidad: Vélez-Málaga<br />
código Postal: 29700<br />
Público Tarde 30</p>
<p style="padding-left: 40px"><strong>29012052 &#8211; I.E.S. Los Colegiales</strong><br />
Paseo de los Colegiales, s/n. Teléfono: 952712500<br />
Localidad: Antequera<br />
Público Mañana 30<br />
código Postal: 29200</p>
<p style="padding-left: 40px"><strong>29700035 &#8211; I.E.S. Profesor Gonzalo Huesa</strong><br />
Calle San Vicente de Paul, s/n. Teléfono: 671538612<br />
Localidad: Ronda<br />
código Postal: 29400<br />
Público Mañana 20</p>
<p style="padding-left: 40px"><strong>29700126 &#8211; I.E.S. Río Verde</strong><br />
Calle Notario Luis Oliver,18. Teléfono: 951270557<br />
Localidad: Marbella<br />
código Postal: 29600<br />
Público Tarde 30</p>
<p>&nbsp;</p>
<h2>DOCUMENTO ORIGINAL</h2>
<p><a href="https://blogsaverroes.juntadeandalucia.es/orientadelegacionmalaga/files/2024/06/CURSO-DE-ACCESO-A-CFGM-MALAGA.pdf">CURSO DE ACCESO A CFGM MÁLAGA</a></p>

<p>Centros para la provincia de Málaga 29003041 &#8211; I.E.S. Fuengirola Nº 1 Calle Camino de Santiago, 3. Teléfono: 951269967 Localidad: Fuengirola código Postal: 29640 Público Tarde 30 29005916 &#8211; I.E.S. La Rosaleda Avenida Luis&#46;&#46;&#46;</p>
