{"id":1681,"date":"2013-05-22T10:45:34","date_gmt":"2013-05-22T10:45:34","guid":{"rendered":"http:\/\/www.educacionenmalaga.es\/orientamalaga\/?page_id=1681"},"modified":"2013-05-22T10:45:34","modified_gmt":"2013-05-22T10:45:34","slug":"manuales","status":"publish","type":"page","link":"https:\/\/blogsaverroes.juntadeandalucia.es\/orientadelegacionmalaga\/manuales\/","title":{"rendered":"Manuales de atenci\u00f3n al alumnado con NEAE"},"content":{"rendered":"<p style=\"text-align: justify\">Manuales de atenci\u00f3n al alumnado con necesidades espec\u00edficas de apoyo educativo:<\/p>\n<ul>\n<li><a href=\"http:\/\/issuu.com\/framacare\/docs\/neae?mode=window&amp;viewMode=singlePage\">Necesidades Espec\u00edficas de Apoyo Educativo<\/a>.<\/li>\n<li><a href=\"http:\/\/issuu.com\/framacare\/docs\/altas_capacidades_intelectuales?mode=window&amp;viewMode=singlePage\">Altas Capacidades Intelectuales<\/a>.<\/li>\n<li><a href=\"http:\/\/issuu.com\/framacare\/docs\/movilidad?mode=window&amp;viewMode=singlePage\">Limitaciones en la Movilidad<\/a>.<\/li>\n<li><a href=\"http:\/\/issuu.com\/framacare\/docs\/tgc?mode=window&amp;viewMode=singlePage\">Trastornos Graves de Conducta<\/a>.<\/li>\n<li><a href=\"http:\/\/issuu.com\/framacare\/docs\/tgd?mode=window&amp;viewMode=singlePage\">Trastornos Generales del Desarrollo<\/a>.<\/li>\n<li><a href=\"http:\/\/issuu.com\/framacare\/docs\/down?mode=window&amp;viewMode=singlePage\">S\u00edndrome de Down<\/a>.<\/li>\n<li><a href=\"http:\/\/issuu.com\/framacare\/docs\/auditiva?mode=window&amp;viewMode=singlePage\">Discapacidad Auditiva<\/a>.<\/li>\n<li><a href=\"http:\/\/issuu.com\/framacare\/docs\/visual_y_sordoceguera?mode=window&amp;viewMode=singlePage\">Discapacidad Visual y Sordoceguera<\/a>.<\/li>\n<li><a href=\"http:\/\/issuu.com\/framacare\/docs\/enfermedades_raras_y_cr_nicas?mode=window&amp;viewMode=singlePage\">Enfermedades Raras y Cr\u00f3nicas<\/a>.<\/li>\n<li><a href=\"http:\/\/issuu.com\/framacare\/docs\/discapacidad_intelectual?mode=window&amp;viewMode=singlePage\">Discapacidad Intelectual<\/a>.<\/li>\n<li><a href=\"http:\/\/issuu.com\/framacare\/docs\/dislexia?mode=window&amp;viewMode=singlePage\">Dificultades espec\u00edficas de aprendizaje: Dislexia<\/a>.<\/li>\n<\/ul>\n<p>&nbsp;<\/p>\n<p>&nbsp;<\/p>\n","protected":false},"excerpt":{"rendered":"<p>Manuales de atenci\u00f3n al alumnado con necesidades espec\u00edficas de apoyo educativo: Necesidades Espec\u00edficas de Apoyo Educativo. Altas Capacidades Intelectuales. Limitaciones en la Movilidad. Trastornos Graves de Conducta. Trastornos Generales del Desarrollo. S\u00edndrome de Down.&#46;&#46;&#46;<\/p>\n","protected":false},"author":8106,"featured_media":0,"parent":0,"menu_order":0,"comment_status":"closed","ping_status":"closed","template":"","meta":{"ngg_post_thumbnail":0,"footnotes":""},"aioseo_notices":[],"_links":{"self":[{"href":"https:\/\/blogsaverroes.juntadeandalucia.es\/orientadelegacionmalaga\/wp-json\/wp\/v2\/pages\/1681"}],"collection":[{"href":"https:\/\/blogsaverroes.juntadeandalucia.es\/orientadelegacionmalaga\/wp-json\/wp\/v2\/pages"}],"about":[{"href":"https:\/\/blogsaverroes.juntadeandalucia.es\/orientadelegacionmalaga\/wp-json\/wp\/v2\/types\/page"}],"author":[{"embeddable":true,"href":"https:\/\/blogsaverroes.juntadeandalucia.es\/orientadelegacionmalaga\/wp-json\/wp\/v2\/users\/8106"}],"replies":[{"embeddable":true,"href":"https:\/\/blogsaverroes.juntadeandalucia.es\/orientadelegacionmalaga\/wp-json\/wp\/v2\/comments?post=1681"}],"version-history":[{"count":0,"href":"https:\/\/blogsaverroes.juntadeandalucia.es\/orientadelegacionmalaga\/wp-json\/wp\/v2\/pages\/1681\/revisions"}],"wp:attachment":[{"href":"https:\/\/blogsaverroes.juntadeandalucia.es\/orientadelegacionmalaga\/wp-json\/wp\/v2\/media?parent=1681"}],"curies":[{"name":"wp","href":"https:\/\/api.w.org\/{rel}","templated":true}]}}