{"id":3987,"date":"2014-05-09T12:01:06","date_gmt":"2014-05-09T12:01:06","guid":{"rendered":"http:\/\/www.educacionenmalaga.es\/orientamalaga\/?page_id=3987"},"modified":"2022-11-09T22:18:07","modified_gmt":"2022-11-09T21:18:07","slug":"prevencion-del-suicidio","status":"publish","type":"page","link":"https:\/\/blogsaverroes.juntadeandalucia.es\/orientadelegacionmalaga\/prevencion-del-suicidio\/","title":{"rendered":"Prevenci\u00f3n del suicidio y conducta autol\u00edtica"},"content":{"rendered":"<p><span style=\"font-size: 24pt;color: #ff6600\"><strong>Intervenci\u00f3n desde el centro educativo.<\/strong><\/span><\/p>\n<p>&nbsp;<\/p>\n<p style=\"text-align: center\"><span style=\"font-size: 24pt\"><strong><span style=\"color: #008000\">N O V E D A D. 2022<\/span><\/strong><\/span><\/p>\n<p><a href=\"https:\/\/blogsaverroes.juntadeandalucia.es\/orientadelegacionmalaga\/files\/2022\/10\/GUIA-DE-AUTOLESIONES-EN-EL-\u00c1MBITO-EDUCATIVO-Autor-Xavier-Brandido-S\u00e1nchez-Psic\u00f3logo-General-Sanitario.pdf\" target=\"_blank\" rel=\"noopener noreferrer\">GUIA DE AUTOLESIONES EN EL \u00c1MBITO EDUCATIVO Autor Xavier Brandido S\u00e1nchez. Justalegr\u00eda, ETPOEP<\/a><\/p>\n<p>&nbsp; <img loading=\"lazy\" decoding=\"async\" class=\"alignnone wp-image-11230\" src=\"https:\/\/blogsaverroes.juntadeandalucia.es\/orientadelegacionmalaga\/files\/2022\/11\/justalegria-logo.png\" alt=\"\" width=\"117\" height=\"35\">&nbsp; &nbsp; &nbsp; &nbsp; &nbsp; <img loading=\"lazy\" decoding=\"async\" class=\"alignnone wp-image-10936\" src=\"https:\/\/blogsaverroes.juntadeandalucia.es\/orientadelegacionmalaga\/files\/2022\/03\/logo-razonesparavivir-azul-01-01-300x155.png\" alt=\"\" width=\"103\" height=\"53\" srcset=\"https:\/\/blogsaverroes.juntadeandalucia.es\/orientadelegacionmalaga\/files\/2022\/03\/logo-razonesparavivir-azul-01-01-300x155.png 300w, https:\/\/blogsaverroes.juntadeandalucia.es\/orientadelegacionmalaga\/files\/2022\/03\/logo-razonesparavivir-azul-01-01.png 349w\" sizes=\"(max-width: 103px) 100vw, 103px\" \/><\/p>\n<p><a href=\"https:\/\/www.razonesparavivir.org\/\" target=\"_blank\" rel=\"noopener noreferrer\">Programa: Razones para vivir<\/a><\/p>\n<p>&nbsp;<\/p>\n<p><span style=\"font-size: 14pt\"><strong>Documentos de apoyo:<\/strong><\/span><\/p>\n<ul>\n<li><span style=\"color: #000000;font-size: 14pt\"><a href=\"https:\/\/blogsaverroes.juntadeandalucia.es\/orientadelegacionmalaga\/files\/2019\/06\/ies-victoria-kent-prevencion-del-suicidio-en-jovenes.pdf\" target=\"_blank\" rel=\"noopener noreferrer\">Prevenci\u00f3n del suicidio en j\u00f3venes<\/a>. IES Victoria Kent.<\/span><\/li>\n<li><span style=\"font-size: 14pt\"><a href=\"https:\/\/blogsaverroes.juntadeandalucia.es\/orientadelegacionmalaga\/files\/2019\/06\/asoc-justalegria-formacion-orientadores-3-4-19.pdf\" target=\"_blank\" rel=\"noopener noreferrer\">Prevenci\u00f3n de las conductas suicidas<\/a><span style=\"color: #000000\">. Estrategias Profesionales para afrontar situaciones de riesgo en el \u00e1mbito educativo. Asociaci\u00f3n Justa Alegr\u00eda.<\/span><\/span><\/li>\n<li><span style=\"font-size: 14pt\"><a href=\"https:\/\/blogsaverroes.juntadeandalucia.es\/orientadelegacionmalaga\/files\/2021\/02\/Prevencio\u0301n-suicidio-Ma\u0301laga-Presentacio\u0301n.pdf\" target=\"_blank\" rel=\"noopener noreferrer\">Prevencio\u0301n suicidio. Ma\u0301laga (Presentacio\u0301n)<\/a><\/span><\/li>\n<li><span style=\"font-size: 14pt\"><a href=\"https:\/\/blogsaverroes.juntadeandalucia.es\/orientadelegacionmalaga\/files\/2021\/05\/PREVENCIO\u0301N-DEL-RIESGO-SUICIDA-EN-EL-A\u0301MBITO-EDUCATIVO-5.pdf\" target=\"_blank\" rel=\"noopener noreferrer\">PREVENCIO\u0301N DEL RIESGO SUICIDA EN EL A\u0301MBITO EDUCATIVO<\/a> infograf\u00eda<\/span><\/li>\n<li><a href=\"https:\/\/blogsaverroes.juntadeandalucia.es\/orientadelegacionmalaga\/files\/2022\/11\/Recursos-comple-salud-Tama\u00f1o-original-1.pdf\" target=\"_blank\" rel=\"noopener noreferrer\">Recursos (de atenci\u00f3n emocional para la adolescencia) en M\u00e1laga complementarios a Salud<\/a><\/li>\n<\/ul>\n<p>&nbsp;<\/p>\n<p><span style=\"color: #339966;font-size: 14pt\"><strong>&#8211; ACTUACI\u00d3N PASO A PASO <\/strong><strong>SI HAY INDICIOS DE CONDUCTAS O IDEACI\u00d3N <\/strong><strong>SUICIDA.<\/strong><\/span><\/p>\n<p style=\"padding-left: 40px\"><span style=\"font-size: 14pt\">1. COMUNICACI\u00d3N<\/span><\/p>\n<p style=\"padding-left: 40px\"><span style=\"font-size: 14pt\">1.1. Comunicaci\u00f3n Al Equipo Directivo, Tutor\/a y Orientaci\u00f3n Educativa<\/span><\/p>\n<p style=\"padding-left: 40px\"><span style=\"font-size: 14pt\">1.3. Comunicaci\u00f3n a las familias o responsables legales<\/span><\/p>\n<ul>\n<li style=\"list-style-type: none\">\n<ul>\n<li><span style=\"font-size: 14pt\"><a href=\"https:\/\/blogsaverroes.juntadeandalucia.es\/orientadelegacionmalaga\/files\/2021\/02\/acta-familia-suicidio-Ma\u0301laga.pdf\">Acta familia prev suicidio Ma\u0301laga (adaptado C\u00f3rdoba)<\/a><\/span><\/li>\n<\/ul>\n<\/li>\n<\/ul>\n<p style=\"padding-left: 40px\"><span style=\"font-size: 14pt\">2. DERIVACI\u00d3N AL SERVICIO DE SALUD<\/span><\/p>\n<p style=\"padding-left: 40px\"><span style=\"font-size: 14pt\">&nbsp;(Anexo derivaci\u00f3n) <a href=\"https:\/\/blogsaverroes.juntadeandalucia.es\/orientadelegacionmalaga\/files\/2021\/05\/protocolo-de-derivacio\u0301n-y-traspaso-de-informacio\u0301n.odt\" target=\"_blank\" rel=\"noopener noreferrer\">Documento de derivacio\u0301n y traspaso de informacio\u0301n<\/a><\/span><\/p>\n<p style=\"padding-left: 40px\"><span style=\"font-size: 14pt\">3. RECOGIDA INFORMACI\u00d3N Y SEGUIMIENTO PERI\u00d3DICO<\/span><\/p>\n<ul>\n<li style=\"list-style-type: none\">\n<ul>\n<li><span style=\"font-size: 14pt\"><a href=\"https:\/\/blogsaverroes.juntadeandalucia.es\/orientadelegacionmalaga\/files\/2020\/12\/gia-suicidio-contexto-escolar.pdf\" target=\"_blank\" rel=\"noopener noreferrer\">Evaluaci\u00f3n de Riesgo de Conductas Suicidas en menores<\/a><\/span><\/li>\n<\/ul>\n<\/li>\n<\/ul>\n<p style=\"padding-left: 40px\">&nbsp;<\/p>\n<p><span style=\"color: #339966;font-size: 14pt\"><strong>&#8211; SI SE PRODUCE UN INTENTO DE SUICIDIO EN <\/strong><strong>EL CENTRO<\/strong><\/span><\/p>\n<ol>\n<li style=\"list-style-type: none\">\n<ol>\n<li><span style=\"font-size: 14pt\">ATENCI\u00d3N INMEDIATA AL ALUMNO\/A EN CUMPLIMIENTO DEL DEBER DE AUXILIO Y SOCORRO<\/span><\/li>\n<li><span style=\"font-size: 14pt\">AVISO AL 112, DERIVACI\u00d3N A SALUD<\/span><\/li>\n<li><span style=\"font-size: 14pt\">COMUNICACI\u00d3N INMEDIATA A LAS FAMILIAS O RESPONSABLES LEGALES DEL ALUMNO\/A, LA DIRECCI\u00d3N DEL CENTRO Y AL SERVICIO DE INSPECCI\u00d3N<\/span><\/li>\n<\/ol>\n<\/li>\n<\/ol>\n<p style=\"padding-left: 40px\">&nbsp;<\/p>\n<p><span style=\"color: #ff6600\"><span style=\"font-size: 32px\"><b>IMPORTANTE<\/b><\/span><\/span><\/p>\n<p><span style=\"font-size: 18pt\"><a href=\"https:\/\/telefonodelaesperanza.org\/malaga\/chat-de-la-esperanza\"><span style=\"color: #000000\"><strong><span style=\"color: #008000\">Tel\u00e9fono de la Esperanza<\/span> est\u00e1 ofreciendo talleres para evitar las conductas suicidas en el alumnado de los centros educativos <\/strong><\/span><\/a><\/span><\/p>\n<p><img loading=\"lazy\" decoding=\"async\" class=\"alignnone size-medium wp-image-10900\" src=\"https:\/\/blogsaverroes.juntadeandalucia.es\/orientadelegacionmalaga\/files\/2022\/03\/image009-204x300.jpg\" alt=\"\" width=\"204\" height=\"300\" srcset=\"https:\/\/blogsaverroes.juntadeandalucia.es\/orientadelegacionmalaga\/files\/2022\/03\/image009-204x300.jpg 204w, https:\/\/blogsaverroes.juntadeandalucia.es\/orientadelegacionmalaga\/files\/2022\/03\/image009.jpg 541w\" sizes=\"(max-width: 204px) 100vw, 204px\" \/> <img loading=\"lazy\" decoding=\"async\" class=\"alignnone size-medium wp-image-10899\" src=\"https:\/\/blogsaverroes.juntadeandalucia.es\/orientadelegacionmalaga\/files\/2022\/03\/image008-1-204x300.jpg\" alt=\"\" width=\"204\" height=\"300\" srcset=\"https:\/\/blogsaverroes.juntadeandalucia.es\/orientadelegacionmalaga\/files\/2022\/03\/image008-1-204x300.jpg 204w, https:\/\/blogsaverroes.juntadeandalucia.es\/orientadelegacionmalaga\/files\/2022\/03\/image008-1.jpg 541w\" sizes=\"(max-width: 204px) 100vw, 204px\" \/><\/p>\n<p>&nbsp;<\/p>\n<p>&nbsp;<\/p>\n<p>&nbsp;<\/p>\n<p><span style=\"color: #008000;font-size: 18pt\"><strong>GU\u00cdAS <\/strong><\/span><\/p>\n<p>&nbsp;<\/p>\n<p style=\"padding-left: 40px\"><a href=\"https:\/\/www.sspa.juntadeandalucia.es\/servicioandaluzdesalud\/sites\/default\/files\/sincfiles\/wsas-media-pdf_publicacion\/2021\/guia_prevencionsuicidio.pdf\" target=\"_blank\" rel=\"noopener noreferrer\">Gu\u00eda sobre la prevenci\u00f3n del suicidio para personas con ideaci\u00f3n suicida y familiares, Andaluc\u00eda, Salud<\/a><\/p>\n<p style=\"padding-left: 40px\">Gu\u00eda <a href=\"https:\/\/www.juntadeandalucia.es\/export\/drupaljda\/salud_5af95868ccc6e_09_problemas_ajustes.pdf\" target=\"_blank\" rel=\"noopener noreferrer\">PROBLEMAS DE AJUSTE DURANTE LA ADOLESCENCIA. Andaluc\u00eda<\/a><\/p>\n<p style=\"padding-left: 40px\"><a href=\"https:\/\/blogsaverroes.juntadeandalucia.es\/orientadelegacionmalaga\/files\/2014\/05\/Prevenci\u00f3n-SuicidiOCAMADRID.pdf\" target=\"_blank\" rel=\"noopener noreferrer\">Gu\u00eda prevenci\u00f3n del suicidio<\/a><a href=\"https:\/\/blogsaverroes.juntadeandalucia.es\/orientadelegacionmalaga\/files\/2021\/02\/Suicidio-Navarra.pdf\"> (Comunidad de Navarra)<\/a><\/p>\n<p style=\"padding-left: 40px\"><a href=\"https:\/\/blogsaverroes.juntadeandalucia.es\/orientadelegacionmalaga\/files\/2017\/12\/guia-de-prevencion-del-suicidio.pdf\" target=\"_blank\" rel=\"noopener noreferrer\">Gu\u00eda de prevenci\u00f3n del suicidio. No est\u00e1s solo. Ens\u00e9\u00f1ales a vivir <\/a><a href=\"https:\/\/blogsaverroes.juntadeandalucia.es\/orientadelegacionmalaga\/files\/2014\/05\/Prevenci\u00f3n-SuicidiOCAMADRID.pdf\" target=\"_blank\" rel=\"noopener noreferrer\">&nbsp;(Comunidad de Madrid)<\/a><\/p>\n<p style=\"padding-left: 40px\"><a href=\"https:\/\/blogsaverroes.juntadeandalucia.es\/orientadelegacionmalaga\/files\/2014\/05\/Prevenci\u00f3n-SuicidiOCAMADRID.pdf\" target=\"_blank\" rel=\"noopener noreferrer\">Gu\u00eda prevenci\u00f3n del suicidio \u00bfQu\u00e9 puedo hacer?&nbsp; &nbsp;(Comunidad de Madrid)<\/a><\/p>\n<p>&nbsp; &nbsp;&nbsp; &nbsp;&nbsp; <a href=\"https:\/\/blogsaverroes.juntadeandalucia.es\/orientadelegacionmalaga\/files\/2021\/02\/GUI\u0301A-SUICIDIO-A\u0301MBITO-ESCOLAR-valencia.pdf\" target=\"_blank\" rel=\"noopener noreferrer\">Gui\u0301a suicidio a\u0301mbito escolar&nbsp; Comunidad Valencia<\/a><\/p>\n<p style=\"padding-left: 40px\"><a href=\"https:\/\/blogsaverroes.juntadeandalucia.es\/orientadelegacionmalaga\/files\/2014\/05\/Directrices-Generales-para-la-Prevencion-del-Suicidio.pdf\" target=\"_blank\" rel=\"noopener noreferrer\">Directrices generales para la prevenci\u00f3n del suicidio (Europa) <\/a><\/p>\n<p style=\"padding-left: 40px\"><a href=\"https:\/\/blogsaverroes.juntadeandalucia.es\/orientadelegacionmalaga\/files\/2022\/02\/suicidioescuela.pdf\">GUI\u0301A PARA CENTROS ESCOLARES PROTOCOLO DE ACTUACIO\u0301N INMEDIATA.<\/a> Prevencio\u0301n, deteccio\u0301n e intervencio\u0301n en casos de ideacio\u0301n suicida en el a\u0301mbito educativo (Gobierno de Arag\u00f3n)<\/p>\n<p style=\"padding-left: 40px\">&nbsp;<\/p>\n<p style=\"padding-left: 40px\">&nbsp;<\/p>\n<p>&nbsp;<\/p>\n<p>&nbsp;<\/p>\n","protected":false},"excerpt":{"rendered":"<p>Intervenci\u00f3n desde el centro educativo. &nbsp; N O V E D A D. 2022 GUIA DE AUTOLESIONES EN EL \u00c1MBITO EDUCATIVO Autor Xavier Brandido S\u00e1nchez. Justalegr\u00eda, ETPOEP &nbsp; &nbsp; &nbsp; &nbsp; &nbsp; &nbsp; Programa:&#46;&#46;&#46;<\/p>\n","protected":false},"author":8106,"featured_media":0,"parent":0,"menu_order":0,"comment_status":"closed","ping_status":"closed","template":"","meta":{"ngg_post_thumbnail":0,"footnotes":""},"aioseo_notices":[],"_links":{"self":[{"href":"https:\/\/blogsaverroes.juntadeandalucia.es\/orientadelegacionmalaga\/wp-json\/wp\/v2\/pages\/3987"}],"collection":[{"href":"https:\/\/blogsaverroes.juntadeandalucia.es\/orientadelegacionmalaga\/wp-json\/wp\/v2\/pages"}],"about":[{"href":"https:\/\/blogsaverroes.juntadeandalucia.es\/orientadelegacionmalaga\/wp-json\/wp\/v2\/types\/page"}],"author":[{"embeddable":true,"href":"https:\/\/blogsaverroes.juntadeandalucia.es\/orientadelegacionmalaga\/wp-json\/wp\/v2\/users\/8106"}],"replies":[{"embeddable":true,"href":"https:\/\/blogsaverroes.juntadeandalucia.es\/orientadelegacionmalaga\/wp-json\/wp\/v2\/comments?post=3987"}],"version-history":[{"count":40,"href":"https:\/\/blogsaverroes.juntadeandalucia.es\/orientadelegacionmalaga\/wp-json\/wp\/v2\/pages\/3987\/revisions"}],"predecessor-version":[{"id":11240,"href":"https:\/\/blogsaverroes.juntadeandalucia.es\/orientadelegacionmalaga\/wp-json\/wp\/v2\/pages\/3987\/revisions\/11240"}],"wp:attachment":[{"href":"https:\/\/blogsaverroes.juntadeandalucia.es\/orientadelegacionmalaga\/wp-json\/wp\/v2\/media?parent=3987"}],"curies":[{"name":"wp","href":"https:\/\/api.w.org\/{rel}","templated":true}]}}