{"id":640,"date":"2013-03-11T18:42:05","date_gmt":"2013-03-11T18:42:05","guid":{"rendered":"http:\/\/www.educacionenmalaga.es\/orientamalaga\/?page_id=640"},"modified":"2023-05-08T11:29:01","modified_gmt":"2023-05-08T09:29:01","slug":"red-de-orientacion-de-malaga","status":"publish","type":"page","link":"https:\/\/blogsaverroes.juntadeandalucia.es\/orientadelegacionmalaga\/red-de-orientacion-de-malaga\/","title":{"rendered":"Zonas EOE de M\u00e1laga"},"content":{"rendered":"<p style=\"text-align: justify\">La Red Profesional de Orientaci\u00f3n Educativa de M\u00e1laga se distribuye en&nbsp;15 zonas&nbsp;compuestas por, al menos, un <em><span style=\"color: #ff0000\"><strong>Equipo de Orientaci\u00f3n Educativa (E.O.E.)<\/strong><\/span><\/em> y los Institutos de Educaci\u00f3n Secundaria (I.E.S.) adscritos a los CEIP de la zona\/s EOE correspondiente. En total, en la provincia de M\u00e1laga hay 17 EOEs de \u00e1mbito zonal. Los E.O.E. est\u00e1n configurados por distintos profesionales que trabajan en los CEIP de su zona, seg\u00fan sus competencias y siguiendo un Plan anual de actuaci\u00f3n: orientadores\/as educativos, un m\u00e9dico\/a y un maestro\/a especialista en Audici\u00f3n y Lenguaje (A.L.). En algunos EOEs tambi\u00e9n hay educadores\/as sociales. Cada C.E.I.P. tiene un orientador\/a de referencia, que desempe\u00f1a sus funciones en varios centros de la misma zona E.O.E.<\/p>\n<p style=\"text-align: justify\">El d\u00eda de coordinaci\u00f3n de los distintos profesionales&nbsp;<span style=\"letter-spacing: 0.8px\">de los EOE&nbsp;<\/span><span style=\"letter-spacing: 0.05em\">en su sede es el<\/span><strong style=\"letter-spacing: 0.05em\">&nbsp;mi\u00e9rcoles<\/strong><span style=\"letter-spacing: 0.05em\">.<\/span><\/p>\n<p style=\"text-align: justify\">Si quieres contactar con alg\u00fan centro, puedes buscar los datos en el siguiente enlace: <strong><a href=\"http:\/\/www.juntadeandalucia.es\/educacion\/vscripts\/centros\/index.asp\" target=\"_blank\" rel=\"noopener noreferrer\">BUSCADOR CENTRO<\/a><\/strong><\/p>\n<p style=\"text-align: justify\">Si quieres saber las funciones y normativa de referencia de la Orientaci\u00f3n, puedes consultarlo en <a href=\"http:\/\/www.adideandalucia.es\/?view=normativa\" target=\"_blank\" rel=\"noopener noreferrer\">este enlace<\/a>.<\/p>\n<p>&nbsp;<\/p>\n<p>&nbsp;<\/p>\n<p style=\"text-align: justify\">Las zonas educativas en M\u00e1laga son:<\/p>\n<p><a href=\"https:\/\/blogsaverroes.juntadeandalucia.es\/orientadelegacionmalaga\/files\/2019\/01\/municipios_de_la_provincia_de_malaga-12.jpg\" target=\"_blank\" rel=\"noopener noreferrer\"><img loading=\"lazy\" decoding=\"async\" class=\"aligncenter wp-image-6901 \" src=\"https:\/\/blogsaverroes.juntadeandalucia.es\/orientadelegacionmalaga\/files\/2019\/01\/municipios_de_la_provincia_de_malaga-12-300x193.jpg\" alt=\"\" width=\"345\" height=\"227\" srcset=\"https:\/\/blogsaverroes.juntadeandalucia.es\/orientadelegacionmalaga\/files\/2019\/01\/municipios_de_la_provincia_de_malaga-12-24x15.jpg 24w, https:\/\/blogsaverroes.juntadeandalucia.es\/orientadelegacionmalaga\/files\/2019\/01\/municipios_de_la_provincia_de_malaga-12-36x23.jpg 36w, https:\/\/blogsaverroes.juntadeandalucia.es\/orientadelegacionmalaga\/files\/2019\/01\/municipios_de_la_provincia_de_malaga-12-48x31.jpg 48w\" sizes=\"(max-width: 345px) 100vw, 345px\" \/><\/a><\/p>\n<p>&nbsp;<\/p>\n<h3 style=\"text-align: justify\"><strong>ZONA DE ANTEQUERA<\/strong><\/h3>\n<ul style=\"text-align: justify\">\n<li><span style=\"color: #800080\"><strong>EOE de Antequera<\/strong><\/span><\/li>\n<\/ul>\n<p style=\"text-align: justify\"><strong>Direcci\u00f3n:<\/strong>&nbsp;Camino de la cantera s\/n. CEIP La Vera Cruz. 29200. Antequera.<\/p>\n<p style=\"text-align: justify\"><strong>Tel\u00e9fono:<\/strong>&nbsp;951712508 (corp. 991508).<\/p>\n<p style=\"text-align: justify\"><strong>Correo electr\u00f3nico:<\/strong>&nbsp;eoeantequera.dpma.ced@juntadeandalucia.es<\/p>\n<p style=\"text-align: justify\"><strong>Localidades que atiende:<\/strong>&nbsp;Alameda, Almargen, Antequera,&nbsp; Antequera-Bobadilla Estaci\u00f3n, Antequera-Cartaojal, Antequera-La Joya, Campillos, Fuente de Piedra,&nbsp; Humilladero, Mollina, Sierra de Yeguas, Teba, Valle de Abdalaj\u00eds y Villanueva de La Concepci\u00f3n.<\/p>\n<p style=\"text-align: justify\"><strong>IES de la zona:<\/strong>&nbsp;IES Camilo Jos\u00e9 Cela, IES Itaba, IES Jacobo Orellana Garrido, IES Jos\u00e9 Saramago, IES Las Vi\u00f1as, IES Los Colegiales, IES Manuel Romero, IES Pedro Espinosa, IES Pintor Jos\u00e9 Mar\u00eda Fern\u00e1ndez, IES Sierra de Yeguas.<\/p>\n<ul style=\"text-align: justify\">\n<li><span style=\"color: #800080\"><strong>EOE de Archidona<\/strong><\/span><\/li>\n<\/ul>\n<p style=\"text-align: justify\"><strong>Direcci\u00f3n:<\/strong>&nbsp;Plaza de San Antonio s\/n. 29300. Archidona.<\/p>\n<p style=\"text-align: justify\"><strong>Tel\u00e9fono:<\/strong>&nbsp;952712805 (corp. 991805).<\/p>\n<p style=\"text-align: justify\"><strong>Correo electr\u00f3nico:&nbsp;<\/strong>eoearchidona.dpma.ced@juntadeandalucia.es<\/p>\n<p style=\"text-align: justify\"><strong>Localidades que atiende:<\/strong>&nbsp;Archidona, Cuevas Bajas, Cuevas de San Marcos, Villanueva de Algaidas, Villanueva de Tapia, Villanueva del Rosario y Villanueva del Trabuco.<\/p>\n<p style=\"text-align: justify\"><strong>IES de la zona:<\/strong>&nbsp;IES Do\u00f1a Salvadora Mu\u00f1oz, IES Genil, IES Jos\u00e9 Navarro y Alba, IES Luis Barahona de Soto, IES Pintor Jos\u00e9 Hern\u00e1ndez, IES Sierra de San Jorge.<\/p>\n<h3 style=\"text-align: justify\">&nbsp;<\/h3>\n<h3 style=\"text-align: justify\"><strong>ZONA ALHAUR\u00cdN<\/strong><\/h3>\n<ul style=\"text-align: justify\">\n<li><span style=\"color: #800080\"><strong>EOE Alhaur\u00edn el Grande.&nbsp;<\/strong><\/span><\/li>\n<\/ul>\n<p style=\"text-align: justify\"><strong>Direcci\u00f3n:<\/strong>&nbsp;C\/ Caldera, s\/n , Edificio Jabalcuza.Taller 3 y 4, Planta 1\u00aa. 29130. Alhaur\u00edn de la Torre.&nbsp;<strong>Tel\u00e9fono:<\/strong>&nbsp;671594289 (corp.694289).&nbsp;<\/p>\n<p style=\"text-align: justify\"><strong>Correo electr\u00f3nico:<\/strong>&nbsp;eoealhaur\u00edn.dpma.ced@juntadeandalucia.es<\/p>\n<p><span style=\"color: #333399\"><em><a style=\"color: #333399\" href=\"https:\/\/padlet.com\/romolca29\/5nvsbzxnmrbitec1\" target=\"_blank\" rel=\"noopener noreferrer\">Padlet del EOE Alhaur\u00edn:<\/a>&nbsp;<\/em><\/span><\/p>\n<p style=\"text-align: justify\"><strong>Localidades que atiende:<\/strong>&nbsp;Alhaur\u00edn de la Torre, Alhaur\u00edn el Grande, La Alquer\u00eda, Santa Amalia y Zapata.<\/p>\n<p style=\"text-align: justify\"><strong>IES de la zona:<\/strong>&nbsp;IES Antonio Gala, IES Capellan\u00eda, IES Fuente Lucena, IES Galileo, IES Gerald Brenan, IES Huerta Alta.<\/p>\n<h3 style=\"text-align: justify\">&nbsp;<\/h3>\n<h3 style=\"text-align: justify\"><strong>ZONA ESTEPONA<\/strong><\/h3>\n<ul style=\"text-align: justify\">\n<li><span style=\"color: #800080\"><strong>EOE Estepona<\/strong><\/span><\/li>\n<\/ul>\n<p style=\"text-align: justify\"><strong>Direcci\u00f3n:<\/strong>&nbsp;Avda. Juan Carlos I, 53. 29680. Estepona.<\/p>\n<p style=\"text-align: justify\"><strong>Tel\u00e9fono:<\/strong>&nbsp;951270618 (corp. 993618).<\/p>\n<p style=\"text-align: justify\"><strong>Correo electr\u00f3nico:&nbsp;<\/strong>eoestepona.dpma.ced@juntadeandalucia.es<\/p>\n<p style=\"text-align: justify\"><strong>Localidades que atiende:<\/strong>&nbsp;Casares, Cancelada, Estepona, Isdabe, Manilva y San Luis de Sabinillas.<\/p>\n<p style=\"text-align: justify\"><strong>IES de la zona:<\/strong>&nbsp;Nuevo IES en C\/ Polonio, IES Las Vi\u00f1as, IES Mar de Albor\u00e1n, IES Mediterr\u00e1neo, IES Monterroso, IES Profesor Tom\u00e1s Hormigo.<\/p>\n<h3 style=\"text-align: justify\">&nbsp;<\/h3>\n<h3 style=\"text-align: justify\"><strong>ZONA FUENGIROLA-MIJAS<\/strong><\/h3>\n<ul style=\"text-align: justify\">\n<li><span style=\"color: #800080\"><strong>EOE Fuengirola<\/strong><\/span><\/li>\n<\/ul>\n<p style=\"text-align: justify\"><strong>Direcci\u00f3n:<\/strong>&nbsp;Avda. Condes de San Isidro, s\/n. CEIP Sohail. 29640. Fuengirola.<\/p>\n<p style=\"text-align: justify\"><strong>Tel\u00e9fono:<\/strong>&nbsp;951269964 (corp. 992964).<\/p>\n<p style=\"text-align: justify\"><strong>Correo electr\u00f3nico:<\/strong>&nbsp;eoefuengirola.dpma.ced@juntadeandalucia.es<\/p>\n<p style=\"text-align: justify\"><strong>Localidades que atiende:<\/strong>&nbsp;Cala de Mijas, Fuengirola, Las Lagunas y Mijas.<\/p>\n<p style=\"text-align: justify\"><strong>IES de la zona:<\/strong>&nbsp;IES Fuengirola N\u00ba 1, IES La Cala de Mijas, IES Las Lagunas, IES Las Salinas, IES Los Boliches, IES Los Pacos, IES Santiago Ram\u00f3n y Cajal, IES Sierra de Mijas, IES Suel, IES Torre Almenara, IES Vega de Mijas, IES Villa de Mijas.<\/p>\n<h3 style=\"text-align: justify\">&nbsp;<\/h3>\n<h3 style=\"text-align: justify\"><strong>ZONA GUADALHORCE<\/strong><\/h3>\n<ul style=\"text-align: justify\">\n<li><span style=\"color: #800080\"><strong>EOE \u00c1lora<\/strong><\/span><\/li>\n<\/ul>\n<p style=\"text-align: justify\"><strong>Direcci\u00f3n:<\/strong>&nbsp;Negrillos, 8. 29500. \u00c1lora.<\/p>\n<p style=\"text-align: justify\"><strong>Tel\u00e9fono:<\/strong>&nbsp;951268640 (corp. 997640).<\/p>\n<p style=\"text-align: justify\"><strong>Correo electr\u00f3nico:&nbsp;<\/strong>eoealora.dpma.ced@juntadeandalucia.es<\/p>\n<p style=\"text-align: justify\"><strong>Localidades que atiende:<\/strong>&nbsp;Alora, Ardales, Carratraca, C\u00e1rtama, C\u00e1rtama-Estaci\u00f3n, Cerralba (Sede CPR \u201cMariana Pineda\u201d: Cerralba, Vega de Santamar\u00eda, Zalea), Estaci\u00f3n, Las Mellizas y Pizarra.<\/p>\n<p style=\"text-align: justify\"><strong>IES de la zona:<\/strong>&nbsp;IES Fuente Luna, IES Jarifa, IES Las Flores, IES Valle del Azahar, IES Valle del Sol.<\/p>\n<ul style=\"text-align: justify\">\n<li><span style=\"color: #800080\"><strong>EOE Co\u00edn<\/strong><\/span><\/li>\n<\/ul>\n<p style=\"text-align: justify\"><strong>Direcci\u00f3n:<\/strong>&nbsp;C\u00e1rcel, 1. 29100. Co\u00edn.<\/p>\n<p style=\"text-align: justify\"><strong>Tel\u00e9fono:<\/strong>&nbsp;951268716 (corp. 997716).<\/p>\n<p style=\"text-align: justify\"><strong>Correo electr\u00f3nico:&nbsp;<\/strong>eoecoin.dpma.ced@juntadeandalucia.es<\/p>\n<p style=\"text-align: justify\"><strong>Localidades que atiende:<\/strong> Alozaina, Casarabonela, Co\u00edn, El Burgo, Guaro, Monda, Tol\u00f3x y Yunquera.<\/p>\n<p style=\"text-align: justify\"><strong>IES de la zona:<\/strong>&nbsp;IES Alfaguara, IES Licinio de la Fuente, IES Los Montecillos, IES Serran\u00eda.<\/p>\n<h3 style=\"text-align: justify\">&nbsp;<\/h3>\n<h3 style=\"text-align: justify\"><strong>ZONA M\u00c1LAGA CENTRO-NORTE CIUDAD JARD\u00cdN<\/strong><\/h3>\n<ul style=\"text-align: justify\">\n<li><span style=\"color: #800080\"><strong>EOE M\u00e1laga-Centro<\/strong><\/span><\/li>\n<\/ul>\n<p style=\"text-align: justify\"><strong>Direcci\u00f3n:<\/strong>&nbsp;Plaza de L\u00f3pez Dom\u00ednguez. CEIP Miguel de Cervantes. 29013. M\u00e1laga.<\/p>\n<p style=\"text-align: justify\"><strong>Tel\u00e9fono:<\/strong>&nbsp;951293525 (corp. 973525).<\/p>\n<p style=\"text-align: justify\"><strong>Correo electr\u00f3nico:<\/strong>&nbsp;eoemalagacentro.dpma.ced@juntadeandalucia.es<\/p>\n<p style=\"text-align: justify\"><strong>Localidades que atiende:<\/strong>&nbsp;M\u00e1laga\/Centro\/Alameda.<\/p>\n<p style=\"text-align: justify\"><strong>IES de la zona:<\/strong>&nbsp;IES Ben Gabirol, IES C\u00e1novas del Castillo, IES Christine Picasso,&nbsp;<a href=\"http:\/\/www.iesjrj.es\/\" target=\"_blank\" rel=\"noopener noreferrer\">IES Juan Ram\u00f3n Jim\u00e9nez<\/a>, IES Manuel Alc\u00e1ntara, IES Miguel Romero Esteo, IES Polit\u00e9cnico Jes\u00fas Mar\u00edn, IES Sagrado Coraz\u00f3n, IES Vicente Espinel.<\/p>\n<ul style=\"text-align: justify\">\n<li><span style=\"color: #800080\"><strong>EOE M\u00e1laga Norte-Ciudad Jard\u00edn<\/strong><\/span><\/li>\n<\/ul>\n<p style=\"text-align: justify\"><strong>Direcci\u00f3n:<\/strong>&nbsp;CEIP \u00c1ngel Ganivet. C\/ La Alberca, s\/n. 29014. M\u00e1laga.<\/p>\n<p style=\"text-align: justify\"><strong>Tel\u00e9fono:<\/strong>&nbsp;951293515 (corp. 973515).<\/p>\n<p style=\"text-align: justify\"><strong>Correo electr\u00f3nico:&nbsp;<\/strong>eoemalaganortecj.dpma.ced@juntadeandalucia.es<\/p>\n<p style=\"text-align: justify\"><strong>Localidades que atiende:<\/strong>&nbsp;Casabermeja, Colmenar, M\u00e1laga-Ciudad Jard\u00edn, Campanillas y Santa Rosal\u00eda.<\/p>\n<p style=\"text-align: justify\"><strong>IES de la zona:<\/strong>&nbsp;IES Casabermeja, IES Ciudad Jard\u00edn, IES Jard\u00edn de M\u00e1laga, IES Los Montes,&nbsp;<a href=\"http:\/\/orientamartin.wordpress.com\/\" target=\"_blank\" rel=\"noopener noreferrer\">IES Mart\u00edn Aldehuela<\/a>, IES Sierra Bermeja.<\/p>\n<h3 style=\"text-align: justify\">&nbsp;<\/h3>\n<h3 style=\"text-align: justify\"><strong>ZONA M\u00c1LAGA ESTE<\/strong><\/h3>\n<ul style=\"text-align: justify\">\n<li><span style=\"color: #800080\"><strong>EOE M\u00e1laga Este<\/strong><\/span><\/li>\n<\/ul>\n<p style=\"text-align: justify\"><strong>Direcci\u00f3n:<\/strong> Avda. Doctor Guti\u00e9rrez Mata. CEIP Miguel Hern\u00e1ndez. 29018. M\u00e1laga.<\/p>\n<p style=\"text-align: justify\"><strong>Tel\u00e9fono:<\/strong>&nbsp;951293523 (corp. 973523).<\/p>\n<p style=\"text-align: justify\"><strong>Correo electr\u00f3nico<\/strong>: eoemalagaeste.dpma.ced@juntadeandalucia<\/p>\n<p style=\"text-align: justify\"><strong>Localidades que atiende<\/strong>: Benagalb\u00f3n,&nbsp; La Cala del Moral, Macharaviaya (Sede CPR \u201cSalvador Rueda\u201d: Benaque, Macharaviaya), M\u00e1laga\/El Palo, M\u00e1laga Este, Moclinejo, Ol\u00edas, Rinc\u00f3n de la Victoria, Total\u00e1n.<\/p>\n<p style=\"text-align: justify\"><strong>IES de la zona:<\/strong>&nbsp;IES Ben Al Jatib, IES Bezmiliana, IES El Palo, IES Mayorazgo, IES Mediterr\u00e1neo, IES Puerta de la Axarqu\u00eda.<\/p>\n<h3 style=\"text-align: justify\">&nbsp;<\/h3>\n<h3 style=\"text-align: justify\"><strong>ZONA M\u00c1LAGA NORTE-PALMILLA<\/strong><\/h3>\n<ul style=\"text-align: justify\">\n<li><span style=\"color: #800080\"><strong>EOE M\u00e1laga Norte-Palmilla<\/strong><\/span><\/li>\n<\/ul>\n<p style=\"text-align: justify\"><strong>Direcci\u00f3n<\/strong>: Arlanza.CEIP Manuel Altolaguirre. 291003. M\u00e1laga.<\/p>\n<p style=\"text-align: justify\"><strong>Tel\u00e9fono:<\/strong>&nbsp;951293527 (corp. 973527).<\/p>\n<p style=\"text-align: justify\"><strong>Correo&nbsp;electr\u00f3nico:&nbsp;<\/strong>eoemalaganortep.dpma.ced@juntadeandalucia<\/p>\n<p style=\"text-align: justify\"><strong>Localidades que atiende<\/strong>: M\u00e1laga-Palma, M\u00e1laga-Bail\u00e9n, M\u00e1laga-Miraflores, M\u00e1laga-Nueva M\u00e1laga.<\/p>\n<p style=\"text-align: justify\"><strong>IES de la zona:<\/strong>&nbsp;IES Carlinda, IES Guadalmedina, IES Jardines de Puerta Oscura, IES La Rosaleda, IES Miraflores de los \u00c1ngeles, IES Nuestra Se\u00f1ora de la Victoria, IES Pablo Picasso.<\/p>\n<h3 style=\"text-align: justify\">&nbsp;<\/h3>\n<h3 style=\"text-align: justify\"><strong>ZONA M\u00c1LAGA OESTE<\/strong><\/h3>\n<ul style=\"text-align: justify\">\n<li><span style=\"color: #800080\"><strong>EOE M\u00e1laga Oeste<\/strong><\/span><\/li>\n<\/ul>\n<p style=\"text-align: justify\"><strong>Direcci\u00f3n:<\/strong>&nbsp;C\/ Fuente Alegre, 7. CEIP Fuentealegre. 29190. Puerto de la Torre. M\u00e1laga.<\/p>\n<p style=\"text-align: justify\"><strong>Tel\u00e9fono:<\/strong>&nbsp;951293551 (corp. 973551).<\/p>\n<p style=\"text-align: justify\"><strong>Correo electr\u00f3nico:<\/strong>&nbsp;eoemalagaoeste.dpma.ced@juntadeandalucia.es<\/p>\n<p style=\"text-align: justify\"><strong>Localidades que atiende:<\/strong>&nbsp;Almog\u00eda, Arroyo de Coche, Barranco de Zafra, Barranco del Sol, Campanillas, Los N\u00fa\u00f1ez, M\u00e1laga Oeste, M\u00e1laga-Puerto de la Torre.<\/p>\n<p style=\"text-align: justify\"><strong>IES de la zona:<\/strong>&nbsp;IES Campanillas, IES Diego Gait\u00e1n, IES Isaac Alb\u00e9niz, IES Mar\u00eda Victoria Atencia, IES N\u00ba 1 Universidad Laboral, IES Portada Alta, IES Puerto de la Torre, IES Rafael P\u00e9rez Estrada, IES Salvador Rueda, IES Torre Atalaya, IES Torre del Prado, IPEP M\u00e1laga.<\/p>\n<h3 style=\"text-align: justify\">&nbsp;<\/h3>\n<h3 style=\"text-align: justify\"><strong>ZONA M\u00c1LAGA SUR<\/strong><\/h3>\n<ul style=\"text-align: justify\">\n<li><span style=\"color: #800080\"><strong>EOE M\u00e1laga Sur<\/strong><\/span><\/li>\n<\/ul>\n<p style=\"text-align: justify\">Direcci\u00f3n: C\/ Hoyo Higuer\u00f3n, \u00ba3 (CEIP F\u00e9lix Rguez. de la Fuente). 29003. M\u00e1laga.<\/p>\n<p style=\"text-align: justify\"><strong>Tel\u00e9fono:<\/strong>&nbsp;951293654 (corp. 973654).<\/p>\n<p style=\"text-align: justify\"><strong>Correo electr\u00f3nico:&nbsp;<\/strong>eoemalagasur.dpma.ced@juntadeandalucia.es<\/p>\n<p style=\"text-align: justify\"><strong>Localidades que atiende:<\/strong>&nbsp;Churriana y M\u00e1laga Sur.<\/p>\n<p style=\"text-align: justify\"><strong>IES de la zona:<\/strong>&nbsp;IES Bel\u00e9n,&nbsp;<a href=\"http:\/\/orientafer.blogspot.com.es\/2012\/10\/100000-cumplevisitas.html\" target=\"_blank\" rel=\"noopener noreferrer\">IES Carlos \u00c1lvarez<\/a>, IES Ciudad de Melilla, IES Emilio Prados,&nbsp;<a href=\"http:\/\/iesfernandodelosrios.com\/\" target=\"_blank\" rel=\"noopener noreferrer\">IES Fernando de los R\u00edos<\/a>, IES Huelin, IES Jacaranda, IES Jos\u00e9 Mar\u00eda Torrijos, IES Litoral, IES Mare Nostrum, IES Profesor Isidoro S\u00e1nchez, IES Santa B\u00e1rbara.<\/p>\n<h3 style=\"text-align: justify\">&nbsp;<\/h3>\n<h3 style=\"text-align: justify\"><strong>ZONA MARBELLA-SAN PEDRO<\/strong><\/h3>\n<ul style=\"text-align: justify\">\n<li><span style=\"color: #800080\"><strong>EOE Marbella<\/strong><\/span><\/li>\n<\/ul>\n<p style=\"text-align: justify\"><strong>Direcci\u00f3n:<\/strong> Jos\u00e9 Iturbi s\/n. Junto Colegio Albarizas. 29600. Marbella.<\/p>\n<p style=\"text-align: justify\"><strong>Tel\u00e9fono:<\/strong>&nbsp;951270620 (corp. 993620).<\/p>\n<p style=\"text-align: justify\"><strong>Correo electr\u00f3nico:&nbsp;<\/strong>eoemarbella.dpma.ced@juntadeandalucia.es<\/p>\n<p style=\"text-align: justify\"><strong>Localidades que atiende:<\/strong>&nbsp;Benahav\u00eds, Ist\u00e1n, Las Chapas, Marbella, Nueva Andaluc\u00eda, Oj\u00e9n, San Pedro de Alc\u00e1ntara.<\/p>\n<p style=\"text-align: justify\"><strong>IES de la zona:<\/strong>&nbsp;IES Bah\u00eda de Marbella, IES Dunas de las Chapas, IES Guadaiza,&nbsp;<a href=\"http:\/\/orientaguadalpin.blogspot.com.es\/\">IES Guadalp\u00edn<\/a>, IES Nueva Andaluc\u00eda, IES Profesor Pablo del Saz, IES R\u00edo Verde, IES Salduba, IES Sierra Blanca, IES Vega de Mar, IES Victoria Kent.<\/p>\n<h3 style=\"text-align: justify\">&nbsp;<\/h3>\n<h3 style=\"text-align: justify\"><strong>ZONA NERJA-TORROX<\/strong><\/h3>\n<ul style=\"text-align: justify\">\n<li><span style=\"color: #800080\"><strong>EOE Nerja<\/strong><\/span><\/li>\n<\/ul>\n<p style=\"text-align: justify\"><strong>Direcci\u00f3n:<\/strong> Avda Isaac Alb\u00e9niz, 6. 29770 Torrox<\/p>\n<p style=\"text-align: justify\"><strong>Tel\u00e9fono:<\/strong>&nbsp;951289705 (corp. 995705).<\/p>\n<p style=\"text-align: justify\"><strong>Correo electr\u00f3nico:&nbsp;<\/strong>eoenerja.dpma.ced@juntadeandalucia.es<\/p>\n<p style=\"text-align: justify\"><strong>Localidades que atiende:<\/strong>&nbsp;Algarrobo, Algarrobo Costa, Competa, Frigiliana, Maro, Nerja, Sayalonga (Sede CPR\u201dAlmijara\u201d:Archez, Canillas de Albaida, Corumbela, Salares, Sayalonga, Sedella), Torrox, Torrox Costa.<\/p>\n<p style=\"text-align: justify\"><strong>IES de la zona<\/strong>: IES Alfaguar, IES El Almijar, IES El Chaparil, IES Jorge Guill\u00e9n, IES Sierra Almijara, IES Trayamar.<\/p>\n<h3 style=\"text-align: justify\"><span style=\"font-size: 12pt\"><a href=\"https:\/\/blogsaverroes.juntadeandalucia.es\/eoenerja\/\" target=\"_blank\" rel=\"noopener noreferrer\">Blog Averroes&nbsp;<\/a><\/span><br \/>\n<span style=\"font-size: 12pt\"><a href=\"https:\/\/sites.google.com\/g.educaand.es\/eoenerja\/inicio\" target=\"_blank\" rel=\"noopener noreferrer\">Google Sites&nbsp;<\/a><\/span><\/h3>\n<p>&nbsp;<\/p>\n<h3 style=\"text-align: justify\"><strong>ZONA RONDA-CORTES<\/strong><\/h3>\n<ul style=\"text-align: justify\">\n<li><span style=\"color: #800080\"><a style=\"color: #800080\" href=\"https:\/\/sites.google.com\/site\/eoeronda\/\" target=\"_blank\" rel=\"noopener noreferrer\"><strong>EOE Ronda<\/strong><\/a><\/span><\/li>\n<\/ul>\n<p style=\"text-align: justify\"><strong>Direcci\u00f3n:<\/strong> F\u00e1tima, 26. Bda. Dr. V\u00e1zquez.CP Giner de los R\u00edos. 29400. Ronda.<\/p>\n<p style=\"text-align: justify\"><strong>Tel\u00e9fono:<\/strong>&nbsp;952169559 (corp. 994559).<\/p>\n<p style=\"text-align: justify\"><strong>Correo electr\u00f3nico:<\/strong>&nbsp;eoeronda.dpma.ced@juntadeandalucia.es<\/p>\n<p style=\"text-align: justify\"><strong>Localidades que atiende:<\/strong>&nbsp;Algatoc\u00edn (Sede CPR\u201dSierra del Espino\u201d:Algatoc\u00edn, Banarrab\u00e1, Salitre), Arriate, Atajate(Sede CPR \u201cSerran\u00eda\u201d: Atajate, Benadalid, Benalaur\u00eda, Siete Pilas, Benaoj\u00e1n, Ca\u00f1ada Real Tesoro (Sede CPR \u201cValle de Guadiaro\u201d: Ca\u00f1ada del Real Tesoro, Jimera de L\u00edbar), Ca\u00f1ete la Real, Cortes de la Frontera, Cuevas del Becerro, El Colmenar, Faraj\u00e1n (Sede CPR \u201cAlto Genal\u201d: Alpandeire, Cartajima, Faraj\u00e1n, J\u00fazcar, Parauta, Pujerra), Gauc\u00edn, Igualeja, Montecorto y Serrato.<\/p>\n<p style=\"text-align: justify\"><strong>IES de la zona:<\/strong>&nbsp;IES Andr\u00e9s P\u00e9rez Serrano, IES Dr. Rodr\u00edguez Delgado, IES Escultor Mar\u00edn Higuero, IES Mart\u00edn Rivero, IES P\u00e9rez de Guzm\u00e1n, IES Profesor Gonzalo Huesa, IES Valle del Genal.<\/p>\n<h3 style=\"text-align: justify\">&nbsp;<\/h3>\n<h3 style=\"text-align: justify\"><strong>ZONA TORREMOLINOS-BENALM\u00c1DENA<\/strong><\/h3>\n<ul style=\"text-align: justify\">\n<li><span style=\"color: #800080\"><strong>EOE Torremolinos<\/strong><\/span><\/li>\n<\/ul>\n<p style=\"text-align: justify\"><strong>Direcci\u00f3n:<\/strong>&nbsp;Francisco Gallardo 1-3. CEIP El Pinillo. CP 29620. Torremolinos.<\/p>\n<p style=\"text-align: justify\"><strong>Tel\u00e9fono:<\/strong> 951293658 (corp. 973658).<\/p>\n<p style=\"text-align: justify\"><strong>Correo electr\u00f3nico:<\/strong>&nbsp;eoetorremolinos.dpma.ced@juntadeandalucia.es<\/p>\n<p style=\"text-align: justify\"><strong>Localidades que atiende:<\/strong>&nbsp;Arroyo de la Miel ,Benalm\u00e1dena y Torremolinos.<\/p>\n<p style=\"text-align: justify\"><strong>IES de la zona:<\/strong>&nbsp;IES Al-Baytar, IES Arroyo de la Miel, IES Benalm\u00e1dena, IES Cerro del Viento, IES Concha M\u00e9ndez Cuesta, IES Costa del Sol, IES Los Manantiales, IES Playamar, IES Poetas Andaluces, SESO CMI.<\/p>\n<h3 style=\"text-align: justify\">&nbsp;<\/h3>\n<h3 style=\"text-align: justify\"><strong>ZONA V\u00c9LEZ M\u00c1LAGA<\/strong><\/h3>\n<ul style=\"text-align: justify\">\n<li><span style=\"color: #800080\"><strong>EOE V\u00e9lez M\u00e1laga:&nbsp;<\/strong><\/span><\/li>\n<\/ul>\n<p style=\"text-align: justify\"><strong>Direcci\u00f3n:<\/strong>&nbsp;Grupo Escolar Manuel Valle. Bajo Izquierda. 29700. V\u00e9lez M\u00e1laga.<\/p>\n<p style=\"text-align: justify\"><strong>Tel\u00e9fono:<\/strong>&nbsp;951289703 (corp. 995703).<\/p>\n<p style=\"text-align: justify\"><strong>Correo electr\u00f3nico:<\/strong>&nbsp;eoevelez.dpma.ced@juntadeandalucia.es<\/p>\n<p style=\"text-align: justify\"><strong>Localidades que atiende:&nbsp;<\/strong>Alcauc\u00edn, Alfarnate, Alfarnatejo (Sede CPR \u201cLas Palomas\u201d: Alfarnatejo, Mondr\u00f3n), Almachar, Almayate Alto, Arenas, Benajarafe, Benamargosa, Benamocarra, Caleta de V\u00e9lez, Canillas de Aceituno, Comares (Sede CPR \u201cSan Hilario de Poitiers\u201d: Alquer\u00eda, Comares, Llano Almendra, Cuevas Romo), C\u00fatar, &nbsp;El Borge, Iznate, Periana, Riogordo, V\u00e9lez-M\u00e1laga y Vi\u00f1uela.<\/p>\n<p style=\"text-align: justify\"><strong>IES de la zona:<\/strong>&nbsp;IES Almenara, IES Alta Axarqu\u00eda, IES Joaqu\u00edn Lobato, IES Juan de la Cierva, IES La Maroma, IES Mar\u00eda Zambrano, IES Miraya del Mar, IES Reyes Cat\u00f3licos, IES Salvador Rueda.<\/p>\n<p style=\"text-align: justify\">&nbsp;<\/p>\n","protected":false},"excerpt":{"rendered":"<p>La Red Profesional de Orientaci\u00f3n Educativa de M\u00e1laga se distribuye en&nbsp;15 zonas&nbsp;compuestas por, al menos, un Equipo de Orientaci\u00f3n Educativa (E.O.E.) y los Institutos de Educaci\u00f3n Secundaria (I.E.S.) adscritos a los CEIP de la&#46;&#46;&#46;<\/p>\n","protected":false},"author":8106,"featured_media":0,"parent":0,"menu_order":0,"comment_status":"closed","ping_status":"closed","template":"","meta":{"ngg_post_thumbnail":0,"footnotes":""},"aioseo_notices":[],"_links":{"self":[{"href":"https:\/\/blogsaverroes.juntadeandalucia.es\/orientadelegacionmalaga\/wp-json\/wp\/v2\/pages\/640"}],"collection":[{"href":"https:\/\/blogsaverroes.juntadeandalucia.es\/orientadelegacionmalaga\/wp-json\/wp\/v2\/pages"}],"about":[{"href":"https:\/\/blogsaverroes.juntadeandalucia.es\/orientadelegacionmalaga\/wp-json\/wp\/v2\/types\/page"}],"author":[{"embeddable":true,"href":"https:\/\/blogsaverroes.juntadeandalucia.es\/orientadelegacionmalaga\/wp-json\/wp\/v2\/users\/8106"}],"replies":[{"embeddable":true,"href":"https:\/\/blogsaverroes.juntadeandalucia.es\/orientadelegacionmalaga\/wp-json\/wp\/v2\/comments?post=640"}],"version-history":[{"count":10,"href":"https:\/\/blogsaverroes.juntadeandalucia.es\/orientadelegacionmalaga\/wp-json\/wp\/v2\/pages\/640\/revisions"}],"predecessor-version":[{"id":11547,"href":"https:\/\/blogsaverroes.juntadeandalucia.es\/orientadelegacionmalaga\/wp-json\/wp\/v2\/pages\/640\/revisions\/11547"}],"wp:attachment":[{"href":"https:\/\/blogsaverroes.juntadeandalucia.es\/orientadelegacionmalaga\/wp-json\/wp\/v2\/media?parent=640"}],"curies":[{"name":"wp","href":"https:\/\/api.w.org\/{rel}","templated":true}]}}