{"id":6979,"date":"2019-03-12T13:32:08","date_gmt":"2019-03-12T13:32:08","guid":{"rendered":"https:\/\/www.educacionenmalaga.es\/orientamalaga\/?page_id=6979"},"modified":"2023-04-09T22:02:47","modified_gmt":"2023-04-09T20:02:47","slug":"duelo","status":"publish","type":"page","link":"https:\/\/blogsaverroes.juntadeandalucia.es\/orientadelegacionmalaga\/duelo\/","title":{"rendered":"Duelo"},"content":{"rendered":"<p style=\"text-align: center\"><span style=\"font-size: 24pt;color: #339966\"><strong>GU\u00cdAS Y MANUALES<\/strong><\/span><\/p>\n<p>&nbsp;<\/p>\n<p><span style=\"font-size: 14pt\"><strong>P A R A&nbsp; &nbsp; C E N T R O S&nbsp; &nbsp; E D U C A T I V O S<\/strong><\/span><\/p>\n<p><a href=\"https:\/\/blogsaverroes.juntadeandalucia.es\/orientadelegacionmalaga\/files\/2023\/04\/Guia-y-orientaciones-para-el-duelo-desde-los-centros-educativos.pdf\" target=\"_blank\" rel=\"noopener noreferrer\">Gu\u00eda y orientaciones para el duelo desde los centros educativos (Valencia)<\/a><\/p>\n<p>&nbsp;<\/p>\n<p>Orientaciones para los centros en caso de duelo (facilitadas por la Cruz Roja)<\/p>\n<ul>\n<li><a href=\"https:\/\/blogsaverroes.juntadeandalucia.es\/orientadelegacionmalaga\/files\/2019\/03\/cruz-roja_0-duelo-general.pdf\">Conocer y entender el duelo<\/a><\/li>\n<li><a href=\"https:\/\/blogsaverroes.juntadeandalucia.es\/orientadelegacionmalaga\/files\/2019\/03\/cruz-roja_2-duelo-infantil.pdf\" target=\"_blank\" rel=\"noopener noreferrer\">Conocer y entender el duelo Infantil<\/a><\/li>\n<li><a href=\"https:\/\/blogsaverroes.juntadeandalucia.es\/orientadelegacionmalaga\/files\/2019\/03\/cruz-roja_1-duelo-bebes.pdf\" target=\"_blank\" rel=\"noopener noreferrer\">Conocer y entender el duelo infantil (0 a 2 a\u00f1os)<\/a><\/li>\n<li><a href=\"https:\/\/blogsaverroes.juntadeandalucia.es\/orientadelegacionmalaga\/files\/2019\/03\/cruz-roja_3-duelo-2-a-9.pdf\">Conocer y entender el duelo infantil (2 a 9 a\u00f1os)<\/a><\/li>\n<li><a href=\"https:\/\/blogsaverroes.juntadeandalucia.es\/orientadelegacionmalaga\/files\/2019\/03\/cruz-roja_4-duelo-adolescentes.pdf\" target=\"_blank\" rel=\"noopener noreferrer\">Conocer y entender el duelo infantil (10 a 12 a\u00f1os &#8211; Adolescentes)<\/a>.<\/li>\n<\/ul>\n<p>&nbsp;<\/p>\n<p><span style=\"color: #0000ff\"><strong>GRUPO DE APOYO PSICOL\u00d3GICO. PARQUE CEMENTERIO DE M\u00c1LAGA<\/strong><\/span><\/p>\n<p><a href=\"https:\/\/blogsaverroes.juntadeandalucia.es\/orientadelegacionmalaga\/files\/2023\/03\/GUI\u0301A-DUELO-COVID19-2020.pdf.pdf\">GUI\u0301A DUELO COVID19-2020.<\/a><\/p>\n<p><a href=\"https:\/\/blogsaverroes.juntadeandalucia.es\/orientadelegacionmalaga\/files\/2023\/03\/GUIA-CUIDADOR-PRINCIPAL-pdf.pdf\">GUIA CUIDADOR PRINCIPAL pdf<\/a><\/p>\n<p><a href=\"https:\/\/blogsaverroes.juntadeandalucia.es\/orientadelegacionmalaga\/files\/2023\/03\/GU\u00cdA-PARA-LA-TERCERA-EDAD-pdf.pdf\">GU\u00cdA PARA LA TERCERA EDAD pdf<\/a><\/p>\n<p>&nbsp;<\/p>\n<p><a href=\"https:\/\/blogsaverroes.juntadeandalucia.es\/orientadelegacionmalaga\/files\/2022\/03\/TALLER-UNA-SITUACION-DE-DUELO-EN-CLASE.pdf\" target=\"_blank\" rel=\"noopener noreferrer\">TALLER UNA SITUACI\u00d3N DE DUELO EN CLASE<\/a><\/p>\n<p><a href=\"https:\/\/www.cop-cv.org\/db\/docu\/201015183504W8yX5Y3bjwGl.pdf\" target=\"_blank\" rel=\"noopener noreferrer\">EL DUELO EN LAS NI\u00d1AS, NI\u00d1OS Y ADOLESCENTES<\/a> (Grupo de Apoyo en Emergencias Ayuntamiento Vitoria-Gasteiz)<\/p>\n<p><a href=\"http:\/\/www.cop.es\/uploads\/PDF\/MANUAL-PRACTICO-PARA-ABORDAR-LA-MUERTE-CON-NINOS-Y-ADOLESCENTES.pdf\" target=\"_blank\" rel=\"noopener noreferrer\">MANUAL PR\u00c1CTICO PARA ABORDAR LA MUERTE CON NI\u00d1OS Y ADOLESCENTES <\/a>(Fundaci\u00f3n FMLC)<\/p>\n<p><a href=\"https:\/\/blogsaverroes.juntadeandalucia.es\/orientadelegacionmalaga\/files\/2022\/02\/guia_ninos_enDuelo-1.pdf\" target=\"_blank\" rel=\"noopener noreferrer\">Gu\u00eda ni\u00f1os\/as EL DUELO Y LA MUERTE (Save the Children)<\/a><\/p>\n<p>&nbsp;<\/p>\n<p><span style=\"font-size: 14pt\">COVID-19<\/span><\/p>\n<p><a href=\"https:\/\/blogsaverroes.juntadeandalucia.es\/orientadelegacionmalaga\/files\/2020\/03\/Duelos-nin\u0303os-Covid-19.pdf\" target=\"_blank\" rel=\"noopener noreferrer\">Duelos nin\u0303os Covid-19<\/a><\/p>\n<p>&nbsp;<\/p>\n<p><span style=\"font-size: 14pt\"><strong>P A R A&nbsp; &nbsp; L A S&nbsp; &nbsp;F A M I L I A S&nbsp;<\/strong><\/span><\/p>\n<p><a href=\"https:\/\/blogsaverroes.juntadeandalucia.es\/orientadelegacionmalaga\/files\/2023\/04\/libro-mama-papa-que-es-la-muerte-es.pdf\" target=\"_blank\" rel=\"noopener noreferrer\">Libro mama papa que es la muerte<\/a><\/p>\n<p>&nbsp;<\/p>\n<p>&nbsp;<\/p>\n<h1>&#8212;&#8212;&#8212;&#8212;&#8212;&#8212;&#8212;&#8212;&#8212;&#8212;&#8212;&#8212;&#8212;&#8212;&#8212;&#8212;&#8212;&#8212;&#8212;&#8212;&#8212;&#8212;&#8212;&#8212;&#8212;&#8212;&#8212;&#8212;&#8212;&#8212;&#8212;&#8212;&#8212;&#8212;&#8212;&#8212;&#8212;&#8212;&#8212;&#8212;&#8212;&#8212;&#8212;&#8212;&#8212;&#8212;&#8212;&#8212;&#8212;&#8212;&#8212;&#8212;&#8212;&#8212;&#8212;&#8212;&#8212;&#8212;&#8212;&#8212;&#8212;&#8212;&#8212;&#8212;&#8212;&#8212;&#8212;&#8212;&#8212;&#8212;&#8212;&#8212;&#8212;&#8212;&#8212;&#8212;&#8212;&#8212;&#8212;&#8212;&#8212;&#8212;&#8212;&#8212;&#8212;&#8212;&#8212;&#8212;&#8212;&#8212;&#8212;&#8212;&#8212;&#8212;&#8212;&#8212;-<\/h1>\n<h1 style=\"text-align: center\"><span style=\"color: #339966\">RECURSOS<\/span><\/h1>\n<h1><span style=\"font-size: 12pt\"><span style=\"font-size: 14pt\">L I B R O S<\/span><img loading=\"lazy\" decoding=\"async\" class=\"size-medium wp-image-9971 alignright\" src=\"https:\/\/blogsaverroes.juntadeandalucia.es\/orientadelegacionmalaga\/files\/2021\/03\/51361N22MXL._SY497_BO1204203200_-300x300.jpg\" alt=\"\" width=\"300\" height=\"300\" srcset=\"https:\/\/blogsaverroes.juntadeandalucia.es\/orientadelegacionmalaga\/files\/2021\/03\/51361N22MXL._SY497_BO1204203200_-300x300.jpg 300w, https:\/\/blogsaverroes.juntadeandalucia.es\/orientadelegacionmalaga\/files\/2021\/03\/51361N22MXL._SY497_BO1204203200_-150x150.jpg 150w, https:\/\/blogsaverroes.juntadeandalucia.es\/orientadelegacionmalaga\/files\/2021\/03\/51361N22MXL._SY497_BO1204203200_-80x80.jpg 80w, https:\/\/blogsaverroes.juntadeandalucia.es\/orientadelegacionmalaga\/files\/2021\/03\/51361N22MXL._SY497_BO1204203200_-320x320.jpg 320w, https:\/\/blogsaverroes.juntadeandalucia.es\/orientadelegacionmalaga\/files\/2021\/03\/51361N22MXL._SY497_BO1204203200_.jpg 500w\" sizes=\"(max-width: 300px) 100vw, 300px\" \/><\/span><\/h1>\n<h1><span style=\"font-size: 12pt\"><span style=\"color: #0000ff\"><a style=\"color: #0000ff\" href=\"https:\/\/orientarconcorazon.wordpress.com\/el-arbol-de-los-recuerdos%f0%9f%8c%b3\/\" target=\"_blank\" rel=\"noopener noreferrer\">El \u00e1rbol de los recuerdos .<\/a> Britta Teckentrup. <\/span>Zorro hab\u00eda tenido una vida larga y feliz, pero ahora estaba cansado. Observ\u00f3 su querido bosque una \u00faltima vez y cerr\u00f3 los ojos para siempre. Un libro para ense\u00f1arnos a comprender hechos tan importantes en la vida como la muerte o la ausencia de los seres queridos.<\/span><\/h1>\n<p><span style=\"font-size: 12pt\"><strong>Como todo lo que nace.<\/strong> Autores: Elisabeth Brami y Tom Schamp<\/span><br \/>\nEditorial: K\u00f3kinos. Categor\u00eda: Cuento ilustrado<br \/>\nAborda el concepto de evoluci\u00f3n y no permanencia de objetos vegetales y animales. Basicamente visual, para emplear a partir de los 5-6 a\u00f1os.<\/p>\n<p><strong>Osito y su abuelo.<\/strong> Autores: Nigel Gray y Vanessa Cabban<br \/>\nEditorial: Timun Mas. Categor\u00eda: Cuento ilustrado<br \/>\nSu lectura manifiesta la relaci\u00f3n afectiva con una figura significativa (un abuelo), la posterior enfermedad y muerte del mismo.A partir de los 7-8 a\u00f1os.<\/p>\n<p><strong>Regaliz<\/strong>. Autora: Sylvia van Ommen<br \/>\nEditorial: K\u00f3kinos. Categor\u00eda: Cuento ilustrado<br \/>\nEste libro trata de mostrar una conversaci\u00f3n entre dos amigos, que verbalizan las dudas que les plantea lo que se realiza en el cielo, invita a hablar de la muerte de un modo l\u00fadico. A partir de los 7-8 a\u00f1os.<\/p>\n<p><strong>Non \u00e9 facil,<\/strong> peque\u00f1o esqu\u00edo.Autores: Elisa Ram\u00f3n y Rosa Osuna.<br \/>\nEditorial: Kalandraka Categor\u00eda: Cuento ilustrado<br \/>\nEste libro realiza un acercamiento al proceso de duelo en una persona significativa, se inicia despu\u00e9s de la muerte de su madre. Proporciona un recorrido b\u00e1sico pero de una calidad estupenda sobre las emociones y alguna de las fases implicadas en el duelo.A partir de los 8-9 a\u00f1os.<\/p>\n<p><strong>\u00bfQu\u00e9 viene despu\u00e9s de mi?<\/strong> Cuento ilustrado sobre la muerte. Autora: Anette Bley<br \/>\nEditorial: Takatuka. Categor\u00eda: cuento ilustrado.<br \/>\nAborda la muerte de una persona significativa. A partir de los 7-8 a\u00f1os.<\/p>\n<p><strong>Esto no es justo<\/strong>.Autor: Sally Nicholls<br \/>\nEditorial: Salamandra .Categor\u00eda: libro<br \/>\nEl tema del libro es la preparaci\u00f3n de la propia muerte de un ni\u00f1o con leucemia. Extraordinariamente escrito. Se ha empleado con adolescentes a partir de 12 a\u00f1os.<\/p>\n<p><strong>Antes de morirme<\/strong>. Autor: Jenny Downham<br \/>\nEditorial: Salamandra. Categor\u00eda: libro<\/p>\n<p>&nbsp;<\/p>\n<p><span style=\"font-size: 14pt\"><strong>V I D E O S<\/strong><\/span><\/p>\n<p><a href=\"https:\/\/www.youtube.com\/watch?v=Ivz--8567jo\" target=\"_blank\" rel=\"noopener noreferrer\">Video Cuento \u00abDuele\u00bb | UNICEF<\/a><\/p>\n<p><a href=\"https:\/\/www.youtube.com\/watch?v=mMIS1zz_TKs\" target=\"_blank\" rel=\"noopener noreferrer\">El \u00e1rbol de los recuerdos<\/a><\/p>\n<p><a href=\"https:\/\/www.youtube.com\/watch?v=P_WGSJFc-rQ\" target=\"_blank\" rel=\"noopener noreferrer\">PARA SIEMPRE (VIDEOCUENTO COMPLETO SOBRE LA MUERTE)<\/a><\/p>\n<p>&nbsp;<\/p>\n<p><span style=\"font-size: 14pt\"><strong>P E L \u00cd C U L A S<\/strong><\/span><\/p>\n<p><span style=\"color: #993366\"><a style=\"color: #993366\" href=\"https:\/\/www.fotogramas.es\/noticias-cine\/g10426967\/10-peliculas-educativas-para-trabajar-el-duelo-y-la-perdida\/\" target=\"_blank\" rel=\"noopener noreferrer\">10 PEL\u00cdCULAS EDUCATIVAS PARA TRABAJAR EL DUELO Y LA P\u00c9RDIDA (Revista Fotograma)<\/a><\/span><\/p>\n<p><span style=\"color: #993366\"><a style=\"color: #993366\" href=\"https:\/\/www.grupoasvserviciosfunerarios.com\/blog\/peliculas-para-el-duelo-a-edades-tempranas\">5 Pel\u00edculas para afrontar el duelo a edades tempranas<\/a><\/span><\/p>\n<p>&nbsp;<\/p>\n<p><span style=\"color: #0000ff\"><strong><em>Pel\u00edculas sugeridas si est\u00e1s viviendo un duelo&nbsp;<\/em><\/strong><\/span><\/p>\n<p><strong>1. 21 gramos (Alejandro Gonz\u00e1lez I\u00f1\u00e1rritu, 2003) <\/strong>Si hay algo certero en la vida es que en alg\u00fan momento a todos nos llegar\u00e1 la muerte. Nos asuste o no, es una realidad inevitable de la que nadie escapar\u00e1. Algunos dicen que al momento de morir el cuerpo pierde exactamente 21 gramos. \u00bfEs ese el peso del alma?Esta pel\u00edcula sigue por varios meses la vida de 3 desconocidos y sus parejas, que terminan cruzando sus caminos y destinos en un fat\u00eddico accidente. Luego de este contratiempo, el amor, la venganza y la redenci\u00f3n tocar\u00e1n las puertas de sus vidas y deber\u00e1n apoyarse en sus seres queridos. <a href=\"https:\/\/www.youtube.com\/watch?v=Sjc4AN7vTIY\" target=\"_blank\" rel=\"noopener noreferrer\">Trailer<\/a><\/p>\n<p><strong>2. Camino (Javier Fesser, 2008) <\/strong>El duelo no es algo que solo experimentan los adultos. Los ni\u00f1os tambi\u00e9n deben vivir su proceso para superar las adversidades de su corta existencia. Esta pel\u00edcula est\u00e1 inspirada en la historia real de Alexia Gonz\u00e1lez Barros , una ni\u00f1a de 14 a\u00f1os que en 1985 perdi\u00f3 la batalla contra un tumor maligno tras 10 meses de lucha.La peque\u00f1a debe enfrentarse a 2 acontecimientos totalmente nuevos para ella a su corta edad: enamorarse y morir. Sin embargo, a pesar de su dif\u00edcil realidad, la ni\u00f1a y su familia se llenan de esperanza y fe para hacerle frente a su destino y no dejar que la oscuridad consuma su vida.<\/p>\n<p><strong>3. La memoria del agua (Mat\u00edas Bize, 2015) <\/strong>\u00bfQu\u00e9 sucede en una relaci\u00f3n de pareja tras la muerte de un hijo? Es la pregunta que intenta responder esta \u00edntima pel\u00edcula. Un joven matrimonio trata de mantener su relaci\u00f3n amorosa tras la p\u00e9rdida de su hijo. Pero el dolor ocasionado parece ser m\u00e1s fuerte que el amor que en alg\u00fan momento sintieron. Es por esto que ambos intentan continuar con sus vidas separados. Sin embargo, se presenta una oportunidad para que puedan retomar su relaci\u00f3n y ellos saben que volver a estar juntos podr\u00eda cambiar el sentido de sus vidas.<\/p>\n<p><strong>4. Fragmentos de una mujer (Korn\u00e9l Mundrucz\u00f3, 2021) <\/strong>Emocionados por el futuro nacimiento de su beb\u00e9, una joven pareja debe pasar por la dolorosa p\u00e9rdida de su hijo nonato cuando un parto casero termina de una manera tr\u00e1gica. Una historia personal y llena de sentimientos en la que una mujer debe aprender a sobrellevar la muerte de su hijo y superar la tristeza que la invade. Desde rememorar las emociones al saber que dentro de su vientre se estaba gestando una nueva vida, hasta el traum\u00e1tico momento en el que se enter\u00f3 que el feto hab\u00eda muerto. Emprende as\u00ed, junto a su pareja, un proceso judicial para demandar a la partera por negligencia m\u00e9dica, pero en el proceso su relaci\u00f3n tambi\u00e9n sufrir\u00e1 las consecuencias.<\/p>\n<p><strong>5. Mi vida sin m\u00ed (Isabel Coixet, 2003) <\/strong>La muerte, en muchas ocasiones, llega sin previo aviso a cambiar por completo la vida. Esta pel\u00edcula es un conmovedor relato de una joven mujer, madre de dos hijas, que un d\u00eda cualquiera descubre una anomal\u00eda en su cuerpo. Esto la obliga a ver la vida de otra manera e intentar hacer lo m\u00e1ximo posible en el menor tiempo.Su principal preocupaci\u00f3n es no dejar solas a sus dos hijas. Es por esto que empieza a dejarles mensajes para acompa\u00f1arlas en los momentos m\u00e1s importantes de sus vidas, ya que sabe que muy probablemente no estar\u00e1 con ellas para vivirlos. Una propuesta emotiva y transparente que evidencia el amor profundo que una madre puede sentir por sus hijos.<\/p>\n<p><strong>6. Comer, amar, rezar (Ryan Murphy, 2010) <\/strong>Esta adaptaci\u00f3n cinematogr\u00e1fica del exitoso libro hom\u00f3nimo de la escritora Elizabeth Gilbert nos muestra que no todos los duelos tienen que ver con la muerte. A veces, uno de los duelos m\u00e1s dif\u00edciles es el de una separaci\u00f3n amorosa.<\/p>\n<p><b>7.Ghost<\/b>. Una preciosa historia de amor se interrumpe cuando uno de los miembros de la pareja es asesinado. \u00c9l, Patrick Swayze, trata de mitigar el dolor de ella, Demi Moore, permaneciendo en el mundo en forma de fantasma. Una obra fant\u00e1stica y emotiva con muchas lecciones para el duelo entre l\u00edneas.<\/p>\n<p><strong>8. La vida de Calabac\u00edn.<\/strong> Calabac\u00edn, un peque\u00f1o chico, pierde a su madre. Adem\u00e1s de lidiar con ese dolor a su corta edad, se ve obligado a adaptarse a una segunda realidad: un orfanato. La vida sin su madre se convierte en una realidad completamente distinta a todos los niveles, con una nueva familia y un hogar de acogida que al principio le resulta hostil.<\/p>\n<p><strong>9. Bambi<\/strong>. Al hablar de pel\u00edculas para el duelo es inevitable pensar en Bambi. Este cl\u00e1sico de la animaci\u00f3n, estrenado en 1942, est\u00e1 protagonizado por animales cuyos sentimientos y emociones son perfectamente extrapolables al mundo humano. Bambi, el cervatillo alrededor del que gira la trama, se enfrenta a la p\u00e9rdida de su madre en una obra sencilla y directa, pero tambi\u00e9n llena de matices y aprendizajes.<\/p>\n<p><strong>10. Bajo la misma estrella.<\/strong> Es una pel\u00edcula ideal para comprender el duelo anticipado. Pese a su car\u00e1cter y est\u00e9tica adolescente, es una cinta cargada de emociones, que muestra c\u00f3mo afrontar una enfermedad grave y c\u00f3mo gestionar los sentimientos en situaciones as\u00ed de extremas.<\/p>\n<p><strong>11<em>.<a href=\"https:\/\/www.filmaffinity.com\/es\/film420392.html\" target=\"_blank\" rel=\"nofollow noopener noreferrer\">Soul.<\/a><\/em><\/strong>&nbsp;Otra pieza de animaci\u00f3n de Pixar ambientada en un viaje desde las calles de Nueva York a los reinos c\u00f3smicos para descubrir las respuestas a las preguntas m\u00e1s importantes de la vida. Descubre de una manera divertida y a la vez profunda las razones por las que merece la pena vivir.<\/p>\n<p><strong>12. Coco<\/strong>. Esta maravillosa pel\u00edcula de Pixar y Disney, es desde sus inicios una de las obras de referencia para ayudar a los ni\u00f1os a comprender el duelo. A trav\u00e9s de la historia de Miguel, un joven que quiere convertirse en una estrella de la m\u00fasica, la pel\u00edcula pasea por la importancia de la memoria y del legado de nuestros antepasados. La importancia de la familia en el tr\u00e1nsito del duelo se hace patente en el cambio de actitud de Miguel.&nbsp;<\/p>\n<p>&nbsp;<\/p>\n<p>&nbsp;<\/p>\n","protected":false},"excerpt":{"rendered":"<p>GU\u00cdAS Y MANUALES &nbsp; P A R A&nbsp; &nbsp; C E N T R O S&nbsp; &nbsp; E D U C A T I V O S Gu\u00eda y orientaciones para el duelo desde&#46;&#46;&#46;<\/p>\n","protected":false},"author":8106,"featured_media":0,"parent":0,"menu_order":0,"comment_status":"closed","ping_status":"closed","template":"","meta":{"ngg_post_thumbnail":0,"footnotes":""},"aioseo_notices":[],"_links":{"self":[{"href":"https:\/\/blogsaverroes.juntadeandalucia.es\/orientadelegacionmalaga\/wp-json\/wp\/v2\/pages\/6979"}],"collection":[{"href":"https:\/\/blogsaverroes.juntadeandalucia.es\/orientadelegacionmalaga\/wp-json\/wp\/v2\/pages"}],"about":[{"href":"https:\/\/blogsaverroes.juntadeandalucia.es\/orientadelegacionmalaga\/wp-json\/wp\/v2\/types\/page"}],"author":[{"embeddable":true,"href":"https:\/\/blogsaverroes.juntadeandalucia.es\/orientadelegacionmalaga\/wp-json\/wp\/v2\/users\/8106"}],"replies":[{"embeddable":true,"href":"https:\/\/blogsaverroes.juntadeandalucia.es\/orientadelegacionmalaga\/wp-json\/wp\/v2\/comments?post=6979"}],"version-history":[{"count":52,"href":"https:\/\/blogsaverroes.juntadeandalucia.es\/orientadelegacionmalaga\/wp-json\/wp\/v2\/pages\/6979\/revisions"}],"predecessor-version":[{"id":11495,"href":"https:\/\/blogsaverroes.juntadeandalucia.es\/orientadelegacionmalaga\/wp-json\/wp\/v2\/pages\/6979\/revisions\/11495"}],"wp:attachment":[{"href":"https:\/\/blogsaverroes.juntadeandalucia.es\/orientadelegacionmalaga\/wp-json\/wp\/v2\/media?parent=6979"}],"curies":[{"name":"wp","href":"https:\/\/api.w.org\/{rel}","templated":true}]}}