{"id":7098,"date":"2019-05-15T06:25:42","date_gmt":"2019-05-15T06:25:42","guid":{"rendered":"https:\/\/www.educacionenmalaga.es\/orientamalaga\/?page_id=7098"},"modified":"2019-05-15T06:25:42","modified_gmt":"2019-05-15T06:25:42","slug":"orientaciones-para-la-ad-tripticos","status":"publish","type":"page","link":"https:\/\/blogsaverroes.juntadeandalucia.es\/orientadelegacionmalaga\/orientaciones-para-la-ad-tripticos\/","title":{"rendered":"Orientaciones para la AD (Tr\u00edpticos)"},"content":{"rendered":"<p>Se ofrecen orientaciones para que el profesorado atienda a la diversidad en su aula, as\u00ed como, orientaciones para el centro: estrategias metodol\u00f3gicas inclusivas, acci\u00f3n tutorial para el alumnado con necesidades espec\u00edficas de atenci\u00f3n educativo (en adelante, NEAE), documentos de centro y recursos.<\/p>\n<p>Las orientaciones est\u00e1n en formato tr\u00edptico:<\/p>\n<ul>\n<li><a href=\"https:\/\/blogsaverroes.juntadeandalucia.es\/orientadelegacionmalaga\/files\/2019\/05\/triptico-atencion-diversidad-general-defin.pdf\" target=\"_blank\" rel=\"noopener noreferrer\">Atenci\u00f3n a la diversidad en el aula (general)<\/a><\/li>\n<li><a href=\"https:\/\/blogsaverroes.juntadeandalucia.es\/orientadelegacionmalaga\/files\/2019\/05\/triptico-dea.pdf\" target=\"_blank\" rel=\"noopener noreferrer\">Atenci\u00f3n a la diversidad en el aula para el alumnado con Dificultades Espec\u00edficas de Aprendizaje (DEA)<\/a><\/li>\n<li><a href=\"https:\/\/blogsaverroes.juntadeandalucia.es\/orientadelegacionmalaga\/files\/2019\/05\/triptico-tea.pdf\" target=\"_blank\" rel=\"noopener noreferrer\">Atenci\u00f3n a la diversidad en el aula para el alumnado con Trastorno del Espectro Autista (TEA)<\/a><\/li>\n<li><a href=\"https:\/\/blogsaverroes.juntadeandalucia.es\/orientadelegacionmalaga\/files\/2019\/05\/triuptico-tgc.pdf\" target=\"_blank\" rel=\"noopener noreferrer\">Atenci\u00f3n a la diversidad en el aula para el alumnado con problemas de conducta y\/o adaptaci\u00f3n (TGC)<\/a><\/li>\n<li><a href=\"https:\/\/blogsaverroes.juntadeandalucia.es\/orientadelegacionmalaga\/files\/2019\/05\/triptico-aacc.pdf\" target=\"_blank\" rel=\"noopener noreferrer\">Atenci\u00f3n a la diversidad en el aula para el alumnado con Altas Capacidades (AACC)<\/a><\/li>\n<li><a href=\"https:\/\/blogsaverroes.juntadeandalucia.es\/orientadelegacionmalaga\/files\/2019\/05\/triuptico-diversidad-funcional-auditiva.pdf\" target=\"_blank\" rel=\"noopener noreferrer\">Atenci\u00f3n a la diversidad en el aula para el alumnado con diversidad funcional auditiva.<\/a><\/li>\n<li><a href=\"https:\/\/blogsaverroes.juntadeandalucia.es\/orientadelegacionmalaga\/files\/2019\/05\/triptico-motoricos.pdf\" target=\"_blank\" rel=\"noopener noreferrer\">Atenci\u00f3n a la diversidad en el aula para el alumnado con diversidad funcional limitaciones movilidad.<\/a><\/li>\n<li><a href=\"https:\/\/blogsaverroes.juntadeandalucia.es\/orientadelegacionmalaga\/files\/2019\/05\/triptico-cosj.pdf\" target=\"_blank\" rel=\"noopener noreferrer\">Educaci\u00f3n sexual alumnado NEAE<\/a><\/li>\n<\/ul>\n","protected":false},"excerpt":{"rendered":"<p>Se ofrecen orientaciones para que el profesorado atienda a la diversidad en su aula, as\u00ed como, orientaciones para el centro: estrategias metodol\u00f3gicas inclusivas, acci\u00f3n tutorial para el alumnado con necesidades espec\u00edficas de atenci\u00f3n educativo&#46;&#46;&#46;<\/p>\n","protected":false},"author":8106,"featured_media":0,"parent":0,"menu_order":0,"comment_status":"closed","ping_status":"closed","template":"","meta":{"ngg_post_thumbnail":0,"footnotes":""},"aioseo_notices":[],"_links":{"self":[{"href":"https:\/\/blogsaverroes.juntadeandalucia.es\/orientadelegacionmalaga\/wp-json\/wp\/v2\/pages\/7098"}],"collection":[{"href":"https:\/\/blogsaverroes.juntadeandalucia.es\/orientadelegacionmalaga\/wp-json\/wp\/v2\/pages"}],"about":[{"href":"https:\/\/blogsaverroes.juntadeandalucia.es\/orientadelegacionmalaga\/wp-json\/wp\/v2\/types\/page"}],"author":[{"embeddable":true,"href":"https:\/\/blogsaverroes.juntadeandalucia.es\/orientadelegacionmalaga\/wp-json\/wp\/v2\/users\/8106"}],"replies":[{"embeddable":true,"href":"https:\/\/blogsaverroes.juntadeandalucia.es\/orientadelegacionmalaga\/wp-json\/wp\/v2\/comments?post=7098"}],"version-history":[{"count":0,"href":"https:\/\/blogsaverroes.juntadeandalucia.es\/orientadelegacionmalaga\/wp-json\/wp\/v2\/pages\/7098\/revisions"}],"wp:attachment":[{"href":"https:\/\/blogsaverroes.juntadeandalucia.es\/orientadelegacionmalaga\/wp-json\/wp\/v2\/media?parent=7098"}],"curies":[{"name":"wp","href":"https:\/\/api.w.org\/{rel}","templated":true}]}}