{"id":7102,"date":"2019-05-15T06:31:03","date_gmt":"2019-05-15T06:31:03","guid":{"rendered":"https:\/\/www.educacionenmalaga.es\/orientamalaga\/?page_id=7102"},"modified":"2021-03-10T21:55:28","modified_gmt":"2021-03-10T20:55:28","slug":"senecagestionorientacion","status":"publish","type":"page","link":"https:\/\/blogsaverroes.juntadeandalucia.es\/orientadelegacionmalaga\/senecagestionorientacion\/","title":{"rendered":"S\u00c9NECA-Gesti\u00f3n Orientaci\u00f3n"},"content":{"rendered":"<p><strong>MANUALES: M\u00d3DULOS DE LA GESTI\u00d3N DE LA ORIENTACI\u00d3N:<img loading=\"lazy\" decoding=\"async\" class=\"size-medium wp-image-9195 alignright\" src=\"https:\/\/blogsaverroes.juntadeandalucia.es\/orientadelegacionmalaga\/files\/2020\/09\/download-300x140.png\" alt=\"\" width=\"300\" height=\"140\" srcset=\"https:\/\/blogsaverroes.juntadeandalucia.es\/orientadelegacionmalaga\/files\/2020\/09\/download-300x140.png 300w, https:\/\/blogsaverroes.juntadeandalucia.es\/orientadelegacionmalaga\/files\/2020\/09\/download-24x11.png 24w, https:\/\/blogsaverroes.juntadeandalucia.es\/orientadelegacionmalaga\/files\/2020\/09\/download-36x17.png 36w, https:\/\/blogsaverroes.juntadeandalucia.es\/orientadelegacionmalaga\/files\/2020\/09\/download-48x22.png 48w, https:\/\/blogsaverroes.juntadeandalucia.es\/orientadelegacionmalaga\/files\/2020\/09\/download.png 329w\" sizes=\"(max-width: 300px) 100vw, 300px\" \/><\/strong><\/p>\n<div class=\"entry clearfix\">\n<ul>\n<li><a href=\"https:\/\/blogsaverroes.juntadeandalucia.es\/orientadelegacionmalaga\/files\/2021\/03\/Manual-actualizado-Red-de-orientaci\u00f3n-8-3-2021.pdf\" target=\"_blank\" rel=\"noopener noreferrer\">Manual M\u00f3dulo Gesti\u00f3n de la Orientaci\u00f3n S\u00e9neca actualizado a 8-3-2021<\/a><\/li>\n<li><span style=\"color: #0000ff\"><a style=\"color: #0000ff\" href=\"https:\/\/blogsaverroes.juntadeandalucia.es\/orientacionalmeria\/files\/2020\/09\/200803-EOEEspecializado-para-temprana.pdf\" target=\"_blank\" rel=\"noopener noreferrer\">Manual solicitud de asesoramiento EOE Especializado Atenci\u00f3n Temprana<\/a><\/span><\/li>\n<li><span style=\"color: #0000ff\"><a style=\"color: #0000ff\" href=\"https:\/\/blogsaverroes.juntadeandalucia.es\/orientacionalmeria\/files\/2020\/09\/200803-EOEEspecializado_BLANCO_NEGRO.pdf\" target=\"_blank\" rel=\"noopener noreferrer\">Manual Solicitud asesoramiento\/ intervenci\u00f3n EOE Especializado<\/a><\/span><\/li>\n<li><span style=\"color: #0000ff\"><a style=\"color: #0000ff\" href=\"https:\/\/blogsaverroes.juntadeandalucia.es\/orientadelegacionmalaga\/files\/2020\/10\/MANUALCENTROSGrabacio\u0301nsolicitudesNEAE_20-21-modf.pdf\" target=\"_blank\" rel=\"noopener noreferrer\">MANUAL CENTROS: Grabacio\u0301n solicitudes becas NEAE<\/a>&nbsp;(8\/10\/2020).<\/span><\/li>\n<li><span style=\"color: #0000ff\"><a style=\"color: #0000ff\" href=\"https:\/\/blogsaverroes.juntadeandalucia.es\/orientadelegacionmalaga\/files\/2020\/10\/MANUALORIENTADORESGrabacio\u0301nsolicitudesNEAE_20-21-1.pdf\" target=\"_blank\" rel=\"noopener noreferrer\">MANUAL ORIENTADORES: Grabacio\u0301n certificados Becas NEAE 2020<\/a>&nbsp; (8\/10\/2020).<\/span><\/li>\n<\/ul>\n<\/div>\n<p>&nbsp;<\/p>\n<p><strong>TUTORIALES MEDIDAS ESPEC\u00cdFICAS:&nbsp;<\/strong><\/p>\n<ul>\n<li style=\"text-align: justify\"><span style=\"color: #3366ff\"><a style=\"color: #3366ff\" href=\"https:\/\/blogsaverroes.juntadeandalucia.es\/orientadelegacionmalaga\/files\/2019\/05\/tutorial_cumplimentacion_acns-1.pdf\" target=\"_blank\" rel=\"noopener noreferrer\">Tutorial para la cumplimentaci\u00f3n de adaptaciones curriculares no significativas (ACNS).<\/a><\/span><\/li>\n<li style=\"text-align: justify\"><span style=\"color: #3366ff\"><a style=\"color: #3366ff\" href=\"https:\/\/blogsaverroes.juntadeandalucia.es\/orientadelegacionmalaga\/files\/2019\/05\/tutorial_cumplimentacion_acs.pdf\" target=\"_blank\" rel=\"noopener noreferrer\">Tutorial para la cumplimentaci\u00f3n de adaptaciones curriculares significativas (ACS).<\/a><\/span><\/li>\n<li style=\"text-align: justify\"><span style=\"color: #3366ff\"><a style=\"color: #3366ff\" href=\"https:\/\/blogsaverroes.juntadeandalucia.es\/orientadelegacionmalaga\/files\/2019\/05\/tutorial_cumplimentacion_acb.pdf\" target=\"_blank\" rel=\"noopener noreferrer\">Tutorial para la cumplimentaci\u00f3n de adaptaciones curriculares de bachillerato&nbsp;(ACB).<\/a><\/span><\/li>\n<li style=\"text-align: justify\"><span style=\"color: #3366ff\"><a style=\"color: #3366ff\" href=\"https:\/\/blogsaverroes.juntadeandalucia.es\/orientadelegacionmalaga\/files\/2019\/05\/tutorial_cumplimentacion_pe.pdf\" target=\"_blank\" rel=\"noopener noreferrer\">Tutorial para la cumplimentaci\u00f3n de programas espec\u00edficos (PE)<\/a>.<\/span><\/li>\n<li style=\"text-align: justify\"><span style=\"color: #3366ff\"><a style=\"color: #3366ff\" href=\"https:\/\/blogsaverroes.juntadeandalucia.es\/orientadelegacionmalaga\/files\/2019\/05\/tutorialaci.pdf\" target=\"_blank\" rel=\"noopener noreferrer\">Tutorial para la cumplimentaci\u00f3n de adaptaciones curriculares individualizadas&nbsp;(ACI)<\/a><\/span><\/li>\n<li style=\"text-align: justify\"><span style=\"color: #3366ff\"><a style=\"color: #3366ff\" href=\"https:\/\/blogsaverroes.juntadeandalucia.es\/orientadelegacionmalaga\/files\/2019\/05\/tutorial_cumplimentacion_pec_pecai-2.pdf\" target=\"_blank\" rel=\"noopener noreferrer\">Tutorial para la cumplimentaci\u00f3n del programa de enriquecimiento curricular (PEC)\/&nbsp;programa de enriquecimiento curricular para alumnado con altas capacidades&nbsp;(PECAI)<\/a><\/span><\/li>\n<li style=\"text-align: justify\"><span style=\"color: #3366ff\"><a style=\"color: #3366ff\" href=\"https:\/\/blogsaverroes.juntadeandalucia.es\/orientadelegacionmalaga\/files\/2019\/05\/tutorial_cumplimentacion_acaci.pdf\" target=\"_blank\" rel=\"noopener noreferrer\">Tutorial para la cumplimentaci\u00f3n de adaptaciones curriculares para el alumnado con altas capacidades intelectuales&nbsp;(ACACI)<\/a><\/span><\/li>\n<\/ul>\n<p>&nbsp;<\/p>\n<p><strong>TUTORIALES GESTI\u00d3N DE LA ORIENTACI\u00d3N:<\/strong><\/p>\n<ul style=\"list-style-type: disc\">\n<li><a href=\"https:\/\/youtu.be\/sPjxyD5OYdg\" target=\"_blank\" rel=\"noopener noreferrer\">C\u00f3mo cumplimentar un informe psicopedag\u00f3gico en S\u00e9neca<\/a><\/li>\n<li><a href=\"https:\/\/youtu.be\/3XaXc7EmsMs\" target=\"_blank\" rel=\"noopener noreferrer\">C\u00f3mo solicitar un dictamen de escolarizaci\u00f3n al EOE<\/a><\/li>\n<\/ul>\n","protected":false},"excerpt":{"rendered":"<p>MANUALES: M\u00d3DULOS DE LA GESTI\u00d3N DE LA ORIENTACI\u00d3N: Manual M\u00f3dulo Gesti\u00f3n de la Orientaci\u00f3n S\u00e9neca actualizado a 8-3-2021 Manual solicitud de asesoramiento EOE Especializado Atenci\u00f3n Temprana Manual Solicitud asesoramiento\/ intervenci\u00f3n EOE Especializado MANUAL CENTROS:&#46;&#46;&#46;<\/p>\n","protected":false},"author":8106,"featured_media":0,"parent":0,"menu_order":0,"comment_status":"closed","ping_status":"closed","template":"","meta":{"ngg_post_thumbnail":0,"footnotes":""},"aioseo_notices":[],"_links":{"self":[{"href":"https:\/\/blogsaverroes.juntadeandalucia.es\/orientadelegacionmalaga\/wp-json\/wp\/v2\/pages\/7102"}],"collection":[{"href":"https:\/\/blogsaverroes.juntadeandalucia.es\/orientadelegacionmalaga\/wp-json\/wp\/v2\/pages"}],"about":[{"href":"https:\/\/blogsaverroes.juntadeandalucia.es\/orientadelegacionmalaga\/wp-json\/wp\/v2\/types\/page"}],"author":[{"embeddable":true,"href":"https:\/\/blogsaverroes.juntadeandalucia.es\/orientadelegacionmalaga\/wp-json\/wp\/v2\/users\/8106"}],"replies":[{"embeddable":true,"href":"https:\/\/blogsaverroes.juntadeandalucia.es\/orientadelegacionmalaga\/wp-json\/wp\/v2\/comments?post=7102"}],"version-history":[{"count":9,"href":"https:\/\/blogsaverroes.juntadeandalucia.es\/orientadelegacionmalaga\/wp-json\/wp\/v2\/pages\/7102\/revisions"}],"predecessor-version":[{"id":9957,"href":"https:\/\/blogsaverroes.juntadeandalucia.es\/orientadelegacionmalaga\/wp-json\/wp\/v2\/pages\/7102\/revisions\/9957"}],"wp:attachment":[{"href":"https:\/\/blogsaverroes.juntadeandalucia.es\/orientadelegacionmalaga\/wp-json\/wp\/v2\/media?parent=7102"}],"curies":[{"name":"wp","href":"https:\/\/api.w.org\/{rel}","templated":true}]}}