{"id":9711,"date":"2021-02-02T19:26:51","date_gmt":"2021-02-02T18:26:51","guid":{"rendered":"https:\/\/blogsaverroes.juntadeandalucia.es\/orientadelegacionmalaga\/?page_id=9711"},"modified":"2021-05-23T17:05:38","modified_gmt":"2021-05-23T15:05:38","slug":"derivacion-s-sociales-u-otras-entidades","status":"publish","type":"page","link":"https:\/\/blogsaverroes.juntadeandalucia.es\/orientadelegacionmalaga\/derivacion-s-sociales-u-otras-entidades\/","title":{"rendered":"Derivaci\u00f3n S.Sociales u otras entidades"},"content":{"rendered":"<p><a href=\"https:\/\/blogsaverroes.juntadeandalucia.es\/orientadelegacionmalaga\/files\/2021\/05\/protocolo-de-derivacio\u0301n-y-traspaso-de-informacio\u0301n.odt\" target=\"_blank\" rel=\"noopener noreferrer\">Documento de derivacio\u0301n y traspaso de informacio\u0301n<\/a><\/p>\n<p>&nbsp;<\/p>\n<p>Los Servicios Sociales Comunitarios (SS.SS.CC.) son competencia de los Ayuntamientos de cada localidad (m\u00e1s informaci\u00f3n: <a href=\"https:\/\/juntadeandalucia.es\/organismos\/igualdadpoliticassocialesyconciliacion\/areas\/inclusion\/servicios-comunitarios\/paginas\/competencias-servicios-comunitarios.html\" target=\"_blank\" rel=\"noopener noreferrer\">web Consejer\u00eda Igualdad, Pol\u00edticas sociales y conciliaci\u00f3n<\/a>).<\/p>\n<ul>\n<li><span style=\"color: #0000ff\"><strong>SS.SS.CC<\/strong>:<\/span> Es importante que cada centro mantenga una coordinaci\u00f3n con lo SS.SS.CC. en el \u00e1mbito de los \u00e1mbitos de competencias comunes:\n<ul>\n<li>Absentismo,<\/li>\n<li>Recursos de la localidad: educativos, ocio y tiempo libre, empleo, asociaciones, etc.<\/li>\n<li>Seguimiento de casos con los educadores\/as sociales para j\u00f3venes con conducta de riesgo o en situaci\u00f3n de riesgo social.&nbsp;<\/li>\n<li>Derivaci\u00f3n de casos que requieran de evaluaci\u00f3n,&nbsp;valoraci\u00f3n y\/o intervenci\u00f3n por el Equipo de tratamiento familiar (ETF),<\/li>\n<li><img loading=\"lazy\" decoding=\"async\" class=\" wp-image-9737 alignright\" src=\"https:\/\/blogsaverroes.juntadeandalucia.es\/orientadelegacionmalaga\/files\/2021\/02\/tr\u00edptico-Servicios-Sociales-NAIFA_page-0001-212x300.jpg\" alt=\"\" width=\"367\" height=\"519\" srcset=\"https:\/\/blogsaverroes.juntadeandalucia.es\/orientadelegacionmalaga\/files\/2021\/02\/tr\u00edptico-Servicios-Sociales-NAIFA_page-0001-212x300.jpg 212w, https:\/\/blogsaverroes.juntadeandalucia.es\/orientadelegacionmalaga\/files\/2021\/02\/tr\u00edptico-Servicios-Sociales-NAIFA_page-0001-724x1024.jpg 724w, https:\/\/blogsaverroes.juntadeandalucia.es\/orientadelegacionmalaga\/files\/2021\/02\/tr\u00edptico-Servicios-Sociales-NAIFA_page-0001-768x1086.jpg 768w, https:\/\/blogsaverroes.juntadeandalucia.es\/orientadelegacionmalaga\/files\/2021\/02\/tr\u00edptico-Servicios-Sociales-NAIFA_page-0001-1086x1536.jpg 1086w, https:\/\/blogsaverroes.juntadeandalucia.es\/orientadelegacionmalaga\/files\/2021\/02\/tr\u00edptico-Servicios-Sociales-NAIFA_page-0001-17x24.jpg 17w, https:\/\/blogsaverroes.juntadeandalucia.es\/orientadelegacionmalaga\/files\/2021\/02\/tr\u00edptico-Servicios-Sociales-NAIFA_page-0001-25x36.jpg 25w, https:\/\/blogsaverroes.juntadeandalucia.es\/orientadelegacionmalaga\/files\/2021\/02\/tr\u00edptico-Servicios-Sociales-NAIFA_page-0001-34x48.jpg 34w, https:\/\/blogsaverroes.juntadeandalucia.es\/orientadelegacionmalaga\/files\/2021\/02\/tr\u00edptico-Servicios-Sociales-NAIFA_page-0001.jpg 1241w\" sizes=\"(max-width: 367px) 100vw, 367px\" \/>Conocimiento o coordinaci\u00f3n de entidades, ONG o asociaciones locales, etc.&nbsp;<\/li>\n<li>Derivaci\u00f3n a otros programas desarrollados por entidades colaboradoras:&nbsp;<\/li>\n<\/ul>\n<\/li>\n<li style=\"text-align: left\"><span style=\"color: #0000ff\"><strong><span style=\"font-size: 12pt\"><a style=\"color: #0000ff\" href=\"https:\/\/www.juntadeandalucia.es\/organismos\/igualdadpoliticassocialesyconciliacion\/areas\/infancia-familias\/programa-preventivo-nayfa.html\" target=\"_blank\" rel=\"noopener noreferrer\">Programa de prevenci\u00f3n para ni\u00f1os, ni\u00f1as y adolescentes en situaci\u00f3n de dificultad y\/o conflictividad en el \u00e1mbito familiar (NAYFA):<\/a><\/span><\/strong><\/span>\n<ul>\n<li style=\"text-align: left\"><a style=\"font-size: 12pt\" href=\"https:\/\/blogsaverroes.juntadeandalucia.es\/orientadelegacionmalaga\/files\/2021\/02\/tr\u00edptico-Servicios-Sociales-NAIFA.pdf\" target=\"_blank\" rel=\"noopener noreferrer\">FOLLETO INFORMATIVO PROGRAMA NAIFA (Derivaci\u00f3n a SS.SS.)<\/a><\/li>\n<li style=\"text-align: left\"><span style=\"font-size: 12pt\">Web entidad IMERIS &#8211;<a href=\"https:\/\/www.imeris.org\/programa-nayfa\/\" target=\"_blank\" rel=\"noopener noreferrer\">&nbsp;web<\/a><\/span><\/li>\n<li style=\"text-align: left\"><a style=\"font-size: 12pt\" href=\"https:\/\/drive.google.com\/file\/d\/1806VTQHxwmJur5wBm6OIFtMQE-oSPsAt\/view\" target=\"_blank\" rel=\"noopener noreferrer\">Presentaci\u00f3n del programa<\/a><span style=\"font-size: 12pt\">.&nbsp;<\/span><strong style=\"font-size: 12pt\">&nbsp;<\/strong><\/li>\n<li>Contacto Servicio presentaci\u00f3n a la infancia, Delegaci\u00f3n Igualdad: svpafma.cipsc@juntadeandalucia.es<\/li>\n<\/ul>\n<\/li>\n<\/ul>\n<ul style=\"list-style-type: square\">\n<li>Cada centro\/Departamento de Orientaci\u00f3n puede contactar con los SS.SS.CC.&nbsp;de la localidad, recogiendo las actuaciones en la programaci\u00f3n anual.&nbsp;\n<ul style=\"list-style-type: square\">\n<li>Ejemplo: <a href=\"http:\/\/derechossociales.malaga.eu\/es\/servicios-sociales\/centros\/#!tab1\" target=\"_blank\" rel=\"noopener noreferrer\">Ayuntamiento de M\u00e1laga: SS.SS.CC<\/a><\/li>\n<\/ul>\n<\/li>\n<\/ul>\n<p>&nbsp;<\/p>\n<p>Otras entidades que desarrollan programas de intervenci\u00f3n social:&nbsp;<\/p>\n<ul>\n<li><a href=\"https:\/\/fundaciondonbosco.es\/\" target=\"_blank\" rel=\"noopener noreferrer\">Fundaci\u00f3n Don Bosco<\/a>.&nbsp;<\/li>\n<li>M\u00e1laga acoge.&nbsp;<\/li>\n<li>ONCE<\/li>\n<\/ul>\n","protected":false},"excerpt":{"rendered":"<p>Documento de derivacio\u0301n y traspaso de informacio\u0301n &nbsp; Los Servicios Sociales Comunitarios (SS.SS.CC.) son competencia de los Ayuntamientos de cada localidad (m\u00e1s informaci\u00f3n: web Consejer\u00eda Igualdad, Pol\u00edticas sociales y conciliaci\u00f3n). SS.SS.CC: Es importante que&#46;&#46;&#46;<\/p>\n","protected":false},"author":8106,"featured_media":0,"parent":0,"menu_order":0,"comment_status":"closed","ping_status":"closed","template":"","meta":{"ngg_post_thumbnail":0,"footnotes":""},"aioseo_notices":[],"_links":{"self":[{"href":"https:\/\/blogsaverroes.juntadeandalucia.es\/orientadelegacionmalaga\/wp-json\/wp\/v2\/pages\/9711"}],"collection":[{"href":"https:\/\/blogsaverroes.juntadeandalucia.es\/orientadelegacionmalaga\/wp-json\/wp\/v2\/pages"}],"about":[{"href":"https:\/\/blogsaverroes.juntadeandalucia.es\/orientadelegacionmalaga\/wp-json\/wp\/v2\/types\/page"}],"author":[{"embeddable":true,"href":"https:\/\/blogsaverroes.juntadeandalucia.es\/orientadelegacionmalaga\/wp-json\/wp\/v2\/users\/8106"}],"replies":[{"embeddable":true,"href":"https:\/\/blogsaverroes.juntadeandalucia.es\/orientadelegacionmalaga\/wp-json\/wp\/v2\/comments?post=9711"}],"version-history":[{"count":7,"href":"https:\/\/blogsaverroes.juntadeandalucia.es\/orientadelegacionmalaga\/wp-json\/wp\/v2\/pages\/9711\/revisions"}],"predecessor-version":[{"id":10155,"href":"https:\/\/blogsaverroes.juntadeandalucia.es\/orientadelegacionmalaga\/wp-json\/wp\/v2\/pages\/9711\/revisions\/10155"}],"wp:attachment":[{"href":"https:\/\/blogsaverroes.juntadeandalucia.es\/orientadelegacionmalaga\/wp-json\/wp\/v2\/media?parent=9711"}],"curies":[{"name":"wp","href":"https:\/\/api.w.org\/{rel}","templated":true}]}}