{"id":4526,"date":"2017-06-26T14:35:49","date_gmt":"2017-06-26T14:35:49","guid":{"rendered":"https:\/\/blogsaverroes.juntadeandalucia.es\/orientajaen\/?page_id=4526"},"modified":"2017-07-02T12:23:36","modified_gmt":"2017-07-02T12:23:36","slug":"normativa-rrtt","status":"publish","type":"page","link":"https:\/\/blogsaverroes.juntadeandalucia.es\/orientajaen\/normativa-rrtt\/","title":{"rendered":"S\u00c9NECA: Normativa"},"content":{"rendered":"<p><span style=\"font-size: 10pt\">&nbsp;Normativa existente relacionada con el <strong>M\u00f3dulo de Gesti\u00f3n de la Orientaci\u00f3n en<\/strong> <strong>S\u00e9neca:<\/strong><\/span><\/p>\n<table style=\"width: 749px\">\n<tbody>\n<tr style=\"height: 67px\">\n<td style=\"width: 59px;height: 67px\">&nbsp;<a href=\"https:\/\/blogsaverroes.juntadeandalucia.es\/orientajaen\/files\/2017\/07\/Circular-20-12-10-Gesti\u00f3n-Orientaci\u00f3n-S\u00e9neca.pdf\"><img decoding=\"async\" width=\"50\" height=\"50\" class=\"alignnone wp-image-4617\" alt=\"\" src=\"https:\/\/blogsaverroes.juntadeandalucia.es\/orientajaen\/files\/2017\/07\/pdf-icon.png\" srcset=\"https:\/\/blogsaverroes.juntadeandalucia.es\/orientajaen\/files\/2017\/07\/pdf-icon.png 300w, https:\/\/blogsaverroes.juntadeandalucia.es\/orientajaen\/files\/2017\/07\/pdf-icon-150x150.png 150w, https:\/\/blogsaverroes.juntadeandalucia.es\/orientajaen\/files\/2017\/07\/pdf-icon-100x100.png 100w, https:\/\/blogsaverroes.juntadeandalucia.es\/orientajaen\/files\/2017\/07\/pdf-icon-24x24.png 24w, https:\/\/blogsaverroes.juntadeandalucia.es\/orientajaen\/files\/2017\/07\/pdf-icon-36x36.png 36w, https:\/\/blogsaverroes.juntadeandalucia.es\/orientajaen\/files\/2017\/07\/pdf-icon-48x48.png 48w\" sizes=\"(max-width: 50px) 100vw, 50px\" \/><\/a><\/td>\n<td style=\"width: 647px;height: 67px\"><span style=\"font-size: 10pt\"><strong>CIRCULAR de 20 de diciembre de 2010<\/strong> de la Direcci\u00f3n General de Participaci\u00f3n e Innovaci\u00f3n Educativa por la que se comunica la puesta en funcionamiento del m\u00f3dulo de gesti\u00f3n de la orientaci\u00f3n en la aplicaci\u00f3n inform\u00e1tica \u00abS\u00e9neca\u00bb.<\/span><\/td>\n<\/tr>\n<tr style=\"height: 67.9px\">\n<td style=\"width: 59px;height: 67.9px\">&nbsp;<a href=\"https:\/\/blogsaverroes.juntadeandalucia.es\/orientajaen\/files\/2017\/07\/Circular10sept2012ActualizacionCensoNEAE.pdf\"><img decoding=\"async\" width=\"51\" height=\"51\" class=\"alignnone wp-image-4617\" alt=\"\" src=\"https:\/\/blogsaverroes.juntadeandalucia.es\/orientajaen\/files\/2017\/07\/pdf-icon.png\" srcset=\"https:\/\/blogsaverroes.juntadeandalucia.es\/orientajaen\/files\/2017\/07\/pdf-icon.png 300w, https:\/\/blogsaverroes.juntadeandalucia.es\/orientajaen\/files\/2017\/07\/pdf-icon-150x150.png 150w, https:\/\/blogsaverroes.juntadeandalucia.es\/orientajaen\/files\/2017\/07\/pdf-icon-100x100.png 100w, https:\/\/blogsaverroes.juntadeandalucia.es\/orientajaen\/files\/2017\/07\/pdf-icon-24x24.png 24w, https:\/\/blogsaverroes.juntadeandalucia.es\/orientajaen\/files\/2017\/07\/pdf-icon-36x36.png 36w, https:\/\/blogsaverroes.juntadeandalucia.es\/orientajaen\/files\/2017\/07\/pdf-icon-48x48.png 48w\" sizes=\"(max-width: 51px) 100vw, 51px\" \/><\/a><\/td>\n<td style=\"width: 647px;height: 67.9px\"><span style=\"font-size: 10pt\"><strong>CIRCULAR de 10 de septiembre de 2012<\/strong> de la Direcci\u00f3n General de Participaci\u00f3n y Equidad por la que se establecen criterios y orientaciones para el registro y actualizaci\u00f3n de datos en el censo del alumnado con necesidades espec\u00edficas de apoyo educativo en el Sistema de Informaci\u00f3n \u00abS\u00e9neca\u00bb.<\/span><\/td>\n<\/tr>\n<tr style=\"height: 22px\">\n<td style=\"width: 59px;height: 22px\">&nbsp;<a href=\"https:\/\/blogsaverroes.juntadeandalucia.es\/orientajaen\/files\/2017\/07\/INSTRUCCIONES-8_3_2017-CON-ANEXOS-1.pdf\"><img decoding=\"async\" width=\"51\" height=\"51\" class=\"alignnone wp-image-4617\" alt=\"\" src=\"https:\/\/blogsaverroes.juntadeandalucia.es\/orientajaen\/files\/2017\/07\/pdf-icon.png\" srcset=\"https:\/\/blogsaverroes.juntadeandalucia.es\/orientajaen\/files\/2017\/07\/pdf-icon.png 300w, https:\/\/blogsaverroes.juntadeandalucia.es\/orientajaen\/files\/2017\/07\/pdf-icon-150x150.png 150w, https:\/\/blogsaverroes.juntadeandalucia.es\/orientajaen\/files\/2017\/07\/pdf-icon-100x100.png 100w, https:\/\/blogsaverroes.juntadeandalucia.es\/orientajaen\/files\/2017\/07\/pdf-icon-24x24.png 24w, https:\/\/blogsaverroes.juntadeandalucia.es\/orientajaen\/files\/2017\/07\/pdf-icon-36x36.png 36w, https:\/\/blogsaverroes.juntadeandalucia.es\/orientajaen\/files\/2017\/07\/pdf-icon-48x48.png 48w\" sizes=\"(max-width: 51px) 100vw, 51px\" \/><\/a><\/td>\n<td style=\"width: 647px;height: 22px\"><span style=\"font-size: 10pt\"><strong>INSTRUCCIONES DE 8 DE MARZO DE 2017<\/strong>, de la Direcci\u00f3n General de Participaci\u00f3n y Equidad, por las que se actualiza el protocolo de detecci\u00f3n, identificaci\u00f3n del alumnado con necesidades espec\u00edficas de apoyo educativo y organizaci\u00f3n de la respuesta educativa<\/span><\/td>\n<\/tr>\n<\/tbody>\n<\/table>\n<p>&nbsp;<\/p>\n<p>&nbsp;<\/p>\n<p>&nbsp;<\/p>\n<p>&nbsp;<\/p>\n<p>&nbsp;<\/p>\n<p>&nbsp;<\/p>\n<p>&nbsp;<\/p>\n<p>&nbsp;<\/p>\n","protected":false},"excerpt":{"rendered":"<p>&nbsp;Normativa existente relacionada con el M\u00f3dulo de Gesti\u00f3n de la Orientaci\u00f3n en S\u00e9neca: &nbsp; CIRCULAR de 20 de diciembre de 2010 de la Direcci\u00f3n General&hellip;<\/p>\n","protected":false},"author":1213,"featured_media":0,"parent":0,"menu_order":0,"comment_status":"closed","ping_status":"closed","template":"","meta":{"ngg_post_thumbnail":0,"footnotes":""},"aioseo_notices":[],"_links":{"self":[{"href":"https:\/\/blogsaverroes.juntadeandalucia.es\/orientajaen\/wp-json\/wp\/v2\/pages\/4526"}],"collection":[{"href":"https:\/\/blogsaverroes.juntadeandalucia.es\/orientajaen\/wp-json\/wp\/v2\/pages"}],"about":[{"href":"https:\/\/blogsaverroes.juntadeandalucia.es\/orientajaen\/wp-json\/wp\/v2\/types\/page"}],"author":[{"embeddable":true,"href":"https:\/\/blogsaverroes.juntadeandalucia.es\/orientajaen\/wp-json\/wp\/v2\/users\/1213"}],"replies":[{"embeddable":true,"href":"https:\/\/blogsaverroes.juntadeandalucia.es\/orientajaen\/wp-json\/wp\/v2\/comments?post=4526"}],"version-history":[{"count":7,"href":"https:\/\/blogsaverroes.juntadeandalucia.es\/orientajaen\/wp-json\/wp\/v2\/pages\/4526\/revisions"}],"predecessor-version":[{"id":4669,"href":"https:\/\/blogsaverroes.juntadeandalucia.es\/orientajaen\/wp-json\/wp\/v2\/pages\/4526\/revisions\/4669"}],"wp:attachment":[{"href":"https:\/\/blogsaverroes.juntadeandalucia.es\/orientajaen\/wp-json\/wp\/v2\/media?parent=4526"}],"curies":[{"name":"wp","href":"https:\/\/api.w.org\/{rel}","templated":true}]}}