{"id":4583,"date":"2017-07-02T10:14:56","date_gmt":"2017-07-02T10:14:56","guid":{"rendered":"https:\/\/blogsaverroes.juntadeandalucia.es\/orientajaen\/?page_id=4583"},"modified":"2025-09-04T08:34:18","modified_gmt":"2025-09-04T08:34:18","slug":"calendario-escolar","status":"publish","type":"page","link":"https:\/\/blogsaverroes.juntadeandalucia.es\/orientajaen\/calendario-escolar\/","title":{"rendered":"ETPOEP: Calendario Escolar"},"content":{"rendered":"<p style=\"text-align: center\"><a href=\"https:\/\/drive.google.com\/file\/d\/1GLqiqvCK9N_M_nXYbI4zfEAcP2i71ztp\/view?usp=sharing\"> Resoluci\u00f3n de 27 de mayo de 2025&nbsp;<\/a>de la Delegaci\u00f3n Territorial de Desarrollo Educativo y Formaci\u00f3n Profesional, Universidad, Investigaci\u00f3n e Innovaci\u00f3n Educativa en Ja\u00e9n por la que se dictan las normas que han de regir el calendario escolar para el curso 2024\/25 en todos los centros docentes de la provincia, a excepci\u00f3n de los universitarios.<\/p>\n<p>&nbsp;<\/p>\n<p style=\"text-align: center\"><span style=\"font-size: 10pt\">Pincha en la imagen para descargar el calendario.<\/span><\/p>\n<p><a href=\"https:\/\/drive.google.com\/file\/d\/1fAxIcIPHYFzN_jwURwiuxGRwDD6h2mqC\/view?usp=sharing\"><img fetchpriority=\"high\" decoding=\"async\" class=\"wp-image-9143 size-full aligncenter\" src=\"https:\/\/blogsaverroes.juntadeandalucia.es\/orientajaen\/files\/2025\/09\/Calendario-almanaque-25_26_page-0001.jpg\" alt=\"\" width=\"1241\" height=\"1754\" srcset=\"https:\/\/blogsaverroes.juntadeandalucia.es\/orientajaen\/files\/2025\/09\/Calendario-almanaque-25_26_page-0001.jpg 1132w, https:\/\/blogsaverroes.juntadeandalucia.es\/orientajaen\/files\/2025\/09\/Calendario-almanaque-25_26_page-0001-212x300.jpg 212w, https:\/\/blogsaverroes.juntadeandalucia.es\/orientajaen\/files\/2025\/09\/Calendario-almanaque-25_26_page-0001-725x1024.jpg 725w, https:\/\/blogsaverroes.juntadeandalucia.es\/orientajaen\/files\/2025\/09\/Calendario-almanaque-25_26_page-0001-768x1085.jpg 768w, https:\/\/blogsaverroes.juntadeandalucia.es\/orientajaen\/files\/2025\/09\/Calendario-almanaque-25_26_page-0001-1087x1536.jpg 1087w\" sizes=\"(max-width: 1241px) 100vw, 1241px\" \/><\/a><\/p>\n<p>&nbsp;<\/p>\n<p>&nbsp;<\/p>\n<p>&nbsp;<\/p>\n<p>&nbsp;<\/p>\n<p>&nbsp;<\/p>\n<p style=\"text-align: center\">&nbsp;<\/p>\n","protected":false},"excerpt":{"rendered":"<p>Resoluci\u00f3n de 27 de mayo de 2025&nbsp;de la Delegaci\u00f3n Territorial de Desarrollo Educativo y Formaci\u00f3n Profesional, Universidad, Investigaci\u00f3n e Innovaci\u00f3n Educativa en Ja\u00e9n por la&hellip;<\/p>\n","protected":false},"author":1213,"featured_media":0,"parent":0,"menu_order":0,"comment_status":"closed","ping_status":"closed","template":"","meta":{"ngg_post_thumbnail":0,"footnotes":""},"aioseo_notices":[],"_links":{"self":[{"href":"https:\/\/blogsaverroes.juntadeandalucia.es\/orientajaen\/wp-json\/wp\/v2\/pages\/4583"}],"collection":[{"href":"https:\/\/blogsaverroes.juntadeandalucia.es\/orientajaen\/wp-json\/wp\/v2\/pages"}],"about":[{"href":"https:\/\/blogsaverroes.juntadeandalucia.es\/orientajaen\/wp-json\/wp\/v2\/types\/page"}],"author":[{"embeddable":true,"href":"https:\/\/blogsaverroes.juntadeandalucia.es\/orientajaen\/wp-json\/wp\/v2\/users\/1213"}],"replies":[{"embeddable":true,"href":"https:\/\/blogsaverroes.juntadeandalucia.es\/orientajaen\/wp-json\/wp\/v2\/comments?post=4583"}],"version-history":[{"count":21,"href":"https:\/\/blogsaverroes.juntadeandalucia.es\/orientajaen\/wp-json\/wp\/v2\/pages\/4583\/revisions"}],"predecessor-version":[{"id":9144,"href":"https:\/\/blogsaverroes.juntadeandalucia.es\/orientajaen\/wp-json\/wp\/v2\/pages\/4583\/revisions\/9144"}],"wp:attachment":[{"href":"https:\/\/blogsaverroes.juntadeandalucia.es\/orientajaen\/wp-json\/wp\/v2\/media?parent=4583"}],"curies":[{"name":"wp","href":"https:\/\/api.w.org\/{rel}","templated":true}]}}