{"id":4973,"date":"2017-07-28T17:37:53","date_gmt":"2017-07-28T17:37:53","guid":{"rendered":"https:\/\/blogsaverroes.juntadeandalucia.es\/orientajaen\/?page_id=4973"},"modified":"2017-08-02T15:23:22","modified_gmt":"2017-08-02T15:23:22","slug":"at-convivencia-comisiones","status":"publish","type":"page","link":"https:\/\/blogsaverroes.juntadeandalucia.es\/orientajaen\/at-convivencia-comisiones\/","title":{"rendered":"AT: CONVIVENCIA &#8211; Comisiones"},"content":{"rendered":"<p><strong>1. Comisiones Provinciales de seguimiento de la convivencia escolar:<\/strong><\/p>\n<p><span style=\"font-size: 10pt\">En las Delegaciones Territoriales de Educaci\u00f3n de cada una de las ocho provincias, existe una Comisi\u00f3n Provincial de Seguimiento de la Convivencia Escolar, como \u00f3rgano colegiado de coordinaci\u00f3n y seguimiento de cada uno de los objetivos y medidas en este \u00e1mbito, integradas por todos los Servicios de las respectivas Delegaciones con competencias en la materia, as\u00ed como representantes sindicales y de los diferentes sectores de la comunidad educativa.&nbsp; En dicha comisi\u00f3n forma parte tanto el \u00e1rea de Apoyo a la Funci\u00f3n Tutorial y asesoramiento a la Convivencia como el Gabinete de Convivencia.<\/span><\/p>\n<p><strong>2. Equipo Provincial de Seguimiento del Acoso Escolar y Ciberacoso<\/strong><\/p>\n<p><span style=\"font-size: 10pt\">En las Delegaciones Territoriales de Educaci\u00f3n se constituir\u00e1 un Equipo provincial de seguimiento del acoso escolar y el ciberacoso constituido por el jefe o jefa de servicio de Ordenaci\u00f3n Educativa, un inspector o inspectora designado por el titular o la titular de la Delegaci\u00f3n Territorial de Educaci\u00f3n, el gabinete provincial de asesoramiento sobre la convivencia escolar, el \u00e1rea de tanto el \u00e1rea de Apoyo a la Funci\u00f3n Tutorial y asesoramiento a la Convivencia&nbsp; y en aquellos casos en los que pueda estar implicado alumnado con problemas o trastornos graves de conducta, un representante del Equipo de Orientaci\u00f3n Educativa especializado en la atenci\u00f3n al alumnado con trastornos graves de conducta, con las siguientes funciones:<\/span><\/p>\n<ul style=\"list-style-type: square\">\n<li><span style=\"font-size: 10pt\">La coordinaci\u00f3n con los distintos \u00f3rganos implicados en el \u00e1mbito provincial de la Delegaci\u00f3n Territorial de Educaci\u00f3n, con el Servicio competente en materia de convivencia e igualdad de la Consejer\u00eda de Educaci\u00f3n y con otras instancias (Servicios Sociales Comunitarios, Servicio Andaluz de Salud, Unidad de Salud Mental Infanto-Juvenil, Fiscal\u00eda de Menores, Unidad de delitos tecnol\u00f3gicos de la Polic\u00eda Nacional, Grupo de Menores de la Polic\u00eda Nacional, Servicio de Asistencia a V\u00edctimas en Andaluc\u00eda&#8230;).<\/span><\/li>\n<li><span style=\"font-size: 10pt\">Asesoramiento en las actuaciones al centro, a los inspectores o inspectoras y profesionales de la orientaci\u00f3n educativa, con especial atenci\u00f3n a los casos de especial gravedad o impacto social.<\/span><\/li>\n<li><span style=\"font-size: 10pt\">El registro provincial de las situaciones de acoso y ciberacoso.<\/span><\/li>\n<\/ul>\n","protected":false},"excerpt":{"rendered":"<p>1. Comisiones Provinciales de seguimiento de la convivencia escolar: En las Delegaciones Territoriales de Educaci\u00f3n de cada una de las ocho provincias, existe una Comisi\u00f3n&hellip;<\/p>\n","protected":false},"author":1213,"featured_media":0,"parent":0,"menu_order":0,"comment_status":"closed","ping_status":"closed","template":"","meta":{"ngg_post_thumbnail":0,"footnotes":""},"aioseo_notices":[],"_links":{"self":[{"href":"https:\/\/blogsaverroes.juntadeandalucia.es\/orientajaen\/wp-json\/wp\/v2\/pages\/4973"}],"collection":[{"href":"https:\/\/blogsaverroes.juntadeandalucia.es\/orientajaen\/wp-json\/wp\/v2\/pages"}],"about":[{"href":"https:\/\/blogsaverroes.juntadeandalucia.es\/orientajaen\/wp-json\/wp\/v2\/types\/page"}],"author":[{"embeddable":true,"href":"https:\/\/blogsaverroes.juntadeandalucia.es\/orientajaen\/wp-json\/wp\/v2\/users\/1213"}],"replies":[{"embeddable":true,"href":"https:\/\/blogsaverroes.juntadeandalucia.es\/orientajaen\/wp-json\/wp\/v2\/comments?post=4973"}],"version-history":[{"count":3,"href":"https:\/\/blogsaverroes.juntadeandalucia.es\/orientajaen\/wp-json\/wp\/v2\/pages\/4973\/revisions"}],"predecessor-version":[{"id":5067,"href":"https:\/\/blogsaverroes.juntadeandalucia.es\/orientajaen\/wp-json\/wp\/v2\/pages\/4973\/revisions\/5067"}],"wp:attachment":[{"href":"https:\/\/blogsaverroes.juntadeandalucia.es\/orientajaen\/wp-json\/wp\/v2\/media?parent=4973"}],"curies":[{"name":"wp","href":"https:\/\/api.w.org\/{rel}","templated":true}]}}

<p><strong>1. Comisiones Provinciales de seguimiento de la convivencia escolar:</strong></p>
<p><span style="font-size: 10pt">En las Delegaciones Territoriales de Educación de cada una de las ocho provincias, existe una Comisión Provincial de Seguimiento de la Convivencia Escolar, como órgano colegiado de coordinación y seguimiento de cada uno de los objetivos y medidas en este ámbito, integradas por todos los Servicios de las respectivas Delegaciones con competencias en la materia, así como representantes sindicales y de los diferentes sectores de la comunidad educativa.&nbsp; En dicha comisión forma parte tanto el área de Apoyo a la Función Tutorial y asesoramiento a la Convivencia como el Gabinete de Convivencia.</span></p>
<p><strong>2. Equipo Provincial de Seguimiento del Acoso Escolar y Ciberacoso</strong></p>
<p><span style="font-size: 10pt">En las Delegaciones Territoriales de Educación se constituirá un Equipo provincial de seguimiento del acoso escolar y el ciberacoso constituido por el jefe o jefa de servicio de Ordenación Educativa, un inspector o inspectora designado por el titular o la titular de la Delegación Territorial de Educación, el gabinete provincial de asesoramiento sobre la convivencia escolar, el área de tanto el área de Apoyo a la Función Tutorial y asesoramiento a la Convivencia&nbsp; y en aquellos casos en los que pueda estar implicado alumnado con problemas o trastornos graves de conducta, un representante del Equipo de Orientación Educativa especializado en la atención al alumnado con trastornos graves de conducta, con las siguientes funciones:</span></p>
<ul style="list-style-type: square">
<li><span style="font-size: 10pt">La coordinación con los distintos órganos implicados en el ámbito provincial de la Delegación Territorial de Educación, con el Servicio competente en materia de convivencia e igualdad de la Consejería de Educación y con otras instancias (Servicios Sociales Comunitarios, Servicio Andaluz de Salud, Unidad de Salud Mental Infanto-Juvenil, Fiscalía de Menores, Unidad de delitos tecnológicos de la Policía Nacional, Grupo de Menores de la Policía Nacional, Servicio de Asistencia a Víctimas en Andalucía&#8230;).</span></li>
<li><span style="font-size: 10pt">Asesoramiento en las actuaciones al centro, a los inspectores o inspectoras y profesionales de la orientación educativa, con especial atención a los casos de especial gravedad o impacto social.</span></li>
<li><span style="font-size: 10pt">El registro provincial de las situaciones de acoso y ciberacoso.</span></li>
</ul>

<p>1. Comisiones Provinciales de seguimiento de la convivencia escolar: En las Delegaciones Territoriales de Educación de cada una de las ocho provincias, existe una Comisión&hellip;</p>
