{"id":5035,"date":"2017-08-01T15:24:38","date_gmt":"2017-08-01T15:24:38","guid":{"rendered":"https:\/\/blogsaverroes.juntadeandalucia.es\/orientajaen\/?page_id=5035"},"modified":"2020-03-18T18:05:52","modified_gmt":"2020-03-18T18:05:52","slug":"at-id-alumnado-con-medidas-de-proteccion-maltrato-infantil","status":"publish","type":"page","link":"https:\/\/blogsaverroes.juntadeandalucia.es\/orientajaen\/at-id-alumnado-con-medidas-de-proteccion-maltrato-infantil\/","title":{"rendered":"AT: ID \u2013 Alumnado con medidas de protecci\u00f3n \u2013 Maltrato Infantil"},"content":{"rendered":"<p><strong>Normativa:<\/strong><\/p>\n<ul>\n<li><a href=\"https:\/\/blogsaverroes.juntadeandalucia.es\/orientajaen\/files\/2020\/03\/Decreto-210-2018_20-noviembre_SIMIA.pdf\" target=\"_blank\" rel=\"noopener noreferrer\"><span style=\"font-size: 10pt\">Decreto 210\/2018, de 20 de noviembre, por el que se regula el procedimiento de actuaci\u00f3n ante situaciones de riesgo y desamparo de la infancia y adolescencia en Andaluc\u00eda (SIMIA).<\/span><\/a><\/li>\n<li><span style=\"font-size: 10pt\"><a href=\"https:\/\/blogsaverroes.juntadeandalucia.es\/orientajaen\/files\/2020\/03\/Orden_30-07-2019_hoja_notificaci\u00f3n_SIMIA.pdf\" target=\"_blank\" rel=\"noopener noreferrer\">Orden de 30 de julio de 2019, por la que se aprueba el formulario normalizado de la hoja de notificaci\u00f3n de posibles situaciones de riesgo y desamparo de la infancia y adolescencia.<\/a><\/span><\/li>\n<li><a href=\"https:\/\/blogsaverroes.juntadeandalucia.es\/orientajaen\/files\/2020\/03\/Orden_30-07-2019_hoja_notificaci\u00f3n_SIMIA_correcci\u00f3n_errores.pdf\" target=\"_blank\" rel=\"noopener noreferrer\"><span style=\"font-size: 10pt\">Correcci\u00f3n de errores de la Orden de 30 de julio de 2019, por la que se aprueba el formulario normalizado de la hoja de notificaci\u00f3n de posibles situaciones de riesgo y desamparo de la infancia y adolescencia (BOJA n\u00fam. 149, de 5.8.2019).<\/span><\/a><\/li>\n<li><a href=\"https:\/\/blogsaverroes.juntadeandalucia.es\/orientajaen\/files\/2020\/03\/Orden_30-04-2019_valoraci\u00f3n_gravedad_VAL\u00d3RAME.pdf\" target=\"_blank\" rel=\"noopener noreferrer\"><span style=\"font-size: 10pt\">Orden de 30 de julio de 2019, por la que se aprueba y publica el instrumento para la valoraci\u00f3n de la gravedad de las situaciones de riesgo, desprotecci\u00f3n y desamparo de la infancia y adolescencia en Andaluc\u00eda (VAL\u00d3RAME).<\/span><\/a><\/li>\n<li><span style=\"font-size: 10pt;color: #0000ff\"><a href=\"https:\/\/www.juntadeandalucia.es\/boja\/2011\/132\/1\" target=\"_blank\" rel=\"noopener noreferrer\">ORDEN de 20 de junio de 2011, por la que se adoptan medidas para la promoci\u00f3n de la convivencia en los centros docentes sostenidos con fondos p\u00fablicos y se regula el derecho de las familias a participar en el proceso educativo de sus hijos e hijas.<\/a> <\/span><\/li>\n<li><span style=\"color: #000000\"><a style=\"color: #000000\" href=\"https:\/\/blogsaverroes.juntadeandalucia.es\/orientajaen\/files\/2017\/08\/8.-Cuaderno-legislativo-Menor.pdf\" target=\"_blank\" rel=\"noopener noreferrer\"><span style=\"font-size: 10pt\">Cuaderno recopilatorio de legislaci\u00f3n de menores de edad.<\/span><\/a><\/span><\/li>\n<\/ul>\n<p><strong>MALTRATO INFANTIL:<\/strong><\/p>\n<p><span style=\"font-size: 10pt\">El papel de los profesionales de la educaci\u00f3n es especialmente relevante en las labores de prevenci\u00f3n, identificaci\u00f3n y notificaci\u00f3n de las situaciones de riesgo y de desprotecci\u00f3n de los ni\u00f1os, ni\u00f1as. La escuela es la \u00fanica instituci\u00f3n a la que acuden diariamente todos los ni\u00f1os y ni\u00f1as, por lo que se convierte en un observatorio privilegiado para la detecci\u00f3n del maltrato infantil.<\/span><\/p>\n<p><span style=\"font-size: 10pt\"><strong>Protocolos de actuaci\u00f3n e intervenci\u00f3n ante situaciones de acoso escolar, ciberacoso, maltrato infantil, violencia de g\u00e9nero en el \u00e1mbito educativo, identidad de g\u00e9nero o agresiones hacia el profesorado o personal no docente:<\/strong><\/span><br \/>\n<span style=\"color: #0000ff;font-size: 10pt\"><a style=\"color: #0000ff\" href=\"http:\/\/www.juntadeandalucia.es\/educacion\/webportal\/web\/convivencia-escolar\/protocolos-de-actuacion\" target=\"_blank\" rel=\"noopener noreferrer\">http:\/\/www.juntadeandalucia.es\/educacion\/webportal\/web\/convivencia-escolar\/protocolos-de-actuacion<\/a><\/span><\/p>\n<p><span style=\"font-size: 10pt\"><strong>Atenci\u00f3n al maltrato y al abuso infantil:<\/strong><\/span><br \/>\n<span style=\"color: #0000ff;font-size: 10pt\"><a style=\"color: #0000ff\" href=\"http:\/\/www.juntadeandalucia.es\/temas\/familias-igualdad\/infancia\/maltrato.html\" target=\"_blank\" rel=\"noopener noreferrer\">http:\/\/www.juntadeandalucia.es\/temas\/familias-igualdad\/infancia\/maltrato.html<\/a><\/span><\/p>\n<p><span style=\"font-size: 10pt\"><strong>COORDINACI\u00d3N:<\/strong><\/span><\/p>\n<p><span style=\"font-size: 10pt\">En la l\u00ednea de consolidar una efectiva coordinaci\u00f3n interinstitucional para proteger a los ni\u00f1os y ni\u00f1as del maltrato intrafamiliar, y fruto de la suscripci\u00f3n del <a href=\"https:\/\/blogsaverroes.juntadeandalucia.es\/orientajaen\/files\/2017\/08\/15.-ACUERDO_COORDINACI\u00d3N_ISPS-EDU.pdf\" target=\"_blank\" rel=\"noopener noreferrer\">Acuerdo de Colaboraci\u00f3n firmado el 23 de abril de 2015 entre las Delegaciones Territoriales de Igualdad, Salud y Pol\u00edticas Sociales y Educaci\u00f3n, Cultura y Deportes de Ja\u00e9n<\/a>, nace el documento Pautas de actuaci\u00f3n, en el \u00e1mbito educativo, ante casos de maltrato infantil intrafamiliar, elaborado y consensuado por los y las profesionales de dichas Delegaciones Territoriales, para la prevenci\u00f3n y la actuaci\u00f3n en caso de maltrato infantil detectado en el \u00e1mbito educativo, as\u00ed como para la promoci\u00f3n del buen trato a la infancia y la adolescencia.<\/span><\/p>\n<p><a href=\"https:\/\/blogsaverroes.juntadeandalucia.es\/orientajaen\/files\/2017\/08\/16.-ACUERDO_PAUTAS_ACTUACI\u00d3N.pdf\" target=\"_blank\" rel=\"noopener noreferrer\"><img decoding=\"async\" class=\"aligncenter wp-image-5144\" src=\"https:\/\/blogsaverroes.juntadeandalucia.es\/orientajaen\/files\/2017\/08\/16.-ACUERDO_PAUTAS_ACTUACI\u00d3N-212x300.jpg\" alt=\"\" width=\"150\" height=\"212\" srcset=\"https:\/\/blogsaverroes.juntadeandalucia.es\/orientajaen\/files\/2017\/08\/16.-ACUERDO_PAUTAS_ACTUACI\u00d3N-212x300.jpg 212w, https:\/\/blogsaverroes.juntadeandalucia.es\/orientajaen\/files\/2017\/08\/16.-ACUERDO_PAUTAS_ACTUACI\u00d3N-768x1087.jpg 768w, https:\/\/blogsaverroes.juntadeandalucia.es\/orientajaen\/files\/2017\/08\/16.-ACUERDO_PAUTAS_ACTUACI\u00d3N-724x1024.jpg 724w, https:\/\/blogsaverroes.juntadeandalucia.es\/orientajaen\/files\/2017\/08\/16.-ACUERDO_PAUTAS_ACTUACI\u00d3N-17x24.jpg 17w, https:\/\/blogsaverroes.juntadeandalucia.es\/orientajaen\/files\/2017\/08\/16.-ACUERDO_PAUTAS_ACTUACI\u00d3N-25x36.jpg 25w, https:\/\/blogsaverroes.juntadeandalucia.es\/orientajaen\/files\/2017\/08\/16.-ACUERDO_PAUTAS_ACTUACI\u00d3N-34x48.jpg 34w, https:\/\/blogsaverroes.juntadeandalucia.es\/orientajaen\/files\/2017\/08\/16.-ACUERDO_PAUTAS_ACTUACI\u00d3N.jpg 769w\" sizes=\"(max-width: 150px) 100vw, 150px\" \/><\/a><br \/>\n<span style=\"font-size: 10pt\"> Este acuerdo nace como resultado de la Formaci\u00f3n de una comisi\u00f3n para la elaboraci\u00f3n de un documento de actuaci\u00f3n conjunta en la detecci\u00f3n, valoraci\u00f3n, notificaci\u00f3n e intervenci\u00f3n en casos de maltrato infantil intrafamiliar.<\/span><br \/>\n<span style=\"font-size: 10pt\"> Pretende la difusi\u00f3n y puesta en marcha de dicho documento de actuaci\u00f3n conjunta, junto con la formaci\u00f3n en la materia en dos fases:<\/span><br \/>\n<span style=\"font-size: 10pt\"> Jornada informativa-formativa dirigida a profesionales de la Inspecci\u00f3n, Orientaci\u00f3n,&nbsp; y asesor\u00edas de formaci\u00f3n.<\/span><br \/>\n<span style=\"font-size: 10pt\"> Actuaciones encaminadas a sensibilizar, concienciar e informar a toda la comunidad Educativa de&nbsp; nuestros centros realizando claustros monogr\u00e1ficos al respecto.<\/span><br \/>\n<span style=\"font-size: 10pt\"> Esta actuaci\u00f3n se llev\u00f3 a cabo durante el curso escolar 2015-2016, complet\u00e1ndose en este curso en aquellos centros que no se hab\u00eda realizado.<\/span><\/p>\n","protected":false},"excerpt":{"rendered":"<p>Normativa: Decreto 210\/2018, de 20 de noviembre, por el que se regula el procedimiento de actuaci\u00f3n ante situaciones de riesgo y desamparo de la infancia&hellip;<\/p>\n","protected":false},"author":1213,"featured_media":0,"parent":0,"menu_order":0,"comment_status":"closed","ping_status":"closed","template":"","meta":{"ngg_post_thumbnail":0,"footnotes":""},"aioseo_notices":[],"_links":{"self":[{"href":"https:\/\/blogsaverroes.juntadeandalucia.es\/orientajaen\/wp-json\/wp\/v2\/pages\/5035"}],"collection":[{"href":"https:\/\/blogsaverroes.juntadeandalucia.es\/orientajaen\/wp-json\/wp\/v2\/pages"}],"about":[{"href":"https:\/\/blogsaverroes.juntadeandalucia.es\/orientajaen\/wp-json\/wp\/v2\/types\/page"}],"author":[{"embeddable":true,"href":"https:\/\/blogsaverroes.juntadeandalucia.es\/orientajaen\/wp-json\/wp\/v2\/users\/1213"}],"replies":[{"embeddable":true,"href":"https:\/\/blogsaverroes.juntadeandalucia.es\/orientajaen\/wp-json\/wp\/v2\/comments?post=5035"}],"version-history":[{"count":17,"href":"https:\/\/blogsaverroes.juntadeandalucia.es\/orientajaen\/wp-json\/wp\/v2\/pages\/5035\/revisions"}],"predecessor-version":[{"id":7218,"href":"https:\/\/blogsaverroes.juntadeandalucia.es\/orientajaen\/wp-json\/wp\/v2\/pages\/5035\/revisions\/7218"}],"wp:attachment":[{"href":"https:\/\/blogsaverroes.juntadeandalucia.es\/orientajaen\/wp-json\/wp\/v2\/media?parent=5035"}],"curies":[{"name":"wp","href":"https:\/\/api.w.org\/{rel}","templated":true}]}}

AT: ID – Alumnado con medidas de protección – Maltrato Infantil

<p><strong>Normativa:</strong></p>
<ul>
<li><a href="https://blogsaverroes.juntadeandalucia.es/orientajaen/files/2020/03/Decreto-210-2018_20-noviembre_SIMIA.pdf" target="_blank" rel="noopener noreferrer"><span style="font-size: 10pt">Decreto 210/2018, de 20 de noviembre, por el que se regula el procedimiento de actuación ante situaciones de riesgo y desamparo de la infancia y adolescencia en Andalucía (SIMIA).</span></a></li>
<li><span style="font-size: 10pt"><a href="https://blogsaverroes.juntadeandalucia.es/orientajaen/files/2020/03/Orden_30-07-2019_hoja_notificación_SIMIA.pdf" target="_blank" rel="noopener noreferrer">Orden de 30 de julio de 2019, por la que se aprueba el formulario normalizado de la hoja de notificación de posibles situaciones de riesgo y desamparo de la infancia y adolescencia.</a></span></li>
<li><a href="https://blogsaverroes.juntadeandalucia.es/orientajaen/files/2020/03/Orden_30-07-2019_hoja_notificación_SIMIA_corrección_errores.pdf" target="_blank" rel="noopener noreferrer"><span style="font-size: 10pt">Corrección de errores de la Orden de 30 de julio de 2019, por la que se aprueba el formulario normalizado de la hoja de notificación de posibles situaciones de riesgo y desamparo de la infancia y adolescencia (BOJA núm. 149, de 5.8.2019).</span></a></li>
<li><a href="https://blogsaverroes.juntadeandalucia.es/orientajaen/files/2020/03/Orden_30-04-2019_valoración_gravedad_VALÓRAME.pdf" target="_blank" rel="noopener noreferrer"><span style="font-size: 10pt">Orden de 30 de julio de 2019, por la que se aprueba y publica el instrumento para la valoración de la gravedad de las situaciones de riesgo, desprotección y desamparo de la infancia y adolescencia en Andalucía (VALÓRAME).</span></a></li>
<li><span style="font-size: 10pt;color: #0000ff"><a href="https://www.juntadeandalucia.es/boja/2011/132/1" target="_blank" rel="noopener noreferrer">ORDEN de 20 de junio de 2011, por la que se adoptan medidas para la promoción de la convivencia en los centros docentes sostenidos con fondos públicos y se regula el derecho de las familias a participar en el proceso educativo de sus hijos e hijas.</a> </span></li>
<li><span style="color: #000000"><a style="color: #000000" href="https://blogsaverroes.juntadeandalucia.es/orientajaen/files/2017/08/8.-Cuaderno-legislativo-Menor.pdf" target="_blank" rel="noopener noreferrer"><span style="font-size: 10pt">Cuaderno recopilatorio de legislación de menores de edad.</span></a></span></li>
</ul>
<p><strong>MALTRATO INFANTIL:</strong></p>
<p><span style="font-size: 10pt">El papel de los profesionales de la educación es especialmente relevante en las labores de prevención, identificación y notificación de las situaciones de riesgo y de desprotección de los niños, niñas. La escuela es la única institución a la que acuden diariamente todos los niños y niñas, por lo que se convierte en un observatorio privilegiado para la detección del maltrato infantil.</span></p>
<p><span style="font-size: 10pt"><strong>Protocolos de actuación e intervención ante situaciones de acoso escolar, ciberacoso, maltrato infantil, violencia de género en el ámbito educativo, identidad de género o agresiones hacia el profesorado o personal no docente:</strong></span><br />
<span style="color: #0000ff;font-size: 10pt"><a style="color: #0000ff" href="http://www.juntadeandalucia.es/educacion/webportal/web/convivencia-escolar/protocolos-de-actuacion" target="_blank" rel="noopener noreferrer">http://www.juntadeandalucia.es/educacion/webportal/web/convivencia-escolar/protocolos-de-actuacion</a></span></p>
<p><span style="font-size: 10pt"><strong>Atención al maltrato y al abuso infantil:</strong></span><br />
<span style="color: #0000ff;font-size: 10pt"><a style="color: #0000ff" href="http://www.juntadeandalucia.es/temas/familias-igualdad/infancia/maltrato.html" target="_blank" rel="noopener noreferrer">http://www.juntadeandalucia.es/temas/familias-igualdad/infancia/maltrato.html</a></span></p>
<p><span style="font-size: 10pt"><strong>COORDINACIÓN:</strong></span></p>
<p><span style="font-size: 10pt">En la línea de consolidar una efectiva coordinación interinstitucional para proteger a los niños y niñas del maltrato intrafamiliar, y fruto de la suscripción del <a href="https://blogsaverroes.juntadeandalucia.es/orientajaen/files/2017/08/15.-ACUERDO_COORDINACIÓN_ISPS-EDU.pdf" target="_blank" rel="noopener noreferrer">Acuerdo de Colaboración firmado el 23 de abril de 2015 entre las Delegaciones Territoriales de Igualdad, Salud y Políticas Sociales y Educación, Cultura y Deportes de Jaén</a>, nace el documento Pautas de actuación, en el ámbito educativo, ante casos de maltrato infantil intrafamiliar, elaborado y consensuado por los y las profesionales de dichas Delegaciones Territoriales, para la prevención y la actuación en caso de maltrato infantil detectado en el ámbito educativo, así como para la promoción del buen trato a la infancia y la adolescencia.</span></p>
<p><a href="https://blogsaverroes.juntadeandalucia.es/orientajaen/files/2017/08/16.-ACUERDO_PAUTAS_ACTUACIÓN.pdf" target="_blank" rel="noopener noreferrer"><img decoding="async" class="aligncenter wp-image-5144" src="https://blogsaverroes.juntadeandalucia.es/orientajaen/files/2017/08/16.-ACUERDO_PAUTAS_ACTUACIÓN-212x300.jpg" alt="" width="150" height="212" srcset="https://blogsaverroes.juntadeandalucia.es/orientajaen/files/2017/08/16.-ACUERDO_PAUTAS_ACTUACIÓN-212x300.jpg 212w, https://blogsaverroes.juntadeandalucia.es/orientajaen/files/2017/08/16.-ACUERDO_PAUTAS_ACTUACIÓN-768x1087.jpg 768w, https://blogsaverroes.juntadeandalucia.es/orientajaen/files/2017/08/16.-ACUERDO_PAUTAS_ACTUACIÓN-724x1024.jpg 724w, https://blogsaverroes.juntadeandalucia.es/orientajaen/files/2017/08/16.-ACUERDO_PAUTAS_ACTUACIÓN-17x24.jpg 17w, https://blogsaverroes.juntadeandalucia.es/orientajaen/files/2017/08/16.-ACUERDO_PAUTAS_ACTUACIÓN-25x36.jpg 25w, https://blogsaverroes.juntadeandalucia.es/orientajaen/files/2017/08/16.-ACUERDO_PAUTAS_ACTUACIÓN-34x48.jpg 34w, https://blogsaverroes.juntadeandalucia.es/orientajaen/files/2017/08/16.-ACUERDO_PAUTAS_ACTUACIÓN.jpg 769w" sizes="(max-width: 150px) 100vw, 150px" /></a><br />
<span style="font-size: 10pt"> Este acuerdo nace como resultado de la Formación de una comisión para la elaboración de un documento de actuación conjunta en la detección, valoración, notificación e intervención en casos de maltrato infantil intrafamiliar.</span><br />
<span style="font-size: 10pt"> Pretende la difusión y puesta en marcha de dicho documento de actuación conjunta, junto con la formación en la materia en dos fases:</span><br />
<span style="font-size: 10pt"> Jornada informativa-formativa dirigida a profesionales de la Inspección, Orientación,&nbsp; y asesorías de formación.</span><br />
<span style="font-size: 10pt"> Actuaciones encaminadas a sensibilizar, concienciar e informar a toda la comunidad Educativa de&nbsp; nuestros centros realizando claustros monográficos al respecto.</span><br />
<span style="font-size: 10pt"> Esta actuación se llevó a cabo durante el curso escolar 2015-2016, completándose en este curso en aquellos centros que no se había realizado.</span></p>

<p>Normativa: Decreto 210/2018, de 20 de noviembre, por el que se regula el procedimiento de actuación ante situaciones de riesgo y desamparo de la infancia&hellip;</p>
