{"id":5329,"date":"2017-08-11T07:12:29","date_gmt":"2017-08-11T07:12:29","guid":{"rendered":"https:\/\/blogsaverroes.juntadeandalucia.es\/orientajaen\/?page_id=5329"},"modified":"2020-03-30T17:36:25","modified_gmt":"2020-03-30T17:36:25","slug":"at-igualdad-iam","status":"publish","type":"page","link":"https:\/\/blogsaverroes.juntadeandalucia.es\/orientajaen\/at-igualdad-iam\/","title":{"rendered":"AT: IGUALDAD &#8211; IAM"},"content":{"rendered":"<p><strong>El Instituto Andaluz de la Mujer (IAM)<\/strong> <span style=\"font-size: 10pt\">realiza actividades de informaci\u00f3n a las mujeres sobre sus derechos y los recursos disponibles, tambi\u00e9n realiza atenci\u00f3n directa a las mujeres, primordialmente a trav\u00e9s de sus Centros Provinciales, los Centros Municipales de Informaci\u00f3n a la Mujer, las Unidades de Empleo de Mujeres y el Tel\u00e9fono 900 200 999 de Informaci\u00f3n a las Mujeres y de asesoramiento legal.<\/span><a href=\"http:\/\/www.juntadeandalucia.es\/institutodelamujer\/\" target=\"_blank\" rel=\"noopener noreferrer\"><img fetchpriority=\"high\" decoding=\"async\" class=\"wp-image-7244 aligncenter\" src=\"https:\/\/blogsaverroes.juntadeandalucia.es\/orientajaen\/files\/2020\/03\/IAM-300x125.jpg\" alt=\"\" width=\"399\" height=\"166\" srcset=\"https:\/\/blogsaverroes.juntadeandalucia.es\/orientajaen\/files\/2020\/03\/IAM-300x125.jpg 300w, https:\/\/blogsaverroes.juntadeandalucia.es\/orientajaen\/files\/2020\/03\/IAM-768x319.jpg 768w, https:\/\/blogsaverroes.juntadeandalucia.es\/orientajaen\/files\/2020\/03\/IAM-1024x426.jpg 1024w, https:\/\/blogsaverroes.juntadeandalucia.es\/orientajaen\/files\/2020\/03\/IAM-24x10.jpg 24w, https:\/\/blogsaverroes.juntadeandalucia.es\/orientajaen\/files\/2020\/03\/IAM-36x15.jpg 36w, https:\/\/blogsaverroes.juntadeandalucia.es\/orientajaen\/files\/2020\/03\/IAM-48x20.jpg 48w, https:\/\/blogsaverroes.juntadeandalucia.es\/orientajaen\/files\/2020\/03\/IAM.jpg 1061w\" sizes=\"(max-width: 399px) 100vw, 399px\" \/><\/a><\/p>\n<p><strong><span style=\"font-size: 10pt\">CENTROS PROVINCIALES DEL INSTITUTO ANDALUZ DE LA MUJER<\/span><\/strong><br \/>\n<span style=\"font-size: 10pt\">La estructura provincial del IAM est\u00e1 formada por los 8 Centros Provinciales de la Mujer ubicados en las capitales de cada una de las provincias andaluzas. <\/span><span style=\"font-size: 10pt\">Estos Centros ofrecen informaci\u00f3n sobre los derechos y oportunidades de las mujeres y proporcionan atenci\u00f3n y asesoramiento para actuar en caso de discriminaci\u00f3n.<\/span><\/p>\n<p style=\"padding-left: 60px\"><span style=\"font-size: 10pt\">Centro Provincial Instituto Andaluz de la Mujer Ja\u00e9n<\/span><br \/>\n<span style=\"font-size: 10pt\">C\/ Hurtado, n\u00ba 4 (23001). <\/span><br \/>\n<span style=\"font-size: 10pt\">Tel\u00e9fono: 953 003 300. Fax: 953 003 317.<\/span><br \/>\n<span style=\"font-size: 10pt\">cmujer.jaen.iam@juntadeandalucia.es<\/span><\/p>\n<p><strong>CENTROS MUNICIPALES DE INFORMACI\u00d3N DE LA PROVINCIA DE JA\u00c9N<\/strong><\/p>\n<p><span style=\"font-size: 10pt\">Fruto de la colaboraci\u00f3n del Instituto Andaluz de la Mujer con los Ayuntamientos Andaluces son los <span style=\"color: #0000ff\"><a style=\"color: #0000ff\" href=\"http:\/\/www.juntadeandalucia.es\/institutodelamujer\/index.php\/component\/zhgooglemap\/?id=19&amp;categorylistid=94\" target=\"_blank\" rel=\"noopener noreferrer\">Centros Municipales de Informaci\u00f3n a las Mujeres (CMIM)<\/a><\/span>. Estos Centros, desde los que se articula una intervenci\u00f3n global dirigida a las mujeres, ofrecen informaci\u00f3n, atenci\u00f3n y asesoramiento en pol\u00edticas de igualdad y el fomento de la participaci\u00f3n. Adem\u00e1s se realizan programas espec\u00edficos de desarrollo personal, educativo y de salud, as\u00ed como de orientaci\u00f3n profesional y laboral. En Ja\u00e9n tenemos&nbsp; 20 centros Municipales de Informaci\u00f3n a la Mujer. <\/span><\/p>\n<p><span style=\"font-size: 10pt\">OBJETIVOS:<\/span><\/p>\n<ul>\n<li><span style=\"font-size: 10pt\">Hacer posible la participaci\u00f3n y presencia de las mujeres en la vida pol\u00edtica, cultural y social, as\u00ed como su participaci\u00f3n en el proceso de toma de decisiones que favorezcan la perspectiva de g\u00e9nero en la pol\u00edtica p\u00fablica municipal.<\/span><\/li>\n<li><span style=\"font-size: 10pt\">Conocer las demandas espec\u00edficas que expl\u00edcita o impl\u00edcitamente planteen las mujeres en los diferentes Servicios Municipales, relacionadas directamente con situaciones de discriminaci\u00f3n y desigualdades por raz\u00f3n de g\u00e9nero.<\/span><\/li>\n<li><span style=\"font-size: 10pt\">Favorecer la coordinaci\u00f3n y cooperaci\u00f3n de las distintas Administraciones y entidades implicadas, en el \u00e1mbito local, en el desarrollo de la igualdad de la mujer en los distintos \u00e1mbitos.<\/span><\/li>\n<li><span style=\"font-size: 10pt\">Proporcionar a la mujer, directa o indirectamente, una formaci\u00f3n que la dote de una mayor conciencia de sus necesidades y sus derechos como ciudadana.<\/span><\/li>\n<li><span style=\"font-size: 10pt\"> Proponer y desarrollar programas de actuaci\u00f3n para la mujer.<\/span><\/li>\n<li><span style=\"font-size: 10pt\">Avanzar en la eliminaci\u00f3n de las situaciones de discriminaci\u00f3n laboral, cultural, econ\u00f3mica o pol\u00edtica desde una perspectiva de g\u00e9nero en el \u00e1mbito local.<\/span><\/li>\n<li><span style=\"font-size: 10pt\">Promocionar el asociacionismo femenino, estimulando su creaci\u00f3n y desarrollo.<\/span><\/li>\n<li><span style=\"font-size: 10pt\">Impulsar las investigaciones sobre la situaci\u00f3n local de la mujer en diversos \u00e1mbitos.<\/span><\/li>\n<\/ul>\n<p><span style=\"font-size: 10pt\">Actuaciones: Informaci\u00f3n, Participaci\u00f3n y Sensibilizaci\u00f3n, Atenci\u00f3n Violencia de G\u00e9nero.<\/span><\/p>\n<p><span style=\"font-size: 10pt\">Centros&nbsp; municipales:&nbsp; CMIM Alcal\u00e1 la Real, CMIM Alcaudete, CMIM And\u00fajar, CMIM Arjonilla, CMIM Baeza, CMIM Bail\u00e9n, CMIM Castellar, CMIM Cazorla, CMIM Huesa, CMIM J\u00f3dar, CMIM La Carolina, CMIM La Puerta de Segura, CMIM L\u00ednares, CMIM Marmolejo, CMIM Martos, CMIM Porcuna, CMIM Torredelcampo, CMIM Torredonjimeno, CMIM Villacarrillo y CMIM Villanueva del Arzobispo.<\/span><\/p>\n<p><span style=\"font-size: 10pt\">RECURSOS Y SERVICIOS: <span style=\"color: #0000ff\"><a style=\"color: #0000ff\" href=\"http:\/\/www.juntadeandalucia.es\/institutodelamujer\/index.php\/areas-tematicas\/coeducacion\" target=\"_blank\" rel=\"noopener noreferrer\">http:\/\/www.juntadeandalucia.es\/institutodelamujer\/index.php\/areas-tematicas\/coeducacion#<\/a><\/span><\/span><\/p>\n<p><span style=\"font-size: 10pt\"><strong>NORMATIVA REGULADORA<\/strong>:<\/span><\/p>\n<ul style=\"list-style-type: circle\">\n<li><span style=\"font-size: 10pt\"><a href=\"http:\/\/www.juntadeandalucia.es\/boja\/2007\/247\/d1.pdf\" target=\"_blank\" rel=\"noopener noreferrer\">Ley 12\/2007 de 26 de noviembre para la Promoci\u00f3n de la Igualdad de G\u00e9nero en Andaluc\u00eda<\/a>.<\/span><\/li>\n<li><span style=\"font-size: 10pt\"><a href=\"http:\/\/www.juntadeandalucia.es\/boja\/2007\/247\/d2.pdf\" target=\"_blank\" rel=\"noopener noreferrer\">Ley 13\/2007 de 26 de noviembre de medidas de prevenci\u00f3n y protecci\u00f3n integral contra la violencia de g\u00e9nero<\/a>.<\/span><\/li>\n<li><span style=\"font-size: 10pt\"><a href=\"http:\/\/www.juntadeandalucia.es\/institutodelamujer\/images\/FONDO_DOCUMENTAL\/LEGISLACION\/BOJA15-190-00001-15814-01_00076807.pdf\" target=\"_blank\" rel=\"noopener noreferrer\">Resoluci\u00f3n de 23 de septiembre de 2015, de la Secretar\u00eda General T\u00e9cnica, por la que se acuerda someter a informaci\u00f3n p\u00fablica el anteproyecto de ley de modificaci\u00f3n de la ley que se cita, para la promoci\u00f3n de la igualdad de g\u00e9nero en Andaluc\u00eda (Boja n\u00ba190 de 29 de septiembre de 2015)<\/a>.<\/span><\/li>\n<li><span style=\"font-size: 10pt\"><a href=\"http:\/\/www.juntadeandalucia.es\/institutodelamujer\/images\/FONDO_DOCUMENTAL\/LEGISLACION\/Texto_Anteproyecto.pdf\" target=\"_blank\" rel=\"noopener noreferrer\">Anteproyecto de Ley de modificaci\u00f3n de la Ley 12\/2007, de 26 de noviembre, para la promoci\u00f3n de la igualdad de g\u00e9nero en Andaluc\u00eda<\/a>.<\/span><\/li>\n<\/ul>\n","protected":false},"excerpt":{"rendered":"<p>El Instituto Andaluz de la Mujer (IAM) realiza actividades de informaci\u00f3n a las mujeres sobre sus derechos y los recursos disponibles, tambi\u00e9n realiza atenci\u00f3n directa&hellip;<\/p>\n","protected":false},"author":1213,"featured_media":0,"parent":0,"menu_order":0,"comment_status":"closed","ping_status":"closed","template":"","meta":{"ngg_post_thumbnail":0,"footnotes":""},"aioseo_notices":[],"_links":{"self":[{"href":"https:\/\/blogsaverroes.juntadeandalucia.es\/orientajaen\/wp-json\/wp\/v2\/pages\/5329"}],"collection":[{"href":"https:\/\/blogsaverroes.juntadeandalucia.es\/orientajaen\/wp-json\/wp\/v2\/pages"}],"about":[{"href":"https:\/\/blogsaverroes.juntadeandalucia.es\/orientajaen\/wp-json\/wp\/v2\/types\/page"}],"author":[{"embeddable":true,"href":"https:\/\/blogsaverroes.juntadeandalucia.es\/orientajaen\/wp-json\/wp\/v2\/users\/1213"}],"replies":[{"embeddable":true,"href":"https:\/\/blogsaverroes.juntadeandalucia.es\/orientajaen\/wp-json\/wp\/v2\/comments?post=5329"}],"version-history":[{"count":8,"href":"https:\/\/blogsaverroes.juntadeandalucia.es\/orientajaen\/wp-json\/wp\/v2\/pages\/5329\/revisions"}],"predecessor-version":[{"id":7245,"href":"https:\/\/blogsaverroes.juntadeandalucia.es\/orientajaen\/wp-json\/wp\/v2\/pages\/5329\/revisions\/7245"}],"wp:attachment":[{"href":"https:\/\/blogsaverroes.juntadeandalucia.es\/orientajaen\/wp-json\/wp\/v2\/media?parent=5329"}],"curies":[{"name":"wp","href":"https:\/\/api.w.org\/{rel}","templated":true}]}}