{"id":5339,"date":"2017-08-11T07:15:21","date_gmt":"2017-08-11T07:15:21","guid":{"rendered":"https:\/\/blogsaverroes.juntadeandalucia.es\/orientajaen\/?page_id=5339"},"modified":"2017-08-14T09:03:20","modified_gmt":"2017-08-14T09:03:20","slug":"at-igualdad-planes-y-programas-tematicas-coeducacion","status":"publish","type":"page","link":"https:\/\/blogsaverroes.juntadeandalucia.es\/orientajaen\/at-igualdad-planes-y-programas-tematicas-coeducacion\/","title":{"rendered":"AT: IGUALDAD &#8211; Planes y Programas &#8211; Tem\u00e1ticas &#8211; Coeducaci\u00f3n"},"content":{"rendered":"<p><span style=\"font-size: 10pt\"><strong>La coeducaci\u00f3n<\/strong> se ha ido abriendo paso durante los \u00faltimos a\u00f1os dentro del sistema educativo espa\u00f1ol a partir de diversas experiencias que han ido cuestionando los planteamientos tradicionales de un modelo educativo, que confund\u00eda la igualdad de acceso a la educaci\u00f3n con la educaci\u00f3n para la igualdad de oportunidades.<\/span><\/p>\n<p><span style=\"font-size: 10pt\"><strong>Coeducar<\/strong> consiste en desarrollar todas las capacidades, tanto de ni\u00f1as como de ni\u00f1os, a trav\u00e9s de la educaci\u00f3n. Supone eliminar estereotipos o ideas preconcebidas sobre las caracter\u00edsticas que deben tener las ni\u00f1as y los ni\u00f1os, los chicos y las chicas, las mujeres y los hombres. Cada ni\u00f1o o cada ni\u00f1a tienen derecho a ser diferentes, por lo que es necesario educar valorando las diferencias individuales y las cualidades personales. Coeducar tiene como objetivo hacer personas dialogantes e implica respeto y tolerancia, por lo que es una garant\u00eda para la prevenci\u00f3n de la violencia.<\/span><\/p>\n<p><span style=\"font-size: 10pt\">Educar en el respeto y la tolerancia, en igualdad de condiciones, de trato y de oportunidades, es educar para la democracia. No se puede hablar de democracia mientras haya desigualdades sobre la mitad del g\u00e9nero humano. El II Plan Estrat\u00e9gico de Igualdad de G\u00e9nero en Educaci\u00f3n 2016-2021 propone cuatro grandes objetivos:<\/span><\/p>\n<p style=\"padding-left: 30px\"><span style=\"font-size: 10pt\">1. Establecer condiciones para que los centros implementen Planes de Centro coeducativos a trav\u00e9s de una organizaci\u00f3n escolar y un curr\u00edculo sin sesgos de g\u00e9nero.<\/span><br \/>\n<span style=\"font-size: 10pt\"> 2. Realizar acciones de sensibilizaci\u00f3n, formaci\u00f3n e implicaci\u00f3n de la comunidad educativa en materia de igualdad de g\u00e9nero, coeducaci\u00f3n y prevenci\u00f3n de la violencia de g\u00e9nero.<\/span><br \/>\n<span style=\"font-size: 10pt\"> 3. Promover actuaciones de sensibilizaci\u00f3n y prevenci\u00f3n de la violencia de g\u00e9nero para contribuir a su erradicaci\u00f3n, asegurando una intervenci\u00f3n adecuada ante posibles casos de violencia de g\u00e9nero en el \u00e1mbito educativo.<\/span><br \/>\n<span style=\"font-size: 10pt\"> 4. Fomentar la integraci\u00f3n de la perspectiva de g\u00e9nero en el funcionamiento de la Administraci\u00f3n educativa, sus organismos adscritos y los centros docentes dependientes de ella.<\/span><\/p>\n<p><span style=\"font-size: 10pt\">En cuanto a su estructura, el II Plan Estrat\u00e9gico de Igualdad de G\u00e9nero en Educaci\u00f3n 2016-2021 fija cuatro l\u00edneas estrat\u00e9gicas:<\/span><\/p>\n<p style=\"padding-left: 30px\"><span style=\"font-size: 10pt\">a) Plan de Centro con perspectiva de g\u00e9nero.<\/span><br \/>\n<span style=\"font-size: 10pt\"> b) Sensibilizaci\u00f3n, formaci\u00f3n e implicaci\u00f3n de la comunidad educativa.<\/span><br \/>\n<span style=\"font-size: 10pt\"> c) Contribuir a erradicar la violencia de g\u00e9nero.<\/span><br \/>\n<span style=\"font-size: 10pt\"> d) Medidas estructurales del propio sistema educativo.<\/span><\/p>\n<p><span style=\"font-size: 10pt\">Estas l\u00edneas estrat\u00e9gicas se articulan en un total de 11 medidas y 69 actuaciones espec\u00edficas que implican tanto al funcionamiento de los centros como a la gesti\u00f3n del propio sistema educativo, las medidas 4, 5 y 6&nbsp; hacen referencia al desarrollo del 2 objetivo.<\/span><\/p>\n<ul>\n<li><span style=\"font-size: 10pt\">Visibilizar elementos de desigualdad de g\u00e9nero en la comunidad educativa, su evoluci\u00f3n en el centro, as\u00ed como dise\u00f1ar las intervenciones que los corrijan, que se desarrolla en 4 actuaciones.<\/span><\/li>\n<li><span style=\"font-size: 10pt\">Impulsar y favorecer la pr\u00e1ctica escolar inclusiva y equitativa, mediante la utilizaci\u00f3n de un lenguaje no sexista en sus expresiones visuales, orales, escritas y en entornos digitales, que se desarrolla en 3 actuaciones.<\/span><\/li>\n<li><span style=\"font-size: 10pt\">Impulsar actuaciones para la sensibilizaci\u00f3n y la formaci\u00f3n en materia de igualdad, coeducaci\u00f3n y prevenci\u00f3n de violencia de g\u00e9nero para la comunidad educativa, que se desarrolla en 13 actuaciones.<\/span><\/li>\n<\/ul>\n<p>&nbsp;<\/p>\n<table style=\"width: 749px\">\n<tbody>\n<tr>\n<td style=\"width: 705px;text-align: left\" colspan=\"2\"><strong><span style=\"font-size: 14pt\">GU\u00cdAS<\/span><\/strong><\/td>\n<\/tr>\n<tr>\n<td style=\"width: 232.8px\"><span style=\"font-size: 10pt\">GU\u00cdA DE COEDUCACI\u00d3N. S\u00edntesis sobre la educaci\u00f3n para la igualdad de oportunidades entre mujeres y hombres<br \/>\n<\/span><\/td>\n<td style=\"width: 472.2px\"><a href=\"https:\/\/blogsaverroes.juntadeandalucia.es\/orientajaen\/files\/2017\/08\/Guia-de-coeducaci\u00f3n.pdf\" target=\"_blank\"><img fetchpriority=\"high\" decoding=\"async\" class=\"aligncenter wp-image-5491 size-medium\" src=\"https:\/\/blogsaverroes.juntadeandalucia.es\/orientajaen\/files\/2017\/08\/Guia_coeducaci\u00f3n-300x237.jpg\" alt=\"\" width=\"300\" height=\"237\" srcset=\"https:\/\/blogsaverroes.juntadeandalucia.es\/orientajaen\/files\/2017\/08\/Guia_coeducaci\u00f3n-300x237.jpg 300w, https:\/\/blogsaverroes.juntadeandalucia.es\/orientajaen\/files\/2017\/08\/Guia_coeducaci\u00f3n-768x606.jpg 768w, https:\/\/blogsaverroes.juntadeandalucia.es\/orientajaen\/files\/2017\/08\/Guia_coeducaci\u00f3n-1024x808.jpg 1024w, https:\/\/blogsaverroes.juntadeandalucia.es\/orientajaen\/files\/2017\/08\/Guia_coeducaci\u00f3n-24x19.jpg 24w, https:\/\/blogsaverroes.juntadeandalucia.es\/orientajaen\/files\/2017\/08\/Guia_coeducaci\u00f3n-36x28.jpg 36w, https:\/\/blogsaverroes.juntadeandalucia.es\/orientajaen\/files\/2017\/08\/Guia_coeducaci\u00f3n-48x38.jpg 48w, https:\/\/blogsaverroes.juntadeandalucia.es\/orientajaen\/files\/2017\/08\/Guia_coeducaci\u00f3n.jpg 1600w\" sizes=\"(max-width: 300px) 100vw, 300px\" \/><\/a><\/td>\n<\/tr>\n<tr>\n<td style=\"width: 232.8px\"><span style=\"font-size: 10pt\">GU\u00cdA DE G\u00c9NERO: IDENTIDADES Y CUIDADOS.Unidades para trabajar con ni\u00f1as, ni\u00f1os y adolescentes el derecho a la igualdad de g\u00e9nero<br \/>\n<\/span><\/td>\n<td style=\"width: 472.2px\"><a href=\"https:\/\/blogsaverroes.juntadeandalucia.es\/orientajaen\/files\/2017\/08\/Gu\u00eda_g\u00e9nero.pdf\" target=\"_blank\"><img decoding=\"async\" class=\"aligncenter wp-image-5492 size-medium\" src=\"https:\/\/blogsaverroes.juntadeandalucia.es\/orientajaen\/files\/2017\/08\/Gu\u00eda_g\u00e9nero-300x212.jpg\" alt=\"\" width=\"300\" height=\"212\" srcset=\"https:\/\/blogsaverroes.juntadeandalucia.es\/orientajaen\/files\/2017\/08\/Gu\u00eda_g\u00e9nero-300x212.jpg 300w, https:\/\/blogsaverroes.juntadeandalucia.es\/orientajaen\/files\/2017\/08\/Gu\u00eda_g\u00e9nero-768x544.jpg 768w, https:\/\/blogsaverroes.juntadeandalucia.es\/orientajaen\/files\/2017\/08\/Gu\u00eda_g\u00e9nero-24x17.jpg 24w, https:\/\/blogsaverroes.juntadeandalucia.es\/orientajaen\/files\/2017\/08\/Gu\u00eda_g\u00e9nero-36x25.jpg 36w, https:\/\/blogsaverroes.juntadeandalucia.es\/orientajaen\/files\/2017\/08\/Gu\u00eda_g\u00e9nero-48x34.jpg 48w, https:\/\/blogsaverroes.juntadeandalucia.es\/orientajaen\/files\/2017\/08\/Gu\u00eda_g\u00e9nero.jpg 842w\" sizes=\"(max-width: 300px) 100vw, 300px\" \/><\/a><\/td>\n<\/tr>\n<tr>\n<td style=\"width: 232.8px\"><span style=\"font-size: 10pt\">C\u00d3MO ELABORAR Y SELECCIONAR MATERIALES COEDUCATIVOS<\/span><\/td>\n<td style=\"width: 472.2px\"><a href=\"https:\/\/blogsaverroes.juntadeandalucia.es\/orientajaen\/files\/2017\/08\/C\u00f3mo_elaborar_materiales_coeducativos.pdf\" target=\"_blank\"><img decoding=\"async\" class=\"aligncenter wp-image-5490 size-medium\" src=\"https:\/\/blogsaverroes.juntadeandalucia.es\/orientajaen\/files\/2017\/08\/C\u00f3mo_elaborar_materiales_coeducativos-214x300.jpg\" alt=\"\" width=\"214\" height=\"300\" srcset=\"https:\/\/blogsaverroes.juntadeandalucia.es\/orientajaen\/files\/2017\/08\/C\u00f3mo_elaborar_materiales_coeducativos-214x300.jpg 214w, https:\/\/blogsaverroes.juntadeandalucia.es\/orientajaen\/files\/2017\/08\/C\u00f3mo_elaborar_materiales_coeducativos-768x1079.jpg 768w, https:\/\/blogsaverroes.juntadeandalucia.es\/orientajaen\/files\/2017\/08\/C\u00f3mo_elaborar_materiales_coeducativos-729x1024.jpg 729w, https:\/\/blogsaverroes.juntadeandalucia.es\/orientajaen\/files\/2017\/08\/C\u00f3mo_elaborar_materiales_coeducativos-17x24.jpg 17w, https:\/\/blogsaverroes.juntadeandalucia.es\/orientajaen\/files\/2017\/08\/C\u00f3mo_elaborar_materiales_coeducativos-26x36.jpg 26w, https:\/\/blogsaverroes.juntadeandalucia.es\/orientajaen\/files\/2017\/08\/C\u00f3mo_elaborar_materiales_coeducativos-34x48.jpg 34w, https:\/\/blogsaverroes.juntadeandalucia.es\/orientajaen\/files\/2017\/08\/C\u00f3mo_elaborar_materiales_coeducativos.jpg 842w\" sizes=\"(max-width: 214px) 100vw, 214px\" \/><\/a><\/td>\n<\/tr>\n<\/tbody>\n<\/table>\n<p>&nbsp;<\/p>\n<p><span style=\"font-size: 10pt\"><strong>RECURSOS<\/strong><\/span><\/p>\n<ol>\n<li><span style=\"font-size: 10pt\">EDUCAR EN IGUALDAD<\/span><br \/>\n<span style=\"font-size: 10pt\"><span style=\"color: #0000ff\"><a style=\"color: #0000ff\" href=\"http:\/\/mooc.educalab.es\/courses\/course-v1:INTEF+INTEF170+2017_ED1\/about\" target=\"_blank\">INTEF MOOC<\/a><\/span>. Este MOOC del Instituto de la Mujer y para la Igualdad de Oportunidades (IMIO) re\u00fane m\u00faltiples propuestas de reflexi\u00f3n, indagaci\u00f3n y creaci\u00f3n de recursos pr\u00e1cticos para llevar la coeducaci\u00f3n al propio entorno personal, familiar y laboral, teniendo en cuenta que son varios los \u00e1mbitos y personas que intervienen en el proceso educativo de ni\u00f1as y ni\u00f1os, a quienes podemos ofrecer significados m\u00e1s o menos libres sobre los que conformen su ser y estar en el mundo.<\/span><\/li>\n<li><span style=\"color: #0000ff;font-size: 10pt\"><a style=\"color: #0000ff\" href=\"http:\/\/www.juntadeandalucia.es\/educacion\/webportal\/web\/portal-de-igualdad\/detalle-de-etiquetas\/-\/busqueda\/buscar\" target=\"_blank\">COEDUCACI\u00d3N PORTAL IGUALDAD<\/a><\/span><\/li>\n<li><span style=\"font-size: 10pt\"><a href=\"http:\/\/www.juntadeandalucia.es\/educacion\/webportal\/web\/portal-de-igualdad\/enlaces\" target=\"_blank\"><span style=\"color: #0000ff\">PORTAL IGUALDAD. Enlaces<\/span><\/a><\/span><\/li>\n<li><span style=\"font-size: 10pt\"><a href=\"http:\/\/www.juntadeandalucia.es\/institutodelamujer\/index.php\/areas-tematicas\/coeducacion\" target=\"_blank\"><span style=\"color: #0000ff\">COEDUCACI\u00d3N INSTITUTO DE LA MUJER<\/span><\/a><\/span><\/li>\n<\/ol>\n","protected":false},"excerpt":{"rendered":"<p>La coeducaci\u00f3n se ha ido abriendo paso durante los \u00faltimos a\u00f1os dentro del sistema educativo espa\u00f1ol a partir de diversas experiencias que han ido cuestionando&hellip;<\/p>\n","protected":false},"author":1213,"featured_media":0,"parent":0,"menu_order":0,"comment_status":"closed","ping_status":"closed","template":"","meta":{"ngg_post_thumbnail":0,"footnotes":""},"aioseo_notices":[],"_links":{"self":[{"href":"https:\/\/blogsaverroes.juntadeandalucia.es\/orientajaen\/wp-json\/wp\/v2\/pages\/5339"}],"collection":[{"href":"https:\/\/blogsaverroes.juntadeandalucia.es\/orientajaen\/wp-json\/wp\/v2\/pages"}],"about":[{"href":"https:\/\/blogsaverroes.juntadeandalucia.es\/orientajaen\/wp-json\/wp\/v2\/types\/page"}],"author":[{"embeddable":true,"href":"https:\/\/blogsaverroes.juntadeandalucia.es\/orientajaen\/wp-json\/wp\/v2\/users\/1213"}],"replies":[{"embeddable":true,"href":"https:\/\/blogsaverroes.juntadeandalucia.es\/orientajaen\/wp-json\/wp\/v2\/comments?post=5339"}],"version-history":[{"count":11,"href":"https:\/\/blogsaverroes.juntadeandalucia.es\/orientajaen\/wp-json\/wp\/v2\/pages\/5339\/revisions"}],"predecessor-version":[{"id":5502,"href":"https:\/\/blogsaverroes.juntadeandalucia.es\/orientajaen\/wp-json\/wp\/v2\/pages\/5339\/revisions\/5502"}],"wp:attachment":[{"href":"https:\/\/blogsaverroes.juntadeandalucia.es\/orientajaen\/wp-json\/wp\/v2\/media?parent=5339"}],"curies":[{"name":"wp","href":"https:\/\/api.w.org\/{rel}","templated":true}]}}