{"id":5724,"date":"2017-08-25T08:11:33","date_gmt":"2017-08-25T08:11:33","guid":{"rendered":"https:\/\/blogsaverroes.juntadeandalucia.es\/orientajaen\/?page_id=5724"},"modified":"2025-10-15T11:52:57","modified_gmt":"2025-10-15T11:52:57","slug":"nee-becas-neae","status":"publish","type":"page","link":"https:\/\/blogsaverroes.juntadeandalucia.es\/orientajaen\/nee-becas-neae\/","title":{"rendered":"NEE: Becas NEAE"},"content":{"rendered":"<p><span style=\"font-size: 10pt;color: #000000\">\u2663 <strong><a href=\"https:\/\/drive.google.com\/file\/d\/1_sZp9tT1q7xE4a38rF2bSvX0T1Mt_ZBd\/view?usp=sharing\" target=\"_blank\" rel=\"noopener\">RESOLUCI\u00d3N DE LA SECRETAR\u00cdA DE ESTADO DE EDUCACI\u00d3N <\/a><\/strong>, POR LA QUE SE CONVOCAN AYUDAS PARA ALUMNOS CON NECESIDAD ESPEC\u00cdFICA DE APOYO EDUCATIVO PARA EL CURSO ACAD\u00c9MICO 2025-2026.<\/span><\/p>\n<p><span style=\"font-size: 10pt;color: #000000\">\u2663 <a href=\"https:\/\/drive.google.com\/file\/d\/1uziYfzBvFYV6L5zng4n9mJpJKt7Sc4SB\/view?usp=sharing\"><strong>INFORMACI\u00d3N AYUDAS NEAE<\/strong><\/a>-25\/26<\/span><\/p>\n<p><span style=\"font-size: 10pt;color: #000000\">\u2663 <strong><a href=\"https:\/\/drive.google.com\/file\/d\/17mHwaCLZfHGlHAx6iBYm7AM1i6_4IAJL\/view?usp=sharing\">MANUAL PARA CENTROS DE USO EN S\u00c9NECA<\/a> <\/strong>DE LAS SOLICITUDES DE AYUDAS PARA NECESIDADES ESPEC\u00cdFICAS DE APOYO EDUCATIVO.&nbsp;<\/span><\/p>\n<p>&nbsp;<\/p>\n<p><span style=\"font-size: 10pt;color: #000000\">\u2663 <strong><a href=\"https:\/\/www.becaseducacion.gob.es\/becas-y-ayudas\/ayudas-apoyo-educativo\/como-solicitarla.html\" target=\"_blank\" rel=\"noopener noreferrer\"><span style=\"color: #000000\">PORTAL DEL MINISTERIO DE EDUCACI\u00d3N, CULTURA Y DEPORTE<\/span>.<\/a><\/strong><\/span><\/p>\n<p><span style=\"font-size: 10pt;color: #000000\">\u2663 <strong><a href=\"https:\/\/juntadeandalucia.es\/organismos\/inclusionsocialjuventudfamiliaseigualdad\/areas\/discapacidad\/cvo.html\" target=\"_blank\" rel=\"noopener noreferrer\"><span style=\"color: #000000\">CENTROS DE VALORACI\u00d3N Y ORIENTACI\u00d3N<\/span><\/a><\/strong> (CVO).<\/span><\/p>\n<p>&nbsp;<\/p>\n<p>&nbsp;<\/p>\n<p><a href=\"https:\/\/drive.google.com\/file\/d\/1mjSfRmDkvetIjq2qfZlgqxBmHyfd0q6i\/view\"><img fetchpriority=\"high\" decoding=\"async\" class=\"size-medium wp-image-9196 aligncenter\" src=\"https:\/\/blogsaverroes.juntadeandalucia.es\/orientajaen\/files\/2025\/10\/Becas-NEAE-para-Noveles-300x300.png\" alt=\"\" width=\"300\" height=\"300\" srcset=\"https:\/\/blogsaverroes.juntadeandalucia.es\/orientajaen\/files\/2025\/10\/Becas-NEAE-para-Noveles-300x300.png 300w, https:\/\/blogsaverroes.juntadeandalucia.es\/orientajaen\/files\/2025\/10\/Becas-NEAE-para-Noveles-1024x1024.png 1024w, https:\/\/blogsaverroes.juntadeandalucia.es\/orientajaen\/files\/2025\/10\/Becas-NEAE-para-Noveles-150x150.png 150w, https:\/\/blogsaverroes.juntadeandalucia.es\/orientajaen\/files\/2025\/10\/Becas-NEAE-para-Noveles-768x768.png 768w, https:\/\/blogsaverroes.juntadeandalucia.es\/orientajaen\/files\/2025\/10\/Becas-NEAE-para-Noveles.png 1080w\" sizes=\"(max-width: 300px) 100vw, 300px\" \/><\/a><\/p>\n","protected":false},"excerpt":{"rendered":"<p>\u2663 RESOLUCI\u00d3N DE LA SECRETAR\u00cdA DE ESTADO DE EDUCACI\u00d3N , POR LA QUE SE CONVOCAN AYUDAS PARA ALUMNOS CON NECESIDAD ESPEC\u00cdFICA DE APOYO EDUCATIVO PARA&hellip;<\/p>\n","protected":false},"author":1213,"featured_media":0,"parent":0,"menu_order":0,"comment_status":"closed","ping_status":"closed","template":"","meta":{"ngg_post_thumbnail":0,"footnotes":""},"aioseo_notices":[],"_links":{"self":[{"href":"https:\/\/blogsaverroes.juntadeandalucia.es\/orientajaen\/wp-json\/wp\/v2\/pages\/5724"}],"collection":[{"href":"https:\/\/blogsaverroes.juntadeandalucia.es\/orientajaen\/wp-json\/wp\/v2\/pages"}],"about":[{"href":"https:\/\/blogsaverroes.juntadeandalucia.es\/orientajaen\/wp-json\/wp\/v2\/types\/page"}],"author":[{"embeddable":true,"href":"https:\/\/blogsaverroes.juntadeandalucia.es\/orientajaen\/wp-json\/wp\/v2\/users\/1213"}],"replies":[{"embeddable":true,"href":"https:\/\/blogsaverroes.juntadeandalucia.es\/orientajaen\/wp-json\/wp\/v2\/comments?post=5724"}],"version-history":[{"count":20,"href":"https:\/\/blogsaverroes.juntadeandalucia.es\/orientajaen\/wp-json\/wp\/v2\/pages\/5724\/revisions"}],"predecessor-version":[{"id":9197,"href":"https:\/\/blogsaverroes.juntadeandalucia.es\/orientajaen\/wp-json\/wp\/v2\/pages\/5724\/revisions\/9197"}],"wp:attachment":[{"href":"https:\/\/blogsaverroes.juntadeandalucia.es\/orientajaen\/wp-json\/wp\/v2\/media?parent=5724"}],"curies":[{"name":"wp","href":"https:\/\/api.w.org\/{rel}","templated":true}]}}