{"id":5728,"date":"2017-08-25T08:25:45","date_gmt":"2017-08-25T08:25:45","guid":{"rendered":"https:\/\/blogsaverroes.juntadeandalucia.es\/orientajaen\/?page_id=5728"},"modified":"2018-12-02T11:28:11","modified_gmt":"2018-12-02T11:28:11","slug":"nee-normativa","status":"publish","type":"page","link":"https:\/\/blogsaverroes.juntadeandalucia.es\/orientajaen\/nee-normativa\/","title":{"rendered":"NEE: Normativa"},"content":{"rendered":"<p><span style=\"font-size: 10pt\">\u2663 <span style=\"color: #000000\"><a href=\"http:\/\/www.juntadeandalucia.es\/boja\/2008\/167\/d2.pdf\" target=\"_blank\" rel=\"noopener\"><strong><span style=\"color: #000000\">Orden de 25 de julio de 2008, por la que se regula la atenci\u00f3n a la diversidad<\/span><\/strong> <\/a><\/span>del alumnado que cursa la educaci\u00f3n b\u00e1sica en los centros docentes p\u00fablicos de Andaluc\u00eda (Texto consolidado, 2016).<\/span><\/p>\n<p><span style=\"font-size: 10pt\">\u2663 <span style=\"color: #000000\"><a href=\"http:\/\/www.juntadeandalucia.es\/eboja\/2016\/145\/BOJA16-145-00325-13571-01_00095950.pdf\" target=\"_blank\" rel=\"noopener\"><strong>Orden de 14 de julio de 2016, por la que se desarrolla el curr\u00edculo correspondiente al Bachillerato<\/strong><\/a><\/span> en la Comunidad Aut\u00f3noma de Andaluc\u00eda, se regulan determinados aspectos de la atenci\u00f3n a la diversidad y se establece la ordenaci\u00f3n de la evaluaci\u00f3n del proceso de aprendizaje del alumnado (BOJA 29-07-2016). <\/span><\/p>\n<p><span style=\"font-size: 10pt\">\u2663 <span style=\"color: #000000\"><a href=\"http:\/\/www.juntadeandalucia.es\/boja\/2016\/144\/BOJA16-144-00289-13500-01_00095875.pdf\" target=\"_blank\" rel=\"noopener\"><strong><span style=\"color: #000000\">Orden de 14 de julio de 2016, por la que se desarrolla el curr\u00edculo correspondiente a la Educaci\u00f3n Secundaria Obligatoria<\/span><\/strong><\/a><\/span> en la Comunidad Aut\u00f3noma de Andaluc\u00eda, se regulan determinados aspectos de la atenci\u00f3n a la diversidad y se establece la ordenaci\u00f3n de la evaluaci\u00f3n del proceso de aprendizaje del alumnado (BOJA 28-07-2016).<\/span><\/p>\n<p><span style=\"font-size: 10pt\">\u2663 <span style=\"color: #0000ff\"><a style=\"color: #0000ff\" href=\"http:\/\/www.juntadeandalucia.es\/boja\/2016\/81\/BOJA16-081-00021-7553-01_00090129.pdf\" target=\"_blank\" rel=\"noopener\"><strong><span style=\"color: #000000\">Decreto 85\/2016, de 26 de abril, por el que se regula la intervenci\u00f3n integral de la Atenci\u00f3n Infantil Temprana<\/span><\/strong><\/a><\/span> en Andaluc\u00eda.<\/span><\/p>\n<p><span style=\"font-size: 10pt\">\u2663 <span style=\"color: #0000ff\"><a style=\"color: #0000ff\" href=\"http:\/\/www.juntadeandalucia.es\/boja\/2002\/58\/d3.pdf\" target=\"_blank\" rel=\"noopener\"><strong><span style=\"color: #000000\">Decreto 147\/2002, de 14 de mayo, por el que se establece la ordenaci\u00f3n de la atenci\u00f3n educativa a los alumnos y alumnas con necesidades educativas especiales<\/span><\/strong><\/a><\/span> asociadas a sus capacidades personales.<\/span><\/p>\n<p><span style=\"font-size: 10pt\">\u2663 <span style=\"color: #0000ff\"><a style=\"color: #0000ff\" href=\"http:\/\/www.juntadeandalucia.es\/boja\/2010\/169\/d2.pdf\" target=\"_blank\" rel=\"noopener\"><strong><span style=\"color: #000000\">Orden de 20 de agosto de 2010, por la que se regula la organizaci\u00f3n y el funcionamiento<\/span><\/strong><\/a><\/span> de las escuelas infantiles de segundo ciclo, de los colegios de educaci\u00f3n primaria, de los colegios de educaci\u00f3n infantil y primaria y de los centros p\u00fablicos espec\u00edficos de educaci\u00f3n especial, as\u00ed como el horario de los centros, del alumnado y del profesorado.<\/span><\/p>\n","protected":false},"excerpt":{"rendered":"<p>\u2663 Orden de 25 de julio de 2008, por la que se regula la atenci\u00f3n a la diversidad del alumnado que cursa la educaci\u00f3n b\u00e1sica&hellip;<\/p>\n","protected":false},"author":1213,"featured_media":0,"parent":0,"menu_order":0,"comment_status":"closed","ping_status":"closed","template":"","meta":{"ngg_post_thumbnail":0,"footnotes":""},"aioseo_notices":[],"_links":{"self":[{"href":"https:\/\/blogsaverroes.juntadeandalucia.es\/orientajaen\/wp-json\/wp\/v2\/pages\/5728"}],"collection":[{"href":"https:\/\/blogsaverroes.juntadeandalucia.es\/orientajaen\/wp-json\/wp\/v2\/pages"}],"about":[{"href":"https:\/\/blogsaverroes.juntadeandalucia.es\/orientajaen\/wp-json\/wp\/v2\/types\/page"}],"author":[{"embeddable":true,"href":"https:\/\/blogsaverroes.juntadeandalucia.es\/orientajaen\/wp-json\/wp\/v2\/users\/1213"}],"replies":[{"embeddable":true,"href":"https:\/\/blogsaverroes.juntadeandalucia.es\/orientajaen\/wp-json\/wp\/v2\/comments?post=5728"}],"version-history":[{"count":5,"href":"https:\/\/blogsaverroes.juntadeandalucia.es\/orientajaen\/wp-json\/wp\/v2\/pages\/5728\/revisions"}],"predecessor-version":[{"id":6495,"href":"https:\/\/blogsaverroes.juntadeandalucia.es\/orientajaen\/wp-json\/wp\/v2\/pages\/5728\/revisions\/6495"}],"wp:attachment":[{"href":"https:\/\/blogsaverroes.juntadeandalucia.es\/orientajaen\/wp-json\/wp\/v2\/media?parent=5728"}],"curies":[{"name":"wp","href":"https:\/\/api.w.org\/{rel}","templated":true}]}}