{"id":5730,"date":"2017-08-25T08:36:26","date_gmt":"2017-08-25T08:36:26","guid":{"rendered":"https:\/\/blogsaverroes.juntadeandalucia.es\/orientajaen\/?page_id=5730"},"modified":"2017-08-25T18:02:48","modified_gmt":"2017-08-25T18:02:48","slug":"nee-publicaciones","status":"publish","type":"page","link":"https:\/\/blogsaverroes.juntadeandalucia.es\/orientajaen\/nee-publicaciones\/","title":{"rendered":"NEE: Publicaciones"},"content":{"rendered":"<p><span style=\"font-size: 10pt\"><strong>Manuales de Atenci\u00f3n al Alumnado NEAE<\/strong>.<\/span><\/p>\n<p style=\"padding-left: 30px\"><span style=\"font-size: 10pt\"><a href=\"http:\/\/www.juntadeandalucia.es\/educacion\/webportal\/web\/escuela-de-familias\/neae\" target=\"_blank\"><img decoding=\"async\" width=\"185\" height=\"171\" class=\"alignleft wp-image-5734\" alt=\"\" src=\"https:\/\/blogsaverroes.juntadeandalucia.es\/orientajaen\/files\/2017\/08\/Manuales_NEAE-300x278.jpg\" srcset=\"https:\/\/blogsaverroes.juntadeandalucia.es\/orientajaen\/files\/2017\/08\/Manuales_NEAE-300x278.jpg 300w, https:\/\/blogsaverroes.juntadeandalucia.es\/orientajaen\/files\/2017\/08\/Manuales_NEAE-24x22.jpg 24w, https:\/\/blogsaverroes.juntadeandalucia.es\/orientajaen\/files\/2017\/08\/Manuales_NEAE-36x33.jpg 36w, https:\/\/blogsaverroes.juntadeandalucia.es\/orientajaen\/files\/2017\/08\/Manuales_NEAE-48x44.jpg 48w, https:\/\/blogsaverroes.juntadeandalucia.es\/orientajaen\/files\/2017\/08\/Manuales_NEAE.jpg 395w\" sizes=\"(max-width: 185px) 100vw, 185px\" \/><\/a><\/span><\/p>\n<p>&nbsp;<\/p>\n<p>&nbsp;<\/p>\n<p>&nbsp;<\/p>\n<p>&nbsp;<\/p>\n<p>&nbsp;<\/p>\n<p>&nbsp;<\/p>\n<p><span style=\"font-size: 10pt\"><a href=\"https:\/\/blogsaverroes.juntadeandalucia.es\/orientajaen\/files\/2017\/08\/Gu\u00eda_Orientativa_personas_discapacidad.pdf\" target=\"_blank\"><img fetchpriority=\"high\" decoding=\"async\" width=\"212\" height=\"300\" class=\"wp-image-5703 size-medium alignleft\" alt=\"\" src=\"https:\/\/blogsaverroes.juntadeandalucia.es\/orientajaen\/files\/2017\/08\/Gu\u00eda_Orientativa_personas_discapacidad-212x300.jpg\" srcset=\"https:\/\/blogsaverroes.juntadeandalucia.es\/orientajaen\/files\/2017\/08\/Gu\u00eda_Orientativa_personas_discapacidad-212x300.jpg 212w, https:\/\/blogsaverroes.juntadeandalucia.es\/orientajaen\/files\/2017\/08\/Gu\u00eda_Orientativa_personas_discapacidad-768x1086.jpg 768w, https:\/\/blogsaverroes.juntadeandalucia.es\/orientajaen\/files\/2017\/08\/Gu\u00eda_Orientativa_personas_discapacidad-724x1024.jpg 724w, https:\/\/blogsaverroes.juntadeandalucia.es\/orientajaen\/files\/2017\/08\/Gu\u00eda_Orientativa_personas_discapacidad-17x24.jpg 17w, https:\/\/blogsaverroes.juntadeandalucia.es\/orientajaen\/files\/2017\/08\/Gu\u00eda_Orientativa_personas_discapacidad-25x36.jpg 25w, https:\/\/blogsaverroes.juntadeandalucia.es\/orientajaen\/files\/2017\/08\/Gu\u00eda_Orientativa_personas_discapacidad-34x48.jpg 34w, https:\/\/blogsaverroes.juntadeandalucia.es\/orientajaen\/files\/2017\/08\/Gu\u00eda_Orientativa_personas_discapacidad.jpg 1131w\" sizes=\"(max-width: 212px) 100vw, 212px\" \/><\/a><strong>Gu\u00eda orientativa para personas con discapacidad: Tramitaci\u00f3n de los procedimientos relacionados con el reconocimiento de la situaci\u00f3n de discapacidad<\/strong>.<br \/>\nEl objeto de esta Gu\u00eda es proporcionar a los profesionales del Servicio de informaci\u00f3n, orientaci\u00f3n y asesoramiento de los Servicios Sociales Comunitarios y Especializados, de otros Sistemas de Protecci\u00f3n Social y de las entidades representativas de las personas con discapacidad, un instrumento para facilitarles la tramitaci\u00f3n de los procedimientos de reconocimiento del grado de discapacidad y los tr\u00e1mites de cualquier demanda o servicio que requieran del Centro de Valoraci\u00f3n y Orientaci\u00f3n. Asimismo, pretende<br \/>\nresolver las dudas que con m\u00e1s frecuencia se presentan y orientar hacia las instituciones p\u00fablicas y privadas que desarrollan medidas dirigidas a mejorar la calidad de vida de las personas con discapacidad.<\/span><\/p>\n<p>&nbsp;<\/p>\n<p>&nbsp;<\/p>\n<p><span style=\"font-size: 10pt\"><strong>Gu\u00eda para la atenci\u00f3n educativa a los alumnos y alumnas con enfermedad cr\u00f3nica<\/strong>.<\/span><\/p>\n<p style=\"padding-left: 30px\"><a href=\"https:\/\/blogsaverroes.juntadeandalucia.es\/orientajaen\/files\/2017\/08\/Gu\u00eda_atenci\u00f3n_educativa_alumnado_enfermedad_cr\u00f3nica.pdf\" target=\"_blank\"><img decoding=\"async\" width=\"206\" height=\"300\" class=\"alignnone wp-image-5732 size-medium\" alt=\"\" src=\"https:\/\/blogsaverroes.juntadeandalucia.es\/orientajaen\/files\/2017\/08\/Gu\u00eda_atenci\u00f3n_educativa_alumnado_enfermedad_cr\u00f3nica-206x300.jpg\" srcset=\"https:\/\/blogsaverroes.juntadeandalucia.es\/orientajaen\/files\/2017\/08\/Gu\u00eda_atenci\u00f3n_educativa_alumnado_enfermedad_cr\u00f3nica-206x300.jpg 206w, https:\/\/blogsaverroes.juntadeandalucia.es\/orientajaen\/files\/2017\/08\/Gu\u00eda_atenci\u00f3n_educativa_alumnado_enfermedad_cr\u00f3nica-16x24.jpg 16w, https:\/\/blogsaverroes.juntadeandalucia.es\/orientajaen\/files\/2017\/08\/Gu\u00eda_atenci\u00f3n_educativa_alumnado_enfermedad_cr\u00f3nica-25x36.jpg 25w, https:\/\/blogsaverroes.juntadeandalucia.es\/orientajaen\/files\/2017\/08\/Gu\u00eda_atenci\u00f3n_educativa_alumnado_enfermedad_cr\u00f3nica-33x48.jpg 33w, https:\/\/blogsaverroes.juntadeandalucia.es\/orientajaen\/files\/2017\/08\/Gu\u00eda_atenci\u00f3n_educativa_alumnado_enfermedad_cr\u00f3nica.jpg 595w\" sizes=\"(max-width: 206px) 100vw, 206px\" \/><\/a><\/p>\n","protected":false},"excerpt":{"rendered":"<p>Manuales de Atenci\u00f3n al Alumnado NEAE. &nbsp; &nbsp; &nbsp; &nbsp; &nbsp; &nbsp; Gu\u00eda orientativa para personas con discapacidad: Tramitaci\u00f3n de los procedimientos relacionados con el&hellip;<\/p>\n","protected":false},"author":1213,"featured_media":0,"parent":0,"menu_order":0,"comment_status":"closed","ping_status":"closed","template":"","meta":{"ngg_post_thumbnail":0,"footnotes":""},"aioseo_notices":[],"_links":{"self":[{"href":"https:\/\/blogsaverroes.juntadeandalucia.es\/orientajaen\/wp-json\/wp\/v2\/pages\/5730"}],"collection":[{"href":"https:\/\/blogsaverroes.juntadeandalucia.es\/orientajaen\/wp-json\/wp\/v2\/pages"}],"about":[{"href":"https:\/\/blogsaverroes.juntadeandalucia.es\/orientajaen\/wp-json\/wp\/v2\/types\/page"}],"author":[{"embeddable":true,"href":"https:\/\/blogsaverroes.juntadeandalucia.es\/orientajaen\/wp-json\/wp\/v2\/users\/1213"}],"replies":[{"embeddable":true,"href":"https:\/\/blogsaverroes.juntadeandalucia.es\/orientajaen\/wp-json\/wp\/v2\/comments?post=5730"}],"version-history":[{"count":4,"href":"https:\/\/blogsaverroes.juntadeandalucia.es\/orientajaen\/wp-json\/wp\/v2\/pages\/5730\/revisions"}],"predecessor-version":[{"id":5755,"href":"https:\/\/blogsaverroes.juntadeandalucia.es\/orientajaen\/wp-json\/wp\/v2\/pages\/5730\/revisions\/5755"}],"wp:attachment":[{"href":"https:\/\/blogsaverroes.juntadeandalucia.es\/orientajaen\/wp-json\/wp\/v2\/media?parent=5730"}],"curies":[{"name":"wp","href":"https:\/\/api.w.org\/{rel}","templated":true}]}}