{"id":5737,"date":"2017-08-25T08:50:14","date_gmt":"2017-08-25T08:50:14","guid":{"rendered":"https:\/\/blogsaverroes.juntadeandalucia.es\/orientajaen\/?page_id=5737"},"modified":"2021-05-07T11:31:00","modified_gmt":"2021-05-07T11:31:00","slug":"nee-portales","status":"publish","type":"page","link":"https:\/\/blogsaverroes.juntadeandalucia.es\/orientajaen\/nee-portales\/","title":{"rendered":"NEE: Portales"},"content":{"rendered":"<p><span style=\"font-size: 10pt\">Enlaces de inter\u00e9s del \u00e1rea:<\/span><\/p>\n<ol>\n<li><span style=\"font-size: 10pt\"><a href=\"http:\/\/recursostic.educacion.es\/aeduc\/aprender\/web\/publico.html\" target=\"_blank\" rel=\"noopener noreferrer\">PROYECTO APRENDER. MINISTERIO DE EDUCACI\u00d3N Y CIENCIA<\/a><\/span><\/li>\n<li><a href=\"http:\/\/escuelainfantilandalucia.blogspot.com.es\/\" target=\"_blank\" rel=\"noopener noreferrer\"><span style=\"font-size: 10pt\">ESCUELA INFANTIL DE ANDALUC\u00cdA<\/span><\/a><\/li>\n<li><span style=\"font-size: 10pt\"><a href=\"http:\/\/www.juntadeandalucia.es\/educacion\/webportal\/web\/mujer-y-discapacidad\" target=\"_blank\" rel=\"noopener noreferrer\">PORTAL MUJER Y DISCAPACIDAD<\/a><\/span><\/li>\n<li><a href=\"http:\/\/ambezar.com\/\" target=\"_blank\" rel=\"noopener noreferrer\"><span style=\"font-size: 10pt\">PROYECTO AMB\u00c9ZAR<\/span><\/a><\/li>\n<li><a href=\"http:\/\/lapsico-goloteca.blogspot.com.es\/2014\/05\/recopilacion-guias-y-manuales.html\" target=\"_blank\" rel=\"noopener noreferrer\"><span style=\"font-size: 10pt\">LA PSICOGOLOTECA<\/span><\/a><\/li>\n<li><a href=\"http:\/\/www.sindromedown.net\/Spoti\/default.htm\" target=\"_blank\" rel=\"noopener noreferrer\"><span style=\"font-size: 10pt\">LAS AVENTURAS DE SPOTI<\/span><\/a><\/li>\n<li><a href=\"https:\/\/ptyalcantabria.wordpress.com\/\" target=\"_blank\" rel=\"noopener noreferrer\"><span style=\"font-size: 10pt\">PTYAL.PEDAGOG\u00cdA TERAPE\u00daTICA Y AUDICI\u00d3N Y LENGUAJE<\/span><\/a><\/li>\n<li><a href=\"https:\/\/www.fundacioncadah.org\/web\/\" target=\"_blank\" rel=\"noopener noreferrer\"><span style=\"font-size: 10pt\">FUNDACI\u00d3N CADAH<\/span><\/a><\/li>\n<li><a href=\"http:\/\/informaticaparaeducacionespecial.blogspot.com.es\/\" target=\"_blank\" rel=\"noopener noreferrer\"><span style=\"font-size: 10pt\">INFORM\u00c1TICA PARA EDUCACI\u00d3N ESPECIAL<\/span><\/a><\/li>\n<li><a href=\"http:\/\/www.proyectoazahar.org\/azahar\/loggined.do\" target=\"_blank\" rel=\"noopener noreferrer\"><span style=\"font-size: 10pt\">PROYECTO AZAHAR<\/span><\/a><\/li>\n<li><a href=\"http:\/\/ntic.educacion.es\/w3\/eos\/MaterialesEducativos\/mem2009\/caracol_serafin\/start_html.html\" target=\"_blank\" rel=\"noopener noreferrer\"><span style=\"font-size: 10pt\">EL CARACOL SERAF\u00cdN<\/span><\/a><\/li>\n<li><a href=\"https:\/\/www.specialiapps.org\/es\/palabras-especiales.html\" target=\"_blank\" rel=\"noopener noreferrer\"><span style=\"font-size: 10pt\">PALABRAS ESPECIALES<\/span><\/a><\/li>\n<li><a href=\"https:\/\/sites.google.com\/educarex.es\/divertic\/p%C3%A1gina-principal\"><span style=\"font-size: 10pt\">DiverTIC<\/span><\/a><\/li>\n<\/ol>\n","protected":false},"excerpt":{"rendered":"<p>Enlaces de inter\u00e9s del \u00e1rea: PROYECTO APRENDER. MINISTERIO DE EDUCACI\u00d3N Y CIENCIA ESCUELA INFANTIL DE ANDALUC\u00cdA PORTAL MUJER Y DISCAPACIDAD PROYECTO AMB\u00c9ZAR LA PSICOGOLOTECA LAS&hellip;<\/p>\n","protected":false},"author":1213,"featured_media":0,"parent":0,"menu_order":0,"comment_status":"closed","ping_status":"closed","template":"","meta":{"ngg_post_thumbnail":0,"footnotes":""},"aioseo_notices":[],"_links":{"self":[{"href":"https:\/\/blogsaverroes.juntadeandalucia.es\/orientajaen\/wp-json\/wp\/v2\/pages\/5737"}],"collection":[{"href":"https:\/\/blogsaverroes.juntadeandalucia.es\/orientajaen\/wp-json\/wp\/v2\/pages"}],"about":[{"href":"https:\/\/blogsaverroes.juntadeandalucia.es\/orientajaen\/wp-json\/wp\/v2\/types\/page"}],"author":[{"embeddable":true,"href":"https:\/\/blogsaverroes.juntadeandalucia.es\/orientajaen\/wp-json\/wp\/v2\/users\/1213"}],"replies":[{"embeddable":true,"href":"https:\/\/blogsaverroes.juntadeandalucia.es\/orientajaen\/wp-json\/wp\/v2\/comments?post=5737"}],"version-history":[{"count":7,"href":"https:\/\/blogsaverroes.juntadeandalucia.es\/orientajaen\/wp-json\/wp\/v2\/pages\/5737\/revisions"}],"predecessor-version":[{"id":7719,"href":"https:\/\/blogsaverroes.juntadeandalucia.es\/orientajaen\/wp-json\/wp\/v2\/pages\/5737\/revisions\/7719"}],"wp:attachment":[{"href":"https:\/\/blogsaverroes.juntadeandalucia.es\/orientajaen\/wp-json\/wp\/v2\/media?parent=5737"}],"curies":[{"name":"wp","href":"https:\/\/api.w.org\/{rel}","templated":true}]}}