{"id":5772,"date":"2017-09-03T07:15:23","date_gmt":"2017-09-03T07:15:23","guid":{"rendered":"https:\/\/blogsaverroes.juntadeandalucia.es\/orientajaen\/?page_id=5772"},"modified":"2018-07-16T08:46:50","modified_gmt":"2018-07-16T08:46:50","slug":"ce-educacion-compensatoria-que-es","status":"publish","type":"page","link":"https:\/\/blogsaverroes.juntadeandalucia.es\/orientajaen\/ce-educacion-compensatoria-que-es\/","title":{"rendered":"CE: EDUCACI\u00d3N COMPENSATORIA &#8211; C\u00f3mo &#8211; Otras medidas"},"content":{"rendered":"<p><span style=\"font-family: arial, helvetica, sans-serif;font-size: 12pt;color: #800080\"><strong>OTRAS MEDIDAS DE COMPENSACI\u00d3N<\/strong><\/span><\/p>\n<p><span style=\"font-family: arial, helvetica, sans-serif;font-size: 10pt\">Adem\u00e1s de todas las <strong>medidas organizativas<\/strong> que se puedan establecer para dar respuesta educativa al alumnado con necesidades de car\u00e1cter compensatorio (COM) en centros educativos, de los <strong>Planes de Compensaci\u00f3n Educativa<\/strong> y del <strong>Plan PROA-Andaluc\u00eda<\/strong>, existen otros <strong>programas y actuaciones<\/strong> para cubrir necesidades de compensaci\u00f3n, como son:<\/span><\/p>\n<ul>\n<li><span style=\"font-family: arial, helvetica, sans-serif;font-size: 10pt\">Medidas Apoyo a la Escuela Rural.<\/span><\/li>\n<li><span style=\"font-family: arial, helvetica, sans-serif;font-size: 10pt\">Aulas hospitalarias.<\/span><\/li>\n<li><span style=\"font-family: arial, helvetica, sans-serif;font-size: 10pt\">Atenci\u00f3n Educativa Domiciliaria.<\/span><\/li>\n<li><span style=\"font-family: arial, helvetica, sans-serif;font-size: 10pt\">Medidas de atenci\u00f3n al alumnado extranjero y minor\u00edas \u00e9tnicas.<\/span><\/li>\n<li><span style=\"font-family: arial, helvetica, sans-serif;font-size: 10pt\">Medidas de apoyo a alumnado perteneciente a \u201cfamilias temporeras\u201d.<\/span><\/li>\n<li><span style=\"font-family: arial, helvetica, sans-serif;font-size: 10pt\">Medidas de apoyo al alumnado en cumplimiento de sentencias judiciales.<\/span><\/li>\n<li><span style=\"font-family: arial, helvetica, sans-serif;font-size: 10pt\">Subvenciones a entidades locales y sin \u00e1nimo de lucro para trabajar colaborando en diferentes \u00e1mbitos (prevenci\u00f3n del absentismo escolar, mediaci\u00f3n intercultural).<\/span><\/li>\n<\/ul>\n","protected":false},"excerpt":{"rendered":"<p>OTRAS MEDIDAS DE COMPENSACI\u00d3N Adem\u00e1s de todas las medidas organizativas que se puedan establecer para dar respuesta educativa al alumnado con necesidades de car\u00e1cter compensatorio&hellip;<\/p>\n","protected":false},"author":1213,"featured_media":0,"parent":0,"menu_order":0,"comment_status":"closed","ping_status":"closed","template":"","meta":{"ngg_post_thumbnail":0,"footnotes":""},"aioseo_notices":[],"_links":{"self":[{"href":"https:\/\/blogsaverroes.juntadeandalucia.es\/orientajaen\/wp-json\/wp\/v2\/pages\/5772"}],"collection":[{"href":"https:\/\/blogsaverroes.juntadeandalucia.es\/orientajaen\/wp-json\/wp\/v2\/pages"}],"about":[{"href":"https:\/\/blogsaverroes.juntadeandalucia.es\/orientajaen\/wp-json\/wp\/v2\/types\/page"}],"author":[{"embeddable":true,"href":"https:\/\/blogsaverroes.juntadeandalucia.es\/orientajaen\/wp-json\/wp\/v2\/users\/1213"}],"replies":[{"embeddable":true,"href":"https:\/\/blogsaverroes.juntadeandalucia.es\/orientajaen\/wp-json\/wp\/v2\/comments?post=5772"}],"version-history":[{"count":9,"href":"https:\/\/blogsaverroes.juntadeandalucia.es\/orientajaen\/wp-json\/wp\/v2\/pages\/5772\/revisions"}],"predecessor-version":[{"id":6281,"href":"https:\/\/blogsaverroes.juntadeandalucia.es\/orientajaen\/wp-json\/wp\/v2\/pages\/5772\/revisions\/6281"}],"wp:attachment":[{"href":"https:\/\/blogsaverroes.juntadeandalucia.es\/orientajaen\/wp-json\/wp\/v2\/media?parent=5772"}],"curies":[{"name":"wp","href":"https:\/\/api.w.org\/{rel}","templated":true}]}}