{"id":5781,"date":"2017-09-03T07:20:00","date_gmt":"2017-09-03T07:20:00","guid":{"rendered":"https:\/\/blogsaverroes.juntadeandalucia.es\/orientajaen\/?page_id=5781"},"modified":"2018-07-16T08:16:02","modified_gmt":"2018-07-16T08:16:02","slug":"ce-educacion-compensatoria-a-quien","status":"publish","type":"page","link":"https:\/\/blogsaverroes.juntadeandalucia.es\/orientajaen\/ce-educacion-compensatoria-a-quien\/","title":{"rendered":"CE: EDUCACI\u00d3N COMPENSATORIA \u2013 A qui\u00e9n"},"content":{"rendered":"<p><span style=\"font-family: arial, helvetica, sans-serif;font-size: 10pt\"><strong>El perfil de este alumnado suele ser <\/strong><\/span><span style=\"font-size: 10pt\"><strong><span style=\"font-family: arial, helvetica, sans-serif\"><span style=\"color: #800080\"><u>desfase curricular relacionado con historia personal, familiar y\/o social:<\/u> <\/span><\/span><\/strong><\/span><\/p>\n<ol style=\"list-style-type: upper-alpha\">\n<li><span style=\"font-family: arial, helvetica, sans-serif;font-size: 10pt\"><strong><span style=\"color: #800080\">Con escolarizaci\u00f3n irregular debida<\/span><\/strong> a:<\/span>\n<ul style=\"list-style-type: disc\">\n<li><span style=\"font-family: arial, helvetica, sans-serif;font-size: 10pt\">Hospitalizaci\u00f3n o Atenci\u00f3n Educativa Domiciliaria.<\/span><\/li>\n<li><span style=\"font-family: arial, helvetica, sans-serif;font-size: 10pt\">Partencia a familias temporeras.<\/span><\/li>\n<li><span style=\"font-family: arial, helvetica, sans-serif;font-size: 10pt\">Cumplimiento de sentencias judiciales.<\/span><\/li>\n<li><span style=\"font-family: arial, helvetica, sans-serif;font-size: 10pt\">Absentismo escolar.<\/span><\/li>\n<li><span style=\"font-family: arial, helvetica, sans-serif;font-size: 10pt\">Incorporaci\u00f3n tard\u00eda al Sistema Educativo<\/span><\/li>\n<\/ul>\n<\/li>\n<li><span style=\"font-family: arial, helvetica, sans-serif;font-size: 10pt\"><strong><span style=\"color: #800080\">Que presentan dificultades de inserci\u00f3n educativa y\/o social por diversas razones<\/span><\/strong> (abandono familiar, marginaci\u00f3n, minor\u00edas \u00e9tnicas, etc.).<\/span><\/li>\n<li><span style=\"font-family: arial, helvetica, sans-serif;font-size: 10pt\"><strong><span style=\"color: #800080\">Alumnado inmigrante con desconocimiento de la Lengua Castellana<\/span><\/strong> atendido en el aula de compensatoria y\/o aula temporal de adaptaci\u00f3n ling\u00fc\u00edstica.<\/span><\/li>\n<\/ol>\n<p><span style=\"font-size: 10pt\"><em><span style=\"font-family: arial, helvetica, sans-serif\">En ninguna circunstancia ser\u00e1 determinante para la atenci\u00f3n por programas de Compensaci\u00f3n Educativa que un alumno o alumna acumule retraso escolar, manifieste dificultades de convivencia o problemas de conducta en el \u00e1mbito escolar, si estos factores no van unidos a las caracter\u00edsticas especificadas anteriormente.<\/span><\/em><\/span><\/p>\n","protected":false},"excerpt":{"rendered":"<p>El perfil de este alumnado suele ser desfase curricular relacionado con historia personal, familiar y\/o social: Con escolarizaci\u00f3n irregular debida a: Hospitalizaci\u00f3n o Atenci\u00f3n Educativa&hellip;<\/p>\n","protected":false},"author":1213,"featured_media":0,"parent":0,"menu_order":0,"comment_status":"closed","ping_status":"closed","template":"","meta":{"ngg_post_thumbnail":0,"footnotes":""},"aioseo_notices":[],"_links":{"self":[{"href":"https:\/\/blogsaverroes.juntadeandalucia.es\/orientajaen\/wp-json\/wp\/v2\/pages\/5781"}],"collection":[{"href":"https:\/\/blogsaverroes.juntadeandalucia.es\/orientajaen\/wp-json\/wp\/v2\/pages"}],"about":[{"href":"https:\/\/blogsaverroes.juntadeandalucia.es\/orientajaen\/wp-json\/wp\/v2\/types\/page"}],"author":[{"embeddable":true,"href":"https:\/\/blogsaverroes.juntadeandalucia.es\/orientajaen\/wp-json\/wp\/v2\/users\/1213"}],"replies":[{"embeddable":true,"href":"https:\/\/blogsaverroes.juntadeandalucia.es\/orientajaen\/wp-json\/wp\/v2\/comments?post=5781"}],"version-history":[{"count":5,"href":"https:\/\/blogsaverroes.juntadeandalucia.es\/orientajaen\/wp-json\/wp\/v2\/pages\/5781\/revisions"}],"predecessor-version":[{"id":6271,"href":"https:\/\/blogsaverroes.juntadeandalucia.es\/orientajaen\/wp-json\/wp\/v2\/pages\/5781\/revisions\/6271"}],"wp:attachment":[{"href":"https:\/\/blogsaverroes.juntadeandalucia.es\/orientajaen\/wp-json\/wp\/v2\/media?parent=5781"}],"curies":[{"name":"wp","href":"https:\/\/api.w.org\/{rel}","templated":true}]}}