{"id":7131,"date":"2020-02-25T12:13:48","date_gmt":"2020-02-25T12:13:48","guid":{"rendered":"https:\/\/blogsaverroes.juntadeandalucia.es\/orientajaen\/?page_id=7131"},"modified":"2020-02-25T12:30:16","modified_gmt":"2020-02-25T12:30:16","slug":"ce-solicitud-residencia-alergia","status":"publish","type":"page","link":"https:\/\/blogsaverroes.juntadeandalucia.es\/orientajaen\/ce-solicitud-residencia-alergia\/","title":{"rendered":"CE: SOLICITUD RESIDENCIA ALERGIA"},"content":{"rendered":"<p><strong><span style=\"font-size: 36pt;color: #800080\">I<\/span><\/strong><span style=\"font-size: 10pt;font-family: arial, helvetica, sans-serif\">nformaci\u00f3n B\u00e1sica:<\/span><\/p>\n<ul>\n<li>Dirigido a alumnado de etapas obligatorias y posobligatorias.<\/li>\n<li>No existe plazo establecido para solicitar la residencia. Se solicita cuando empiezan los problemas de asma. Suele ser normalmente cuando empieza la primavera, desde \u00faltimos de marzo a primeros de abril; aunque depende de la polinizaci\u00f3n de cada a\u00f1o.<\/li>\n<\/ul>\n<p>&nbsp;&nbsp;&nbsp;&nbsp;&nbsp;&nbsp;&nbsp;&nbsp;&nbsp; Hay que presentar solicitud de plaza e Informe M\u00e9dico:<\/p>\n<ul>\n<li style=\"list-style-type: none\">\n<ul>\n<li>Se utiliza el modelo de solicitud que aparece en las convocatorias de residencias escolares y escuelas-hogar de cada curso escolar. En estas convocatorias no se contempla la excepcionalidad de alumnado que se incorpora al final de cada curso (\u00faltimo trimestre) por problemas de alergia, pero es el anexo de solicitud el que se utiliza para estos casos. Deben presentar las p\u00e1ginas 1 y 4 del<a href=\"https:\/\/blogsaverroes.juntadeandalucia.es\/orientajaen\/files\/2020\/02\/ANEXO-I_solicitud_alergia.pdf\" target=\"_blank\" rel=\"noopener noreferrer\"><span style=\"color: #0000ff\"> Anexo I (solicitud)<\/span><\/a> que aparece en la orden. En el punto 3. MOTIVO DE LA SOLICITUD, deben poner s\u00f3lo \u201cALERGIA\u201d. No se marca ninguna opci\u00f3n de las que aparecen, ya que ninguna contempla la alergia.<\/li>\n<li>El informe m\u00e9dico debe ser actualizado con fecha pr\u00f3xima a la solicitud.<\/li>\n<\/ul>\n<\/li>\n<li>Una vez recibida la solicitud, en el Servicio de Ordenaci\u00f3n Educativa se revisa la misma y los m\u00e9dicos de los EOE de Ja\u00e9n supervisan el informe m\u00e9dico presentado.<\/li>\n<li>Si todo est\u00e1 conforme a lo establecido, se tramita la petici\u00f3n de la plaza en la residencia escolar de la costa.<\/li>\n<li>La familia debe ponerse en contacto con el responsable de gesti\u00f3n de solicitudes en el Servicio de Ordenaci\u00f3n Educativa de la Delegaci\u00f3n Territorial, quien dar\u00e1 informaci\u00f3n necesaria para el traslado de su hijo o hijaa y sobre todo lo que deben llevar.<\/li>\n<\/ul>\n<p><em>La solicitud se dirigir\u00e1 el Servicio de Ordenaci\u00f3n Educativa de la Delegaci\u00f3n Territorial en Ja\u00e9n.<\/em><\/p>\n","protected":false},"excerpt":{"rendered":"<p>Informaci\u00f3n B\u00e1sica: Dirigido a alumnado de etapas obligatorias y posobligatorias. No existe plazo establecido para solicitar la residencia. Se solicita cuando empiezan los problemas de&hellip;<\/p>\n","protected":false},"author":1213,"featured_media":0,"parent":0,"menu_order":0,"comment_status":"closed","ping_status":"closed","template":"","meta":{"ngg_post_thumbnail":0,"footnotes":""},"aioseo_notices":[],"_links":{"self":[{"href":"https:\/\/blogsaverroes.juntadeandalucia.es\/orientajaen\/wp-json\/wp\/v2\/pages\/7131"}],"collection":[{"href":"https:\/\/blogsaverroes.juntadeandalucia.es\/orientajaen\/wp-json\/wp\/v2\/pages"}],"about":[{"href":"https:\/\/blogsaverroes.juntadeandalucia.es\/orientajaen\/wp-json\/wp\/v2\/types\/page"}],"author":[{"embeddable":true,"href":"https:\/\/blogsaverroes.juntadeandalucia.es\/orientajaen\/wp-json\/wp\/v2\/users\/1213"}],"replies":[{"embeddable":true,"href":"https:\/\/blogsaverroes.juntadeandalucia.es\/orientajaen\/wp-json\/wp\/v2\/comments?post=7131"}],"version-history":[{"count":6,"href":"https:\/\/blogsaverroes.juntadeandalucia.es\/orientajaen\/wp-json\/wp\/v2\/pages\/7131\/revisions"}],"predecessor-version":[{"id":7139,"href":"https:\/\/blogsaverroes.juntadeandalucia.es\/orientajaen\/wp-json\/wp\/v2\/pages\/7131\/revisions\/7139"}],"wp:attachment":[{"href":"https:\/\/blogsaverroes.juntadeandalucia.es\/orientajaen\/wp-json\/wp\/v2\/media?parent=7131"}],"curies":[{"name":"wp","href":"https:\/\/api.w.org\/{rel}","templated":true}]}}