{"id":1546,"date":"2021-12-09T22:40:52","date_gmt":"2021-12-09T22:40:52","guid":{"rendered":"https:\/\/oscarquevedo83.com\/?page_id=1546"},"modified":"2022-12-19T12:10:26","modified_gmt":"2022-12-19T12:10:26","slug":"retos-saludables-2","status":"publish","type":"page","link":"https:\/\/blogsaverroes.juntadeandalucia.es\/oscarquevedo83\/retos-saludables-2\/","title":{"rendered":"Retos Saludables (2017-2018)."},"content":{"rendered":"\r\n<p><img loading=\"lazy\" decoding=\"async\" src=\"https:\/\/blogsaverroes.juntadeandalucia.es\/oscarquevedo83\/files\/2018\/02\/captura-de-pantalla-2018-02-06-a-las-18-27-55.png\" alt=\"Captura de pantalla 2018-02-06 a las 18.27.55\" width=\"1160\" height=\"1572\"><a href=\"https:\/\/blogsaverroes.juntadeandalucia.es\/oscarquevedo83\/files\/2018\/02\/retos-saludables.pdf\">RETOS SALUDABLES<\/a><\/p>\r\n\r\n\r\n\r\n<figure class=\"wp-block-gallery has-nested-images columns-3 is-cropped wp-block-gallery-1 is-layout-flex wp-block-gallery-is-layout-flex\">\r\n<figure class=\"wp-block-image size-large\"><img loading=\"lazy\" decoding=\"async\" width=\"1080\" height=\"1344\" data-id=\"453\" class=\"wp-image-453\" src=\"https:\/\/blogsaverroes.juntadeandalucia.es\/oscarquevedo83\/files\/2018\/02\/unnamed-1.jpg\" alt=\"\" srcset=\"https:\/\/blogsaverroes.juntadeandalucia.es\/oscarquevedo83\/files\/2018\/02\/unnamed-1.jpg 1080w, https:\/\/blogsaverroes.juntadeandalucia.es\/oscarquevedo83\/files\/2018\/02\/unnamed-1-241x300.jpg 241w, https:\/\/blogsaverroes.juntadeandalucia.es\/oscarquevedo83\/files\/2018\/02\/unnamed-1-823x1024.jpg 823w, https:\/\/blogsaverroes.juntadeandalucia.es\/oscarquevedo83\/files\/2018\/02\/unnamed-1-768x956.jpg 768w\" sizes=\"(max-width: 1080px) 100vw, 1080px\" \/><\/figure>\r\n\r\n\r\n\r\n<figure class=\"wp-block-image size-large\"><img loading=\"lazy\" decoding=\"async\" width=\"1080\" height=\"1344\" data-id=\"454\" class=\"wp-image-454\" src=\"https:\/\/blogsaverroes.juntadeandalucia.es\/oscarquevedo83\/files\/2018\/02\/unnamed.jpg\" alt=\"\" srcset=\"https:\/\/blogsaverroes.juntadeandalucia.es\/oscarquevedo83\/files\/2018\/02\/unnamed.jpg 1080w, https:\/\/blogsaverroes.juntadeandalucia.es\/oscarquevedo83\/files\/2018\/02\/unnamed-241x300.jpg 241w, https:\/\/blogsaverroes.juntadeandalucia.es\/oscarquevedo83\/files\/2018\/02\/unnamed-823x1024.jpg 823w, https:\/\/blogsaverroes.juntadeandalucia.es\/oscarquevedo83\/files\/2018\/02\/unnamed-768x956.jpg 768w\" sizes=\"(max-width: 1080px) 100vw, 1080px\" \/><\/figure>\r\n<\/figure>\r\n\r\n\r\n\r\n<p><em><strong>DESIGN THINKING<\/strong><\/em><\/p>\r\n\r\n\r\n\r\n<figure class=\"wp-block-image\"><img loading=\"lazy\" decoding=\"async\" width=\"1032\" height=\"1466\" class=\"wp-image-508\" src=\"https:\/\/blogsaverroes.juntadeandalucia.es\/oscarquevedo83\/files\/2018\/04\/captura-de-pantalla-2018-04-30-a-las-21-03-24.png\" alt=\"Captura de pantalla 2018-04-30 a las 21.03.24\" srcset=\"https:\/\/blogsaverroes.juntadeandalucia.es\/oscarquevedo83\/files\/2018\/04\/captura-de-pantalla-2018-04-30-a-las-21-03-24.png 1032w, https:\/\/blogsaverroes.juntadeandalucia.es\/oscarquevedo83\/files\/2018\/04\/captura-de-pantalla-2018-04-30-a-las-21-03-24-211x300.png 211w, https:\/\/blogsaverroes.juntadeandalucia.es\/oscarquevedo83\/files\/2018\/04\/captura-de-pantalla-2018-04-30-a-las-21-03-24-721x1024.png 721w, https:\/\/blogsaverroes.juntadeandalucia.es\/oscarquevedo83\/files\/2018\/04\/captura-de-pantalla-2018-04-30-a-las-21-03-24-768x1091.png 768w\" sizes=\"(max-width: 1032px) 100vw, 1032px\" \/><\/figure>\r\n\r\n\r\n\r\n<p><strong>CONTRATO COMPROMISO DE PARTICIPACI\u00d3N (LENGUA)<\/strong><\/p>\r\n\r\n\r\n\r\n<figure class=\"wp-block-image\"><img loading=\"lazy\" decoding=\"async\" width=\"1146\" height=\"1164\" class=\"wp-image-510\" src=\"https:\/\/blogsaverroes.juntadeandalucia.es\/oscarquevedo83\/files\/2018\/04\/captura-de-pantalla-2018-04-30-a-las-21-05-14.png\" alt=\"Captura de pantalla 2018-04-30 a las 21.05.14\" srcset=\"https:\/\/blogsaverroes.juntadeandalucia.es\/oscarquevedo83\/files\/2018\/04\/captura-de-pantalla-2018-04-30-a-las-21-05-14.png 1146w, https:\/\/blogsaverroes.juntadeandalucia.es\/oscarquevedo83\/files\/2018\/04\/captura-de-pantalla-2018-04-30-a-las-21-05-14-295x300.png 295w, https:\/\/blogsaverroes.juntadeandalucia.es\/oscarquevedo83\/files\/2018\/04\/captura-de-pantalla-2018-04-30-a-las-21-05-14-1008x1024.png 1008w, https:\/\/blogsaverroes.juntadeandalucia.es\/oscarquevedo83\/files\/2018\/04\/captura-de-pantalla-2018-04-30-a-las-21-05-14-768x780.png 768w, https:\/\/blogsaverroes.juntadeandalucia.es\/oscarquevedo83\/files\/2018\/04\/captura-de-pantalla-2018-04-30-a-las-21-05-14-80x80.png 80w\" sizes=\"(max-width: 1146px) 100vw, 1146px\" \/><\/figure>\r\n\r\n\r\n\r\n<p><strong>COMOD\u00cdN (PL\u00c1STICA)<\/strong><\/p>\r\n\r\n\r\n\r\n<figure class=\"wp-block-image\"><img loading=\"lazy\" decoding=\"async\" width=\"757\" height=\"1024\" class=\"wp-image-515\" src=\"https:\/\/blogsaverroes.juntadeandalucia.es\/oscarquevedo83\/files\/2018\/04\/glog-copia.jpg\" alt=\"glog copia\" srcset=\"https:\/\/blogsaverroes.juntadeandalucia.es\/oscarquevedo83\/files\/2018\/04\/glog-copia.jpg 757w, https:\/\/blogsaverroes.juntadeandalucia.es\/oscarquevedo83\/files\/2018\/04\/glog-copia-222x300.jpg 222w\" sizes=\"(max-width: 757px) 100vw, 757px\" \/><\/figure>\r\n\r\n\r\n\r\n<p><strong>CARTEL ANUNCIADOR DEL PRIMER RETO (LENGUA Y PL\u00c1STICA)<\/strong><\/p>\r\n\r\n\r\n\r\n<figure class=\"wp-block-image\"><img loading=\"lazy\" decoding=\"async\" width=\"1938\" height=\"1260\" class=\"wp-image-511\" src=\"https:\/\/blogsaverroes.juntadeandalucia.es\/oscarquevedo83\/files\/2018\/04\/captura-de-pantalla-2018-04-30-a-las-21-05-46.png\" alt=\"Captura de pantalla 2018-04-30 a las 21.05.46\" srcset=\"https:\/\/blogsaverroes.juntadeandalucia.es\/oscarquevedo83\/files\/2018\/04\/captura-de-pantalla-2018-04-30-a-las-21-05-46.png 1938w, https:\/\/blogsaverroes.juntadeandalucia.es\/oscarquevedo83\/files\/2018\/04\/captura-de-pantalla-2018-04-30-a-las-21-05-46-300x195.png 300w, https:\/\/blogsaverroes.juntadeandalucia.es\/oscarquevedo83\/files\/2018\/04\/captura-de-pantalla-2018-04-30-a-las-21-05-46-1024x666.png 1024w, https:\/\/blogsaverroes.juntadeandalucia.es\/oscarquevedo83\/files\/2018\/04\/captura-de-pantalla-2018-04-30-a-las-21-05-46-768x499.png 768w, https:\/\/blogsaverroes.juntadeandalucia.es\/oscarquevedo83\/files\/2018\/04\/captura-de-pantalla-2018-04-30-a-las-21-05-46-1536x999.png 1536w\" sizes=\"(max-width: 1938px) 100vw, 1938px\" \/><\/figure>\r\n\r\n\r\n\r\n<p><strong>TABLA DE REGISTRO DEL RETO (MATEM\u00c1TICAS).<\/strong><\/p>\r\n\r\n\r\n\r\n<figure class=\"wp-block-image\"><img loading=\"lazy\" decoding=\"async\" width=\"1486\" height=\"1470\" class=\"wp-image-509\" src=\"https:\/\/blogsaverroes.juntadeandalucia.es\/oscarquevedo83\/files\/2018\/04\/captura-de-pantalla-2018-04-30-a-las-21-04-14.png\" alt=\"Captura de pantalla 2018-04-30 a las 21.04.14\" srcset=\"https:\/\/blogsaverroes.juntadeandalucia.es\/oscarquevedo83\/files\/2018\/04\/captura-de-pantalla-2018-04-30-a-las-21-04-14.png 1486w, https:\/\/blogsaverroes.juntadeandalucia.es\/oscarquevedo83\/files\/2018\/04\/captura-de-pantalla-2018-04-30-a-las-21-04-14-300x297.png 300w, https:\/\/blogsaverroes.juntadeandalucia.es\/oscarquevedo83\/files\/2018\/04\/captura-de-pantalla-2018-04-30-a-las-21-04-14-1024x1013.png 1024w, https:\/\/blogsaverroes.juntadeandalucia.es\/oscarquevedo83\/files\/2018\/04\/captura-de-pantalla-2018-04-30-a-las-21-04-14-768x760.png 768w, https:\/\/blogsaverroes.juntadeandalucia.es\/oscarquevedo83\/files\/2018\/04\/captura-de-pantalla-2018-04-30-a-las-21-04-14-80x80.png 80w\" sizes=\"(max-width: 1486px) 100vw, 1486px\" \/><\/figure>\r\n\r\n\r\n\r\n<p><strong>INSIGNIA DEL &nbsp;PRIMER RETO SUPERADO (INGL\u00c9S Y PL\u00c1STICA).<\/strong><\/p>\r\n\r\n\r\n\r\n<figure class=\"wp-block-image\"><img loading=\"lazy\" decoding=\"async\" width=\"739\" height=\"1000\" class=\"wp-image-514\" src=\"https:\/\/blogsaverroes.juntadeandalucia.es\/oscarquevedo83\/files\/2018\/04\/img_7266.png\" alt=\"IMG_7266\" srcset=\"https:\/\/blogsaverroes.juntadeandalucia.es\/oscarquevedo83\/files\/2018\/04\/img_7266.png 739w, https:\/\/blogsaverroes.juntadeandalucia.es\/oscarquevedo83\/files\/2018\/04\/img_7266-222x300.png 222w\" sizes=\"(max-width: 739px) 100vw, 739px\" \/><\/figure>\r\n\r\n\r\n\r\n<p><strong>CARTEL ANUNCIADOR DEL PRIMER RETO (LENGUA Y PL\u00c1STICA)<\/strong><\/p>\r\n\r\n\r\n\r\n<figure class=\"wp-block-image\"><img loading=\"lazy\" decoding=\"async\" width=\"1928\" height=\"1282\" class=\"wp-image-512\" src=\"https:\/\/blogsaverroes.juntadeandalucia.es\/oscarquevedo83\/files\/2018\/04\/captura-de-pantalla-2018-04-30-a-las-21-06-21.png\" alt=\"Captura de pantalla 2018-04-30 a las 21.06.21\" srcset=\"https:\/\/blogsaverroes.juntadeandalucia.es\/oscarquevedo83\/files\/2018\/04\/captura-de-pantalla-2018-04-30-a-las-21-06-21.png 1928w, https:\/\/blogsaverroes.juntadeandalucia.es\/oscarquevedo83\/files\/2018\/04\/captura-de-pantalla-2018-04-30-a-las-21-06-21-300x199.png 300w, https:\/\/blogsaverroes.juntadeandalucia.es\/oscarquevedo83\/files\/2018\/04\/captura-de-pantalla-2018-04-30-a-las-21-06-21-1024x681.png 1024w, https:\/\/blogsaverroes.juntadeandalucia.es\/oscarquevedo83\/files\/2018\/04\/captura-de-pantalla-2018-04-30-a-las-21-06-21-768x511.png 768w, https:\/\/blogsaverroes.juntadeandalucia.es\/oscarquevedo83\/files\/2018\/04\/captura-de-pantalla-2018-04-30-a-las-21-06-21-1536x1021.png 1536w\" sizes=\"(max-width: 1928px) 100vw, 1928px\" \/><\/figure>\r\n\r\n\r\n\r\n<p><strong>TABLA DE REGISTRO DEL RETO (MATEM\u00c1TICAS).<\/strong><\/p>\r\n\r\n\r\n\r\n<figure class=\"wp-block-image\"><img loading=\"lazy\" decoding=\"async\" width=\"1024\" height=\"757\" class=\"wp-image-513\" src=\"https:\/\/blogsaverroes.juntadeandalucia.es\/oscarquevedo83\/files\/2018\/04\/glog-1.jpg\" alt=\"glog\" srcset=\"https:\/\/blogsaverroes.juntadeandalucia.es\/oscarquevedo83\/files\/2018\/04\/glog-1.jpg 1024w, https:\/\/blogsaverroes.juntadeandalucia.es\/oscarquevedo83\/files\/2018\/04\/glog-1-300x222.jpg 300w, https:\/\/blogsaverroes.juntadeandalucia.es\/oscarquevedo83\/files\/2018\/04\/glog-1-768x568.jpg 768w\" sizes=\"(max-width: 1024px) 100vw, 1024px\" \/><\/figure>\r\n\r\n\r\n\r\n<p><strong>INSIGNIA DEL &nbsp;SEGUNDO RETO SUPERADO (INGL\u00c9S Y PL\u00c1STICA).<\/strong><\/p>\r\n\r\n\r\n\r\n<p>En <strong>Cultura Digital y en M\u00fasica<\/strong> se grab\u00f3 un video promocional de los retos saludables (se puede visualizar en el Facebook del centro) y el rap del reto del movimiento (se puede escuchar en Instagram de racsoq83)&#8230; pr\u00f3ximo reto, <strong>reto del descanso<\/strong>, se trabajar\u00e1 la atenci\u00f3n plena mediante meditaciones guiadas (Mindfulnees).<\/p>\r\n\r\n\r\n\r\n<p><br>PROYECTO RETOS SALUDABLES by \u00d3scar Quevedo Ojeda is licensed under a <a href=\"http:\/\/creativecommons.org\/licenses\/by-nc-sa\/4.0\/\">Creative Commons Reconocimiento-NoComercial-CompartirIgual 4.0 Internacional License<\/a>.<\/p>\r\n","protected":false},"excerpt":{"rendered":"<p>RETOS SALUDABLES DESIGN THINKING CONTRATO COMPROMISO DE PARTICIPACI\u00d3N (LENGUA) COMOD\u00cdN (PL\u00c1STICA) CARTEL ANUNCIADOR DEL PRIMER RETO (LENGUA Y PL\u00c1STICA) TABLA DE REGISTRO DEL RETO (MATEM\u00c1TICAS). INSIGNIA DEL &nbsp;PRIMER RETO SUPERADO&#46;&#46;&#46;<\/p>\n","protected":false},"author":4794,"featured_media":0,"parent":0,"menu_order":6,"comment_status":"closed","ping_status":"closed","template":"","meta":{"ngg_post_thumbnail":0,"footnotes":""},"aioseo_notices":[],"_links":{"self":[{"href":"https:\/\/blogsaverroes.juntadeandalucia.es\/oscarquevedo83\/wp-json\/wp\/v2\/pages\/1546"}],"collection":[{"href":"https:\/\/blogsaverroes.juntadeandalucia.es\/oscarquevedo83\/wp-json\/wp\/v2\/pages"}],"about":[{"href":"https:\/\/blogsaverroes.juntadeandalucia.es\/oscarquevedo83\/wp-json\/wp\/v2\/types\/page"}],"author":[{"embeddable":true,"href":"https:\/\/blogsaverroes.juntadeandalucia.es\/oscarquevedo83\/wp-json\/wp\/v2\/users\/4794"}],"replies":[{"embeddable":true,"href":"https:\/\/blogsaverroes.juntadeandalucia.es\/oscarquevedo83\/wp-json\/wp\/v2\/comments?post=1546"}],"version-history":[{"count":2,"href":"https:\/\/blogsaverroes.juntadeandalucia.es\/oscarquevedo83\/wp-json\/wp\/v2\/pages\/1546\/revisions"}],"predecessor-version":[{"id":1723,"href":"https:\/\/blogsaverroes.juntadeandalucia.es\/oscarquevedo83\/wp-json\/wp\/v2\/pages\/1546\/revisions\/1723"}],"wp:attachment":[{"href":"https:\/\/blogsaverroes.juntadeandalucia.es\/oscarquevedo83\/wp-json\/wp\/v2\/media?parent=1546"}],"curies":[{"name":"wp","href":"https:\/\/api.w.org\/{rel}","templated":true}]}}