{"id":64,"date":"2020-06-21T20:29:23","date_gmt":"2020-06-21T18:29:23","guid":{"rendered":"https:\/\/blogsaverroes.juntadeandalucia.es\/pablolenguajemusical\/?page_id=64"},"modified":"2020-06-28T16:57:53","modified_gmt":"2020-06-28T14:57:53","slug":"dictados","status":"publish","type":"page","link":"https:\/\/blogsaverroes.juntadeandalucia.es\/pablolenguajemusical\/juegos\/dictados\/","title":{"rendered":"Juegos: Dictados Musicales"},"content":{"rendered":"<div style=\"text-align: center\">\n<table style=\"width: 100%\">\n<tbody>\n<tr style=\"height: 24px\">\n<td style=\"width: 80%;background-color: #ffa21f;height: 24px\"><span style=\"color: #000000\"><strong>NIVEL 1<\/strong><\/span><\/td>\n<td style=\"width: 20%;background-color: #ffa21f;height: 24px\">&nbsp;<\/td>\n<\/tr>\n<tr style=\"height: 24px\">\n<td style=\"width: 264px;height: 24px\">Dictado R\u00edtmico- Nivel 1.0 &#8211;&nbsp; B\u00e1sico &#8211; Iniciaci\u00f3n&nbsp; &nbsp;&#8211; Negra y su silencio<\/td>\n<td style=\"width: 246px;height: 24px\"><a href=\"https:\/\/aprendomusica.com\/const2\/09negraysilencio\/index.html\">Jugar \ud83d\udd79\ufe0f<\/a><\/td>\n<\/tr>\n<tr style=\"height: 24px\">\n<td style=\"width: 264px;height: 24px\">Nivel 1.1 &#8211; 1\u00ba de Ense\u00f1anzas B\u00e1sicas&nbsp; &nbsp;&#8211; Negras y corcheas<\/td>\n<td style=\"width: 246px;height: 24px\"><a href=\"https:\/\/aprendomusica.com\/const2\/17ritmo4compases1\/index.html\">Jugar \ud83d\udd79\ufe0f<\/a><\/td>\n<\/tr>\n<tr style=\"height: 24px\">\n<td style=\"width: 264px;height: 24px\">Dictado R\u00edtmico &#8211; Nivel 1.2 &#8211; 1\u00ba de Ense\u00f1anzas B\u00e1sicas &#8211; Negras, corcheas y semicorcheas<\/td>\n<td style=\"width: 246px;height: 24px\"><a href=\"https:\/\/aprendomusica.com\/const2\/29dictadoritmico2\/index.html\">Jugar \ud83d\udd79\ufe0f<\/a><\/td>\n<\/tr>\n<tr style=\"height: 24px\">\n<td style=\"width: 264px;height: 24px\">Dictados de 4 notas naturales&nbsp; (para practicar)&nbsp;<\/td>\n<td style=\"width: 246px;height: 24px\"><a href=\"https:\/\/www.teoria.com\/es\/ejercicios\/kne.php?o=0;0;0;I_IV_V;groupSize=4;tempo=3500;clef=g;ks=C;answerMode=keyb;mode=major;\">Jugar \ud83d\udd79\ufe0f<\/a><\/td>\n<\/tr>\n<tr style=\"height: 24px\">\n<td style=\"width: 264px;height: 24px\">&nbsp;<\/td>\n<td style=\"width: 246px;height: 24px\">&nbsp;<\/td>\n<\/tr>\n<tr style=\"height: 24px\">\n<td style=\"width: 264px;background-color: #b872cc;height: 24px\"><span style=\"color: #ffffff\"><strong>NIVEL 2<\/strong><\/span><\/td>\n<td style=\"width: 246px;background-color: #b872cc;height: 24px\">&nbsp;<\/td>\n<\/tr>\n<tr style=\"height: 24px\">\n<td style=\"width: 264px;height: 24px\">Dictado R\u00edtmico Nivel 2.0 &#8211; Silencio de Corchea y Corchea<\/td>\n<td style=\"width: 246px;height: 24px\"><a href=\"https:\/\/aprendomusica.com\/const2\/31dictadoritmico3\/index.html\">Jugar \ud83d\udd79\ufe0f<\/a><\/td>\n<\/tr>\n<tr style=\"height: 24px\">\n<td style=\"width: 264px;height: 24px\">Dictado Mel\u00f3dico &#8211; Valor M\u00ednimo : Negra<\/td>\n<td style=\"width: 246px;height: 24px\"><a href=\"https:\/\/www.teoria.com\/es\/ejercicios\/md.php?o=0;0;0;mayor;negra;simple;tria;penta;arpegios;claveSol;showFirst;tempo=-1;\">Jugar \ud83d\udd79\ufe0f<\/a><\/td>\n<\/tr>\n<tr style=\"height: 24px\">\n<td style=\"width: 264px;height: 24px\">&nbsp;<\/td>\n<td style=\"width: 246px;height: 24px\">&nbsp;<\/td>\n<\/tr>\n<tr style=\"height: 24px\">\n<td style=\"width: 264px;background-color: #bcff82;height: 24px\"><span style=\"color: #000000\"><strong>NIVEL 3<\/strong><\/span><\/td>\n<td style=\"width: 246px;background-color: #bcff82;height: 24px\">&nbsp;<\/td>\n<\/tr>\n<tr style=\"height: 24px\">\n<td style=\"width: 264px;height: 24px\">\u00a1Dictado de notas!<\/td>\n<td style=\"width: 246px;height: 24px\"><a href=\"https:\/\/www.musictheory.net\/exercises\/ear-note\/izdnfyb8gfbynycb\">Jugar \ud83d\udd79\ufe0f<\/a><\/td>\n<\/tr>\n<tr style=\"height: 24px\">\n<td style=\"width: 264px;height: 24px\">Dictado R\u00edtmico 6\/8 , 9\/8 y 12\/8<\/td>\n<td style=\"width: 246px;height: 24px\"><a href=\"https:\/\/www.teoria.com\/es\/ejercicios\/rd4.php?o=0;5;0;comp8;s4corchea;s4nosyncope;s4norest;s4notuplet;s2negra;s2nosyncope;s2norest;s2notuplet;c8corchea;c8norest;c8notuplet;tempo=Lento;\">Jugar \ud83d\udd79\ufe0f<\/a><\/td>\n<\/tr>\n<tr style=\"height: 24px\">\n<td style=\"width: 264px;height: 24px\">Dictado Mel\u00f3dico- Valor M\u00ednimo : Corchea<\/td>\n<td style=\"width: 246px;height: 24px\"><a href=\"https:\/\/teoria.com\/es\/ejercicios\/md.php?o=0;5;0;mayor;negra;corchea;simple;tria;penta;arpegios;escala;claveSol;showFirst;tempo=-1;\">Jugar \ud83d\udd79\ufe0f<\/a><\/td>\n<\/tr>\n<tr style=\"height: 24px\">\n<td style=\"width: 264px;height: 24px\">Dictados imposibles<\/td>\n<td style=\"width: 246px;height: 24px\"><a href=\"https:\/\/teoria.com\/es\/ejercicios\/md.php?o=0;5;0;mayor;negra;corchea;simple;compuesto;tria;penta;arpegios;escala;claveSol;showFirst;tempo=-1;\">Jugar \ud83d\udd79\ufe0f<\/a><\/td>\n<\/tr>\n<\/tbody>\n<\/table>\n<\/div>\n<div>&nbsp;<\/div>\n<div>&nbsp;<\/div>\n<div>Fuente: aprendomusica.com<\/div>\n","protected":false},"excerpt":{"rendered":"<p>NIVEL 1 &nbsp; Dictado R\u00edtmico- Nivel 1.0 &#8211;&nbsp; B\u00e1sico &#8211; Iniciaci\u00f3n&nbsp; &nbsp;&#8211; Negra y su silencio Jugar \ud83d\udd79\ufe0f Nivel 1.1 &#8211; 1\u00ba de Ense\u00f1anzas B\u00e1sicas&nbsp; &nbsp;&#8211; Negras y corcheas Jugar \ud83d\udd79\ufe0f Dictado R\u00edtmico &#8211;&#46;&#46;&#46;<\/p>\n","protected":false},"author":9762,"featured_media":0,"parent":27,"menu_order":0,"comment_status":"closed","ping_status":"closed","template":"","meta":{"ngg_post_thumbnail":0,"footnotes":""},"aioseo_notices":[],"_links":{"self":[{"href":"https:\/\/blogsaverroes.juntadeandalucia.es\/pablolenguajemusical\/wp-json\/wp\/v2\/pages\/64"}],"collection":[{"href":"https:\/\/blogsaverroes.juntadeandalucia.es\/pablolenguajemusical\/wp-json\/wp\/v2\/pages"}],"about":[{"href":"https:\/\/blogsaverroes.juntadeandalucia.es\/pablolenguajemusical\/wp-json\/wp\/v2\/types\/page"}],"author":[{"embeddable":true,"href":"https:\/\/blogsaverroes.juntadeandalucia.es\/pablolenguajemusical\/wp-json\/wp\/v2\/users\/9762"}],"replies":[{"embeddable":true,"href":"https:\/\/blogsaverroes.juntadeandalucia.es\/pablolenguajemusical\/wp-json\/wp\/v2\/comments?post=64"}],"version-history":[{"count":10,"href":"https:\/\/blogsaverroes.juntadeandalucia.es\/pablolenguajemusical\/wp-json\/wp\/v2\/pages\/64\/revisions"}],"predecessor-version":[{"id":134,"href":"https:\/\/blogsaverroes.juntadeandalucia.es\/pablolenguajemusical\/wp-json\/wp\/v2\/pages\/64\/revisions\/134"}],"up":[{"embeddable":true,"href":"https:\/\/blogsaverroes.juntadeandalucia.es\/pablolenguajemusical\/wp-json\/wp\/v2\/pages\/27"}],"wp:attachment":[{"href":"https:\/\/blogsaverroes.juntadeandalucia.es\/pablolenguajemusical\/wp-json\/wp\/v2\/media?parent=64"}],"curies":[{"name":"wp","href":"https:\/\/api.w.org\/{rel}","templated":true}]}}