{"id":718,"date":"2020-12-01T14:28:21","date_gmt":"2020-12-01T13:28:21","guid":{"rendered":"https:\/\/blogsaverroes.juntadeandalucia.es\/pablolenguajemusical\/?page_id=718"},"modified":"2020-12-01T14:42:30","modified_gmt":"2020-12-01T13:42:30","slug":"notas-a-contratiempo","status":"publish","type":"page","link":"https:\/\/blogsaverroes.juntadeandalucia.es\/pablolenguajemusical\/notas-a-contratiempo\/","title":{"rendered":"Notas a contratiempo"},"content":{"rendered":"<div id=\"\" class=\"su-heading su-heading-style-default su-heading-align-center\">\n<div style=\"text-align: right\">Autor: Javier Campa\u00f1a (clasedelenguajemusical.com)<\/div>\n<div class=\"su-heading-inner\"><strong>Mapa Conceptual<\/strong><\/div>\n<\/div>\n<p><img fetchpriority=\"high\" decoding=\"async\" class=\"aligncenter size-full wp-image-728\" src=\"https:\/\/blogsaverroes.juntadeandalucia.es\/pablolenguajemusical\/files\/2020\/12\/contratiempo.jpg\" alt=\"\" width=\"749\" height=\"389\" srcset=\"https:\/\/blogsaverroes.juntadeandalucia.es\/pablolenguajemusical\/files\/2020\/12\/contratiempo.jpg 749w, https:\/\/blogsaverroes.juntadeandalucia.es\/pablolenguajemusical\/files\/2020\/12\/contratiempo-300x156.jpg 300w, https:\/\/blogsaverroes.juntadeandalucia.es\/pablolenguajemusical\/files\/2020\/12\/contratiempo-24x12.jpg 24w, https:\/\/blogsaverroes.juntadeandalucia.es\/pablolenguajemusical\/files\/2020\/12\/contratiempo-36x19.jpg 36w, https:\/\/blogsaverroes.juntadeandalucia.es\/pablolenguajemusical\/files\/2020\/12\/contratiempo-48x25.jpg 48w\" sizes=\"(max-width: 749px) 100vw, 749px\" \/><\/p>\n<div class=\"su-divider su-divider-style-default\">&nbsp;<\/div>\n<p style=\"text-align: left\"><strong>V\u00eddeo Explicativo<\/strong><\/p>\n<div class=\"su-youtube su-u-responsive-media-yes\" style=\"text-align: center\"><iframe src=\"https:\/\/www.youtube.com\/embed\/C3VsMUkXTV8?autohide=2&amp;autoplay=0&amp;mute=0&amp;controls=1&amp;fs=1&amp;loop=0&amp;modestbranding=0&amp;playlist=&amp;rel=0&amp;showinfo=1&amp;theme=dark&amp;wmode=&amp;playsinline=0&amp;wmode=opaque&amp;rel=0\" width=\"600\" height=\"400\" frameborder=\"0\"><\/iframe><\/div>\n<div class=\"su-divider su-divider-style-default\" style=\"text-align: center\">&nbsp;<\/div>\n<p><strong>Paso a paso<\/strong><\/p>\n<p>Lo primero es comprender que cada comp\u00e1s tiene tiempos fuertes y d\u00e9biles.<\/p>\n<p><img decoding=\"async\" class=\"aligncenter size-large\" src=\"http:\/\/www.pianogratis.com\/imagenes\/acentos2.gif\" width=\"298\" height=\"123\"><\/p>\n<p>Y dentro del comp\u00e1s, cada tiempo puede contener tambi\u00e9n partes fuertes y d\u00e9biles, dependiendo de la subdivisi\u00f3n de sus figuras. Veamos un ejemplo en 2\/4<\/p>\n<p><img decoding=\"async\" class=\"aligncenter size-large\" src=\"https:\/\/image.jimcdn.com\/app\/cms\/image\/transf\/dimension=662x10000:format=png\/path\/s3e3e580941028ce1\/image\/i206a1b4672c7f465\/version\/1460525149\/image.png\" width=\"662\" height=\"319\"><\/p>\n<p>\u00bfQu\u00e9 son por tanto notas a contratiempo?<\/p>\n<p>Las notas estando en parte d\u00e9bil, est\u00e1n precedidas de un silencio.<\/p>\n<div class=\"su-divider su-divider-style-default\">&nbsp;<\/div>\n<p><strong>Objetivos<\/strong><\/p>\n<div class=\"su-list\">\n<ul>\n<li><i class=\"sui sui-arrow-circle-right\"><\/i>Reconocer los tiempos y\/o fracciones fuertes y d\u00e9biles e interpretarlos correctamente<\/li>\n<li><i class=\"sui sui-arrow-circle-right\"><\/i>Reconocer las notas a contratiempo en una partitura<\/li>\n<li><i class=\"sui sui-arrow-circle-right\"><\/i>Interpretar correctamente las notas a contratiempo<\/li>\n<\/ul>\n<\/div>\n<div class=\"su-divider su-divider-style-default\">&nbsp;<\/div>\n<p><strong>Escuchamos m\u00fasica<\/strong><\/p>\n<p><a class=\"aligncenter\" href=\"http:\/\/mariajesusmusica.wixsite.com\/big-swing\"><img loading=\"lazy\" decoding=\"async\" class=\"aligncenter size-large\" src=\"http:\/\/www.mariajesusmusica.com\/uploads\/1\/2\/6\/7\/12672556\/6402732_orig.png\" width=\"985\" height=\"630\"><\/a><\/p>\n<div class=\"su-divider su-divider-style-default\">&nbsp;<\/div>\n<p><strong>Actividades<\/strong><\/p>\n<div class=\"su-list\">\n<ul>\n<li><i class=\"sui sui-external-link\"><\/i><a href=\"https:\/\/es.educaplay.com\/es\/recursoseducativos\/599294\/html5\/notas_a_contratiempo.htm\">Juego Interactivo<\/a>&nbsp;Reconocemos las notas a contratiempo<\/li>\n<li><i class=\"sui sui-external-link\"><\/i><a href=\"https:\/\/es.educaplay.com\/es\/recursoseducativos\/919385\/contratiempos.htm\">Juego Interactivo<\/a>&nbsp;Reconocemos las notas a contratiempo<\/li>\n<\/ul>\n<\/div>\n<div class=\"su-list\">\n<ul>\n<li><i class=\"sui sui-users\"><\/i><a href=\"https:\/\/docs.google.com\/file\/d\/1BYjpUaCChihfj4rX12yDmmtOLqpBvmsFme3I-d8_OIi3XOkqkaX2C89dXYmx\/edit\">Actividad de clase<\/a>: Reconocemos la s\u00edncopa y las notas a contratiempo<\/li>\n<\/ul>\n<\/div>\n<div class=\"su-list\">\n<ul>\n<li><i class=\"sui sui-edit\"><\/i><a href=\"http:\/\/www.clasedelenguajemusical.com\/wp-content\/uploads\/2017\/11\/SeGUNDO_teori%CC%81a6.pdf\">PDF para trabajar<\/a><i class=\"sui sui-paw\"><\/i><\/li>\n<\/ul>\n<p>&nbsp;<\/p>\n<\/div>\n<div class=\"su-list\">&nbsp;<\/div>\n","protected":false},"excerpt":{"rendered":"<p>Autor: Javier Campa\u00f1a (clasedelenguajemusical.com) Mapa Conceptual &nbsp; V\u00eddeo Explicativo &nbsp; Paso a paso Lo primero es comprender que cada comp\u00e1s tiene tiempos fuertes y d\u00e9biles. Y dentro del comp\u00e1s, cada tiempo puede contener tambi\u00e9n&#46;&#46;&#46;<\/p>\n","protected":false},"author":9762,"featured_media":0,"parent":0,"menu_order":0,"comment_status":"closed","ping_status":"closed","template":"","meta":{"ngg_post_thumbnail":0,"footnotes":""},"aioseo_notices":[],"_links":{"self":[{"href":"https:\/\/blogsaverroes.juntadeandalucia.es\/pablolenguajemusical\/wp-json\/wp\/v2\/pages\/718"}],"collection":[{"href":"https:\/\/blogsaverroes.juntadeandalucia.es\/pablolenguajemusical\/wp-json\/wp\/v2\/pages"}],"about":[{"href":"https:\/\/blogsaverroes.juntadeandalucia.es\/pablolenguajemusical\/wp-json\/wp\/v2\/types\/page"}],"author":[{"embeddable":true,"href":"https:\/\/blogsaverroes.juntadeandalucia.es\/pablolenguajemusical\/wp-json\/wp\/v2\/users\/9762"}],"replies":[{"embeddable":true,"href":"https:\/\/blogsaverroes.juntadeandalucia.es\/pablolenguajemusical\/wp-json\/wp\/v2\/comments?post=718"}],"version-history":[{"count":4,"href":"https:\/\/blogsaverroes.juntadeandalucia.es\/pablolenguajemusical\/wp-json\/wp\/v2\/pages\/718\/revisions"}],"predecessor-version":[{"id":730,"href":"https:\/\/blogsaverroes.juntadeandalucia.es\/pablolenguajemusical\/wp-json\/wp\/v2\/pages\/718\/revisions\/730"}],"wp:attachment":[{"href":"https:\/\/blogsaverroes.juntadeandalucia.es\/pablolenguajemusical\/wp-json\/wp\/v2\/media?parent=718"}],"curies":[{"name":"wp","href":"https:\/\/api.w.org\/{rel}","templated":true}]}}