{"id":827,"date":"2021-03-16T12:31:35","date_gmt":"2021-03-16T11:31:35","guid":{"rendered":"https:\/\/blogsaverroes.juntadeandalucia.es\/pablolenguajemusical\/?page_id=827"},"modified":"2023-05-12T12:27:40","modified_gmt":"2023-05-12T10:27:40","slug":"pruebas-de-acceso","status":"publish","type":"page","link":"https:\/\/blogsaverroes.juntadeandalucia.es\/pablolenguajemusical\/4eebb\/pruebas-de-acceso\/","title":{"rendered":"Pruebas de acceso a grado profesional"},"content":{"rendered":"\t\t<div data-elementor-type=\"wp-page\" data-elementor-id=\"827\" class=\"elementor elementor-827\">\n\t\t\t\t\t\t<section class=\"elementor-section elementor-top-section elementor-element elementor-element-f789cc6 elementor-section-boxed elementor-section-height-default elementor-section-height-default\" data-id=\"f789cc6\" data-element_type=\"section\">\n\t\t\t\t\t\t<div class=\"elementor-container elementor-column-gap-default\">\n\t\t\t\t\t<div class=\"elementor-column elementor-col-100 elementor-top-column elementor-element elementor-element-cb4924a\" data-id=\"cb4924a\" data-element_type=\"column\">\n\t\t\t<div class=\"elementor-widget-wrap elementor-element-populated\">\n\t\t\t\t\t\t<div class=\"elementor-element elementor-element-0efc5a6 elementor-widget elementor-widget-text-editor\" data-id=\"0efc5a6\" data-element_type=\"widget\" data-widget_type=\"text-editor.default\">\n\t\t\t\t<div class=\"elementor-widget-container\">\n\t\t\t\t\t\t\t\t\t<h2>Pruebas de acceso a Grado Profesional 2023<\/h2><p>Contenido concreto de las pruebas del Conservatorio Profesional de M\u00fasica \u00abRam\u00f3n Corrales\u00bb de Ronda<\/p><div>\u00a0<\/div><h4>Estructura y contenido de las pruebas de acceso<\/h4><p>La prueba de acceso al primer curso de Ense\u00f1anzas Profesionales consistir\u00e1, para todas las especialidades instrumentales en dos pruebas, que ser\u00e1n:<\/p><ul><li>PRUEBA A\u00a0\u00a0\u00a0 Interpretaci\u00f3n, en el instrumento de la especialidad a la que se opte, de tres obras pertenecientes a distintos estilos, de las que una como m\u00ednimo deber\u00e1 interpretarse de memoria.<\/li><li>PRUEBA B\u00a0\u00a0\u00a0 Examen de lenguaje musical para evaluar la capacidad auditiva\/r\u00edtmica del alumno o alumna y sus conocimientos te\u00f3ricos y pr\u00e1cticos del lenguaje musical.<\/li><\/ul><h3>C\u00f3mo\u00a0 me apunto y cu\u00e1ndo son las pruebas<\/h3><p><a href=\"http:\/\/www.conservatorioprofesionaldeosuna.es\/images\/archivos\/secretaria\/PasoGrado\/201920\/CalendarioAdmisConserv1920Instrucciones.pdf\">Calendario oficial Junta de Andaluc\u00eda &#8211; Descargar<\/a><\/p><ul><li><strong>Mes de abril:<\/strong> Plazo de presentaci\u00f3n de solicitudes para la admisi\u00f3n en los conservatorios elementales y profesionales de m\u00fasica y de danza.<\/li><li><strong>8 de mayo<\/strong> Publicaci\u00f3n de la relaci\u00f3n ordenada alfab\u00e9ticamente de personas solicitantes admitidas y no admitidas<\/li><li><strong>15 de mayo al 5 de junio:<\/strong> realizaci\u00f3n de las pruebas<\/li><li><strong>6 de junio<\/strong>: notas de las pruebas<\/li><li><strong>Mes de Julio:<\/strong> Matriculaci\u00f3n<\/li><\/ul><h4>MAS INFO \/ REUNIONES INFORMATIVAS PRUEBAS DE ACCESO<\/h4><p>Pagina web del conservatorio: https:\/\/conservatorioderonda.com\/pruebas-de-acceso-a-1o-curso-de-las-ensenanzas-profesionales-eepm\/<\/p>\t\t\t\t\t\t\t\t<\/div>\n\t\t\t\t<\/div>\n\t\t\t\t\t<\/div>\n\t\t<\/div>\n\t\t\t\t\t<\/div>\n\t\t<\/section>\n\t\t\t\t<section class=\"elementor-section elementor-top-section elementor-element elementor-element-842d1a3 elementor-section-boxed elementor-section-height-default elementor-section-height-default\" data-id=\"842d1a3\" data-element_type=\"section\">\n\t\t\t\t\t\t<div class=\"elementor-container elementor-column-gap-default\">\n\t\t\t\t\t<div class=\"elementor-column elementor-col-100 elementor-top-column elementor-element elementor-element-ce30ecf\" data-id=\"ce30ecf\" data-element_type=\"column\">\n\t\t\t<div class=\"elementor-widget-wrap elementor-element-populated\">\n\t\t\t\t\t\t<div class=\"elementor-element elementor-element-ed4ff34 animated-slow elementor-invisible elementor-widget elementor-widget-heading\" data-id=\"ed4ff34\" data-element_type=\"widget\" data-settings=\"{&quot;_animation&quot;:&quot;bounce&quot;}\" data-widget_type=\"heading.default\">\n\t\t\t\t<div class=\"elementor-widget-container\">\n\t\t\t\t\t<h2 class=\"elementor-heading-title elementor-size-default\">MODELOS (EN CONSTRUCCI\u00d3N)<\/h2>\t\t\t\t<\/div>\n\t\t\t\t<\/div>\n\t\t\t\t\t<\/div>\n\t\t<\/div>\n\t\t\t\t\t<\/div>\n\t\t<\/section>\n\t\t\t\t<section class=\"elementor-section elementor-top-section elementor-element elementor-element-27b43d2 elementor-section-boxed elementor-section-height-default elementor-section-height-default\" data-id=\"27b43d2\" data-element_type=\"section\">\n\t\t\t\t\t\t<div class=\"elementor-container elementor-column-gap-default\">\n\t\t\t\t\t<div class=\"elementor-column elementor-col-25 elementor-top-column elementor-element elementor-element-1fde57d\" data-id=\"1fde57d\" data-element_type=\"column\">\n\t\t\t<div class=\"elementor-widget-wrap elementor-element-populated\">\n\t\t\t\t\t\t<div class=\"elementor-element elementor-element-2d30ba9 elementor-widget elementor-widget-text-editor\" data-id=\"2d30ba9\" data-element_type=\"widget\" data-widget_type=\"text-editor.default\">\n\t\t\t\t<div class=\"elementor-widget-container\">\n\t\t\t\t\t\t\t\t\t<h3 style=\"text-align: center\">RITMO<\/h3>\t\t\t\t\t\t\t\t<\/div>\n\t\t\t\t<\/div>\n\t\t\t\t<div class=\"elementor-element elementor-element-86f4d1c elementor-widget elementor-widget-text-editor\" data-id=\"86f4d1c\" data-element_type=\"widget\" data-widget_type=\"text-editor.default\">\n\t\t\t\t<div class=\"elementor-widget-container\">\n\t\t\t\t\t\t\t\t\t<p><strong>1 examen pr\u00e1ctico<\/strong><\/p><p><span style=\"text-decoration: underline\">Ejercicio repentizado<\/span><\/p><p>Basado en los siguientes modelos:<\/p><p><a href=\"https:\/\/drive.google.com\/file\/d\/1G7K_7WQTns_5W5JGCFPBr78_Cr8z-zAN\/view?usp=share_link\">Modelo 1 (Curso 2023)<\/a><\/p><p><a href=\"https:\/\/drive.google.com\/file\/d\/19Gl0jlyCCm4xaLUDcRBIwwGI73jUq-Zv\/view?usp=share_link\">Modelo 2 (Curso 2023)<\/a><\/p><p><a href=\"https:\/\/conservatorioderonda.com\/wp-content\/uploads\/2022\/05\/RITMO-1.pdf\">Modelo 3 (Curso 2022)<\/a><\/p><p><a href=\"https:\/\/conservatorioderonda.com\/wp-content\/uploads\/2022\/05\/RITMO-2.pdf\">Modelo 4 (Curso 2022)<\/a><\/p><p>\u00a0<\/p><p><strong>Criterios de Evaluaci\u00f3n<\/strong><\/p><ul><li>Medida <span style=\"text-decoration: underline\"><strong>con la mano<\/strong> <\/span>y correcci\u00f3n en los <span style=\"text-decoration: underline\"><strong>ritmos<\/strong><\/span><\/li><li>Velocidad constante en <span style=\"text-decoration: underline\"><strong>cambios de comp\u00e1s<\/strong><\/span> y <span style=\"text-decoration: underline\"><strong>clave.<\/strong><\/span><\/li><li>Correcci\u00f3n en la lectura de alturas en <span style=\"text-decoration: underline\"><strong>clave de sol<\/strong><\/span> y <span style=\"text-decoration: underline\"><strong>clave de fa en cuarta.<\/strong><\/span><\/li><li><span style=\"text-decoration: underline\"><strong>Continuidad<\/strong> <\/span>en el ejercicio, realizado sin paradas.<\/li><\/ul>\t\t\t\t\t\t\t\t<\/div>\n\t\t\t\t<\/div>\n\t\t\t\t\t<\/div>\n\t\t<\/div>\n\t\t\t\t<div class=\"elementor-column elementor-col-25 elementor-top-column elementor-element elementor-element-3f8ae00\" data-id=\"3f8ae00\" data-element_type=\"column\">\n\t\t\t<div class=\"elementor-widget-wrap elementor-element-populated\">\n\t\t\t\t\t\t<div class=\"elementor-element elementor-element-731bcca elementor-widget elementor-widget-text-editor\" data-id=\"731bcca\" data-element_type=\"widget\" data-widget_type=\"text-editor.default\">\n\t\t\t\t<div class=\"elementor-widget-container\">\n\t\t\t\t\t\t\t\t\t<h3>ENTONACI\u00d3N<\/h3>\t\t\t\t\t\t\t\t<\/div>\n\t\t\t\t<\/div>\n\t\t\t\t<div class=\"elementor-element elementor-element-8423bbd elementor-widget elementor-widget-text-editor\" data-id=\"8423bbd\" data-element_type=\"widget\" data-widget_type=\"text-editor.default\">\n\t\t\t\t<div class=\"elementor-widget-container\">\n\t\t\t\t\t\t\t\t\t<p><strong>2 partes<\/strong><\/p><p><span style=\"text-decoration: underline\">1. Pieza elegida<\/span><\/p><p>Elegir y preparar <strong>una<\/strong> de estas tres piezas<\/p><table style=\"width: 100%;border-collapse: collapse;background-color: #fff2f9\"><tbody><tr><td style=\"width: 100%\"><a href=\"https:\/\/blogsaverroes.juntadeandalucia.es\/pablolenguajemusical\/files\/2023\/02\/Entonacion-1.mp4\">Entonaci\u00f3n 1: Re menor<\/a><\/td><\/tr><tr><td style=\"width: 100%\"><p><a href=\"http:\/\/conservatorioderonda.com\/wp-content\/uploads\/2022\/03\/Entonacion-1-definitivo.pdf\">PDF<\/a> &#8211; <a href=\"https:\/\/blogsaverroes.juntadeandalucia.es\/pablolenguajemusical\/files\/2023\/02\/Entonaci\u00f3n-1.mp3\">AUDIO<\/a> &#8211; <a href=\"https:\/\/blogsaverroes.juntadeandalucia.es\/pablolenguajemusical\/files\/2023\/02\/Entonacion-1.mp4\">VIDEO<\/a><\/p><\/td><\/tr><\/tbody><\/table><table style=\"border-collapse: collapse;background-color: #e3f3ff\"><tbody><tr><td style=\"width: 100%\">Entonaci\u00f3n 2: Mi menor<\/td><\/tr><tr><td style=\"width: 100%\"><p><a href=\"http:\/\/conservatorioderonda.com\/wp-content\/uploads\/2022\/03\/Entonacion-2-definitivo.pdf\">PDF<\/a> &#8211; <a href=\"https:\/\/blogsaverroes.juntadeandalucia.es\/pablolenguajemusical\/files\/2023\/02\/Entonaci\u00f3n-2.mp3\">AUDIO<\/a> &#8211;<a href=\"https:\/\/blogsaverroes.juntadeandalucia.es\/pablolenguajemusical\/files\/2023\/02\/Entonaci\u00f3n-2.mp4\">VIDEO<\/a><\/p><\/td><\/tr><\/tbody><\/table><table style=\"height: 127px;width: 99.8632%;border-collapse: collapse;background-color: #defff2\"><tbody><tr style=\"height: 29px\"><td style=\"width: 100%;height: 29px\">Entonaci\u00f3n 3: Sol menor<\/td><\/tr><tr style=\"height: 98px\"><td style=\"width: 100%;height: 98px\"><p><a href=\"http:\/\/conservatorioderonda.com\/wp-content\/uploads\/2022\/03\/Entonacion-3-definitivo.pdf\">PDF<\/a> &#8211; <a href=\"https:\/\/blogsaverroes.juntadeandalucia.es\/pablolenguajemusical\/files\/2023\/02\/Entonacion-3.mp3\">AUDIO\u00a0<\/a> &#8211; <a href=\"https:\/\/blogsaverroes.juntadeandalucia.es\/pablolenguajemusical\/files\/2023\/02\/Entonacion-3.mp4\">VIDEO<\/a><\/p><\/td><\/tr><\/tbody><\/table><p><span style=\"text-decoration: underline\">2.Ejercicio repentizado (primera vista)<\/span><\/p><p><a href=\"https:\/\/drive.google.com\/file\/d\/1G7K_7WQTns_5W5JGCFPBr78_Cr8z-zAN\/view?usp=share_link\">Modelo 1 (Curso 2023)<\/a><\/p><p><a href=\"https:\/\/drive.google.com\/file\/d\/19Gl0jlyCCm4xaLUDcRBIwwGI73jUq-Zv\/view?usp=share_link\">Modelo 2 (Curso 2023)<\/a><\/p><p><strong>Criterios de Evaluaci\u00f3n<\/strong><\/p><ul><li>Conocer la <span style=\"text-decoration: underline\"><strong>tonalidad<\/strong> <\/span>y modo (mi menor, Do mayor etc.)<\/li><li>Cantar con <span style=\"text-decoration: underline\"><strong>diferentes matices<\/strong> <\/span>(forte, piano, crescendo)<\/li><li>Afinaci\u00f3n<\/li><li>Medida <span style=\"text-decoration: underline\"><strong>con la mano<\/strong> <\/span>y correcci\u00f3n en los <span style=\"text-decoration: underline\"><strong>ritmos<\/strong><\/span><\/li><\/ul>\t\t\t\t\t\t\t\t<\/div>\n\t\t\t\t<\/div>\n\t\t\t\t\t<\/div>\n\t\t<\/div>\n\t\t\t\t<div class=\"elementor-column elementor-col-25 elementor-top-column elementor-element elementor-element-3c74e03\" data-id=\"3c74e03\" data-element_type=\"column\">\n\t\t\t<div class=\"elementor-widget-wrap elementor-element-populated\">\n\t\t\t\t\t\t<div class=\"elementor-element elementor-element-1726085 elementor-widget elementor-widget-text-editor\" data-id=\"1726085\" data-element_type=\"widget\" data-widget_type=\"text-editor.default\">\n\t\t\t\t<div class=\"elementor-widget-container\">\n\t\t\t\t\t\t\t\t\t<h3 style=\"text-align: center\">TEORIA<\/h3>\t\t\t\t\t\t\t\t<\/div>\n\t\t\t\t<\/div>\n\t\t\t\t<div class=\"elementor-element elementor-element-2827cac elementor-widget elementor-widget-text-editor\" data-id=\"2827cac\" data-element_type=\"widget\" data-widget_type=\"text-editor.default\">\n\t\t\t\t<div class=\"elementor-widget-container\">\n\t\t\t\t\t\t\t\t\t<p><strong>1 examen escrito <\/strong><\/p><p>Intervalos, Acordes, Escalas menores y mayores, Tonalidades y An\u00e1lisis de Compases<\/p><p><a href=\"https:\/\/drive.google.com\/file\/d\/1IPgX217sTlHldk-25n5M4LBnVzPOtI40\/view?usp=sharing\">Modelo 1 (Curso 2023)<\/a><\/p><p><a href=\"https:\/\/drive.google.com\/file\/d\/1IT0z9-EkcZGlhwuv6koGuo3lPZBYvQOx\/view?usp=sharing\">Modelo 2 (Curso 2023)<\/a><\/p><p><a href=\"https:\/\/conservatorioderonda.com\/wp-content\/uploads\/2022\/03\/Examen-Teoria-Prueba-Acceso-1-definitivo.pdf\">Modelo 3 (Curso 2022)<\/a><\/p><p><a href=\"https:\/\/conservatorioderonda.com\/wp-content\/uploads\/2022\/03\/Examen-Teoria-Prueba-Acceso-2-definitivo.pdf\">Modelo 4 (Curso 2022)<\/a><\/p>\t\t\t\t\t\t\t\t<\/div>\n\t\t\t\t<\/div>\n\t\t\t\t\t<\/div>\n\t\t<\/div>\n\t\t\t\t<div class=\"elementor-column elementor-col-25 elementor-top-column elementor-element elementor-element-93837d2\" data-id=\"93837d2\" data-element_type=\"column\">\n\t\t\t<div class=\"elementor-widget-wrap elementor-element-populated\">\n\t\t\t\t\t\t<div class=\"elementor-element elementor-element-687a9d0 elementor-widget elementor-widget-text-editor\" data-id=\"687a9d0\" data-element_type=\"widget\" data-widget_type=\"text-editor.default\">\n\t\t\t\t<div class=\"elementor-widget-container\">\n\t\t\t\t\t\t\t\t\t<h3 style=\"text-align: center\">DICTADO<\/h3>\t\t\t\t\t\t\t\t<\/div>\n\t\t\t\t<\/div>\n\t\t\t\t<div class=\"elementor-element elementor-element-1b8bc34 elementor-widget elementor-widget-text-editor\" data-id=\"1b8bc34\" data-element_type=\"widget\" data-widget_type=\"text-editor.default\">\n\t\t\t\t<div class=\"elementor-widget-container\">\n\t\t\t\t\t\t\t\t\t<p><strong>2 partes<\/strong><\/p><p><span style=\"text-decoration: underline\">1. Examen escrito<\/span><\/p><ul><li>Se dar\u00e1 la Tonalidad<\/li><li>Se dar\u00e1 el comp\u00e1s<\/li><li>8 compases<\/li><\/ul><p>Se repite 3 veces cada fragmento de dos compases.<\/p><p>Se permite llevar un <strong>Diapas\u00f3n<\/strong>. Si no tienes puedes pedirme prestado uno.<\/p><table style=\"height: 199px;width: 100%;border-collapse: collapse;background-color: #f0edff\"><tbody><tr style=\"height: 175px\"><td style=\"width: 100%;height: 175px\"><p><strong>Dictados 1-3<\/strong><\/p><p><a href=\"https:\/\/musescore.com\/user\/27318311\/scores\/10828279\/s\/2dLagr\/embed\">Version Ordenador<\/a><\/p><p><a href=\"https:\/\/musescore.com\/user\/27318311\/scores\/10828279\/s\/2dLagr\/\">Versi\u00f3n Tablet \/ M\u00f3vil<\/a><\/p><\/td><\/tr><tr style=\"height: 24px\"><td style=\"width: 100%;height: 24px\"><p><strong>Dictados 4-6<\/strong><\/p><p><a href=\"https:\/\/musescore.com\/user\/27318311\/scores\/10828267\/s\/z2B0d7\/embed\">Version Ordenador<\/a><\/p><p><a href=\"https:\/\/musescore.com\/user\/27318311\/scores\/10828267\/s\/z2B0d7\/\">Versi\u00f3n Tablet \/ M\u00f3vil<\/a><\/p><\/td><\/tr><\/tbody><\/table><p>\u00a0<\/p><p>\u00a0<\/p><p><span style=\"text-decoration: underline\">2. Audiciones<\/span><\/p><p>\u00a0<\/p><p>Determinar el comp\u00e1s mas adecuado ( puede haber varias opciones correctas)<\/p><p>Determinar modo mayor o modo menor.<\/p>\t\t\t\t\t\t\t\t<\/div>\n\t\t\t\t<\/div>\n\t\t\t\t\t<\/div>\n\t\t<\/div>\n\t\t\t\t\t<\/div>\n\t\t<\/section>\n\t\t\t\t<section class=\"elementor-section elementor-top-section elementor-element elementor-element-fba2c2b elementor-section-boxed elementor-section-height-default elementor-section-height-default\" data-id=\"fba2c2b\" data-element_type=\"section\">\n\t\t\t\t\t\t<div class=\"elementor-container elementor-column-gap-default\">\n\t\t\t\t\t<div class=\"elementor-column elementor-col-50 elementor-top-column elementor-element elementor-element-4f45da7\" data-id=\"4f45da7\" data-element_type=\"column\">\n\t\t\t<div class=\"elementor-widget-wrap elementor-element-populated\">\n\t\t\t\t\t\t<div class=\"elementor-element elementor-element-6586da8 elementor-widget elementor-widget-text-editor\" data-id=\"6586da8\" data-element_type=\"widget\" data-widget_type=\"text-editor.default\">\n\t\t\t\t<div class=\"elementor-widget-container\">\n\t\t\t\t\t\t\t\t\t<p><b>Periodo de estudio de 15-20 minutos. <\/b><\/p><p><b>Realizaci\u00f3n el mismo d\u00eda que el la parte A (Interpretaci\u00f3n con el instrumento)<\/b><\/p><p>Se dejar\u00e1n ambos ejercicios repentizados para que puedas estudiarlos. No se puede escribir en ellos, ni tampoco puedes tocar ning\u00fan instrumento.<\/p>\t\t\t\t\t\t\t\t<\/div>\n\t\t\t\t<\/div>\n\t\t\t\t\t<\/div>\n\t\t<\/div>\n\t\t\t\t<div class=\"elementor-column elementor-col-50 elementor-top-column elementor-element elementor-element-9ce2285\" data-id=\"9ce2285\" data-element_type=\"column\">\n\t\t\t<div class=\"elementor-widget-wrap elementor-element-populated\">\n\t\t\t\t\t\t<div class=\"elementor-element elementor-element-2b99c9b elementor-widget elementor-widget-text-editor\" data-id=\"2b99c9b\" data-element_type=\"widget\" data-widget_type=\"text-editor.default\">\n\t\t\t\t<div class=\"elementor-widget-container\">\n\t\t\t\t\t\t\t\t\t<p><b>Duraci\u00f3n 60 minutos aproximadamente.<\/b><\/p><p><b>Realizaci\u00f3n en d\u00eda distinto al examen de la parte A (Interpretaci\u00f3n con el instrumento)<\/b><\/p><p>Ambos ejercicios se har\u00e1n de manera colectiva y en turno \u00fanico.\u00a0<\/p>\t\t\t\t\t\t\t\t<\/div>\n\t\t\t\t<\/div>\n\t\t\t\t\t<\/div>\n\t\t<\/div>\n\t\t\t\t\t<\/div>\n\t\t<\/section>\n\t\t\t\t<\/div>\n\t\t","protected":false},"excerpt":{"rendered":"<p>Pruebas de acceso a Grado Profesional 2023 Contenido concreto de las pruebas del Conservatorio Profesional de M\u00fasica \u00abRam\u00f3n Corrales\u00bb de Ronda \u00a0 Estructura y contenido de las pruebas de acceso La prueba de acceso&#46;&#46;&#46;<\/p>\n","protected":false},"author":9762,"featured_media":0,"parent":26,"menu_order":0,"comment_status":"closed","ping_status":"closed","template":"","meta":{"ngg_post_thumbnail":0,"footnotes":""},"aioseo_notices":[],"_links":{"self":[{"href":"https:\/\/blogsaverroes.juntadeandalucia.es\/pablolenguajemusical\/wp-json\/wp\/v2\/pages\/827"}],"collection":[{"href":"https:\/\/blogsaverroes.juntadeandalucia.es\/pablolenguajemusical\/wp-json\/wp\/v2\/pages"}],"about":[{"href":"https:\/\/blogsaverroes.juntadeandalucia.es\/pablolenguajemusical\/wp-json\/wp\/v2\/types\/page"}],"author":[{"embeddable":true,"href":"https:\/\/blogsaverroes.juntadeandalucia.es\/pablolenguajemusical\/wp-json\/wp\/v2\/users\/9762"}],"replies":[{"embeddable":true,"href":"https:\/\/blogsaverroes.juntadeandalucia.es\/pablolenguajemusical\/wp-json\/wp\/v2\/comments?post=827"}],"version-history":[{"count":50,"href":"https:\/\/blogsaverroes.juntadeandalucia.es\/pablolenguajemusical\/wp-json\/wp\/v2\/pages\/827\/revisions"}],"predecessor-version":[{"id":1296,"href":"https:\/\/blogsaverroes.juntadeandalucia.es\/pablolenguajemusical\/wp-json\/wp\/v2\/pages\/827\/revisions\/1296"}],"up":[{"embeddable":true,"href":"https:\/\/blogsaverroes.juntadeandalucia.es\/pablolenguajemusical\/wp-json\/wp\/v2\/pages\/26"}],"wp:attachment":[{"href":"https:\/\/blogsaverroes.juntadeandalucia.es\/pablolenguajemusical\/wp-json\/wp\/v2\/media?parent=827"}],"curies":[{"name":"wp","href":"https:\/\/api.w.org\/{rel}","templated":true}]}}