{"id":335,"date":"2020-02-12T08:15:56","date_gmt":"2020-02-12T07:15:56","guid":{"rendered":"http:\/\/blogsaverroes.juntadeandalucia.es\/pre\/nuevoiesv2\/?page_id=335"},"modified":"2024-02-22T10:19:17","modified_gmt":"2024-02-22T09:19:17","slug":"novedades","status":"publish","type":"page","link":"https:\/\/blogsaverroes.juntadeandalucia.es\/padrejuanruiz\/novedades\/","title":{"rendered":"Novedades"},"content":{"rendered":"<p>[et_pb_section][et_pb_row][et_pb_column type=&#8221;4_4&#8243;][et_pb_text]<\/p>\n<div class=\"pt-cv-wrapper et_smooth_scroll_disabled\"><div class=\"pt-cv-view pt-cv-grid pt-cv-colsys\" id=\"pt-cv-view-5d98be6679\"><div data-id=\"pt-cv-page-1\" class=\"pt-cv-page\" data-cvc=\"3\"><div class=\"col-md-4 col-sm-6 col-xs-12 pt-cv-content-item pt-cv-1-col\" ><div class='pt-cv-ifield'><a href=\"https:\/\/blogsaverroes.juntadeandalucia.es\/padrejuanruiz\/escolarizacion-2025-2026\/\" class=\"_self pt-cv-href-thumbnail pt-cv-thumb-default\" target=\"_self\" ><img loading=\"lazy\" decoding=\"async\" width=\"400\" height=\"250\" src=\"https:\/\/blogsaverroes.juntadeandalucia.es\/padrejuanruiz\/files\/2026\/03\/Oferta-EDUCATIVA-1-Editada-400x250.png\" class=\"pt-cv-thumbnail\" alt=\"\" \/><\/a>\n<h4 class=\"pt-cv-title\"><a href=\"https:\/\/blogsaverroes.juntadeandalucia.es\/padrejuanruiz\/escolarizacion-2025-2026\/\" class=\"_self\" target=\"_self\" >ESCOLARIZACI\u00d3N 2026-2027<\/a><\/h4>\n<div class=\"pt-cv-content\">Informaci\u00f3n del Portal de Escolarizaci\u00f3n de la Consejer\u00eda de Desarrollo Educativo y Formaci\u00f3n Profesional. Calendario ...<br \/><div class=\"pt-cv-rmwrap\"><a href=\"https:\/\/blogsaverroes.juntadeandalucia.es\/padrejuanruiz\/escolarizacion-2025-2026\/\" class=\"_self pt-cv-readmore btn btn-success\" target=\"_self\">Leer M\u00e1s<\/a><\/div><\/div><\/div><\/div>\n<div class=\"col-md-4 col-sm-6 col-xs-12 pt-cv-content-item pt-cv-1-col\" ><div class='pt-cv-ifield'><a href=\"https:\/\/blogsaverroes.juntadeandalucia.es\/padrejuanruiz\/1077-2\/\" class=\"_self pt-cv-href-thumbnail pt-cv-thumb-default\" target=\"_self\" ><img loading=\"lazy\" decoding=\"async\" width=\"400\" height=\"250\" src=\"https:\/\/blogsaverroes.juntadeandalucia.es\/padrejuanruiz\/files\/2026\/01\/Visita-Parlamento-Andaluz-21-01-26-400x250.jpeg\" class=\"pt-cv-thumbnail\" alt=\"\" \/><\/a>\n<h4 class=\"pt-cv-title\"><a href=\"https:\/\/blogsaverroes.juntadeandalucia.es\/padrejuanruiz\/1077-2\/\" class=\"_self\" target=\"_self\" >Visita al Parlamento de Andaluc\u00eda<\/a><\/h4>\n<div class=\"pt-cv-content\">Visita al Parlamento de Andaluc\u00eda por parte del alumnado de Bachillerato y Ciclos Formativos del ...<br \/><div class=\"pt-cv-rmwrap\"><a href=\"https:\/\/blogsaverroes.juntadeandalucia.es\/padrejuanruiz\/1077-2\/\" class=\"_self pt-cv-readmore btn btn-success\" target=\"_self\">Leer M\u00e1s<\/a><\/div><\/div><\/div><\/div><\/div><\/div><\/div>\n<p>[\/et_pb_text][\/et_pb_column][\/et_pb_row][\/et_pb_section]<\/p>\n","protected":false},"excerpt":{"rendered":"<p><div class=\"et_pb_section et_pb_section_0 et_section_regular\" >\n\t\t\t\t\n\t\t\t\t\n\t\t\t\t\n\t\t\t\t\n\t\t\t\t\n\t\t\t\t\n\t\t\t\t\n\t\t\t\t\n\t\t\t\t\n\t\t\t<\/div><div class=\"et_pb_row et_pb_row_0 et_pb_row_empty\">\n\t\t\t\t\n\t\t\t\t\n\t\t\t\t\n\t\t\t\t\n\t\t\t\t\n\t\t\t<\/div><div class=\"et_pb_module et_pb_text et_pb_text_0  et_pb_text_align_left et_pb_bg_layout_light\">\n\t\t\t\t\n\t\t\t\t\n\t\t\t\t\n\t\t\t\t\n\t\t\t\t\n\t\t\t<\/div> <div class=\"pt-cv-wrapper et_smooth_scroll_disabled\"><div class=\"pt-cv-view pt-cv-grid pt-cv-colsys\" id=\"pt-cv-view-5d98be6679\"><div data-id=\"pt-cv-page-1\" class=\"pt-cv-page\" data-cvc=\"3\"><div class=\"col-md-4 col-sm-6 col-xs-12 pt-cv-content-item pt-cv-1-col\" ><div class='pt-cv-ifield'><a href=\"https:\/\/blogsaverroes.juntadeandalucia.es\/padrejuanruiz\/escolarizacion-2025-2026\/\" class=\"_self pt-cv-href-thumbnail pt-cv-thumb-default\" target=\"_self\" ><img width=\"400\" height=\"250\" src=\"https:\/\/blogsaverroes.juntadeandalucia.es\/padrejuanruiz\/files\/2026\/03\/Oferta-EDUCATIVA-1-Editada-400x250.png\" class=\"pt-cv-thumbnail\" alt=\"\" decoding=\"async\" loading=\"lazy\" \/><\/a>\n<h4 class=\"pt-cv-title\"><a href=\"https:\/\/blogsaverroes.juntadeandalucia.es\/padrejuanruiz\/escolarizacion-2025-2026\/\" class=\"_self\" target=\"_self\" >ESCOLARIZACI\u00d3N 2026-2027<\/a><\/h4>\n<div class=\"pt-cv-content\">Informaci\u00f3n del Portal de Escolarizaci\u00f3n de la Consejer\u00eda de Desarrollo Educativo y Formaci\u00f3n Profesional. Calendario ...<br \/><div class=\"pt-cv-rmwrap\"><a href=\"https:\/\/blogsaverroes.juntadeandalucia.es\/padrejuanruiz\/escolarizacion-2025-2026\/\" class=\"_self pt-cv-readmore btn btn-success\" target=\"_self\">Leer M\u00e1s<\/a><\/div><\/div><\/div><\/div>\n<div class=\"col-md-4 col-sm-6 col-xs-12 pt-cv-content-item pt-cv-1-col\" ><div class='pt-cv-ifield'><a href=\"https:\/\/blogsaverroes.juntadeandalucia.es\/padrejuanruiz\/1077-2\/\" class=\"_self pt-cv-href-thumbnail pt-cv-thumb-default\" target=\"_self\" ><img width=\"400\" height=\"250\" src=\"https:\/\/blogsaverroes.juntadeandalucia.es\/padrejuanruiz\/files\/2026\/01\/Visita-Parlamento-Andaluz-21-01-26-400x250.jpeg\" class=\"pt-cv-thumbnail\" alt=\"\" decoding=\"async\" loading=\"lazy\" \/><\/a>\n<h4 class=\"pt-cv-title\"><a href=\"https:\/\/blogsaverroes.juntadeandalucia.es\/padrejuanruiz\/1077-2\/\" class=\"_self\" target=\"_self\" >Visita al Parlamento de Andaluc\u00eda<\/a><\/h4>\n<div class=\"pt-cv-content\">Visita al Parlamento de Andaluc\u00eda por parte del alumnado de Bachillerato y Ciclos Formativos del ...<br \/><div class=\"pt-cv-rmwrap\"><a href=\"https:\/\/blogsaverroes.juntadeandalucia.es\/padrejuanruiz\/1077-2\/\" class=\"_self pt-cv-readmore btn btn-success\" target=\"_self\">Leer M\u00e1s<\/a><\/div><\/div><\/div><\/div><\/div><\/div><\/div><\/p>\n","protected":false},"author":18943,"featured_media":0,"parent":0,"menu_order":0,"comment_status":"closed","ping_status":"closed","template":"","meta":{"_et_pb_use_builder":"on","_et_pb_old_content":"<p>[pt_view id=\"5d98be6679\"]<\/p>","_et_gb_content_width":"","ngg_post_thumbnail":0,"footnotes":""},"aioseo_notices":[],"_links":{"self":[{"href":"https:\/\/blogsaverroes.juntadeandalucia.es\/padrejuanruiz\/wp-json\/wp\/v2\/pages\/335"}],"collection":[{"href":"https:\/\/blogsaverroes.juntadeandalucia.es\/padrejuanruiz\/wp-json\/wp\/v2\/pages"}],"about":[{"href":"https:\/\/blogsaverroes.juntadeandalucia.es\/padrejuanruiz\/wp-json\/wp\/v2\/types\/page"}],"author":[{"embeddable":true,"href":"https:\/\/blogsaverroes.juntadeandalucia.es\/padrejuanruiz\/wp-json\/wp\/v2\/users\/18943"}],"replies":[{"embeddable":true,"href":"https:\/\/blogsaverroes.juntadeandalucia.es\/padrejuanruiz\/wp-json\/wp\/v2\/comments?post=335"}],"version-history":[{"count":2,"href":"https:\/\/blogsaverroes.juntadeandalucia.es\/padrejuanruiz\/wp-json\/wp\/v2\/pages\/335\/revisions"}],"predecessor-version":[{"id":571,"href":"https:\/\/blogsaverroes.juntadeandalucia.es\/padrejuanruiz\/wp-json\/wp\/v2\/pages\/335\/revisions\/571"}],"wp:attachment":[{"href":"https:\/\/blogsaverroes.juntadeandalucia.es\/padrejuanruiz\/wp-json\/wp\/v2\/media?parent=335"}],"curies":[{"name":"wp","href":"https:\/\/api.w.org\/{rel}","templated":true}]}}

<p>[et_pb_section][et_pb_row][et_pb_column type=&#8221;4_4&#8243;][et_pb_text]</p>
<div class="pt-cv-wrapper et_smooth_scroll_disabled"><div class="pt-cv-view pt-cv-grid pt-cv-colsys" id="pt-cv-view-5d98be6679"><div data-id="pt-cv-page-1" class="pt-cv-page" data-cvc="3"><div class="col-md-4 col-sm-6 col-xs-12 pt-cv-content-item pt-cv-1-col" ><div class='pt-cv-ifield'><a href="https://blogsaverroes.juntadeandalucia.es/padrejuanruiz/escolarizacion-2025-2026/" class="_self pt-cv-href-thumbnail pt-cv-thumb-default" target="_self" ><img loading="lazy" decoding="async" width="400" height="250" src="https://blogsaverroes.juntadeandalucia.es/padrejuanruiz/files/2026/03/Oferta-EDUCATIVA-1-Editada-400x250.png" class="pt-cv-thumbnail" alt="" /></a>
<h4 class="pt-cv-title"><a href="https://blogsaverroes.juntadeandalucia.es/padrejuanruiz/escolarizacion-2025-2026/" class="_self" target="_self" >ESCOLARIZACIÓN 2026-2027</a></h4>
<div class="pt-cv-content">Información del Portal de Escolarización de la Consejería de Desarrollo Educativo y Formación Profesional. Calendario ...<br /><div class="pt-cv-rmwrap"><a href="https://blogsaverroes.juntadeandalucia.es/padrejuanruiz/escolarizacion-2025-2026/" class="_self pt-cv-readmore btn btn-success" target="_self">Leer Más</a></div></div></div></div>
<div class="col-md-4 col-sm-6 col-xs-12 pt-cv-content-item pt-cv-1-col" ><div class='pt-cv-ifield'><a href="https://blogsaverroes.juntadeandalucia.es/padrejuanruiz/1077-2/" class="_self pt-cv-href-thumbnail pt-cv-thumb-default" target="_self" ><img loading="lazy" decoding="async" width="400" height="250" src="https://blogsaverroes.juntadeandalucia.es/padrejuanruiz/files/2026/01/Visita-Parlamento-Andaluz-21-01-26-400x250.jpeg" class="pt-cv-thumbnail" alt="" /></a>
<h4 class="pt-cv-title"><a href="https://blogsaverroes.juntadeandalucia.es/padrejuanruiz/1077-2/" class="_self" target="_self" >Visita al Parlamento de Andalucía</a></h4>
<div class="pt-cv-content">Visita al Parlamento de Andalucía por parte del alumnado de Bachillerato y Ciclos Formativos del ...<br /><div class="pt-cv-rmwrap"><a href="https://blogsaverroes.juntadeandalucia.es/padrejuanruiz/1077-2/" class="_self pt-cv-readmore btn btn-success" target="_self">Leer Más</a></div></div></div></div></div></div></div>
<p>[/et_pb_text][/et_pb_column][/et_pb_row][/et_pb_section]</p>

<p><div class="et_pb_section et_pb_section_0 et_section_regular" >
				
				
				
				
				
				
				
				
				
			</div><div class="et_pb_row et_pb_row_0 et_pb_row_empty">
				
				
				
				
				
			</div><div class="et_pb_module et_pb_text et_pb_text_0  et_pb_text_align_left et_pb_bg_layout_light">
				
				
				
				
				
			</div> <div class="pt-cv-wrapper et_smooth_scroll_disabled"><div class="pt-cv-view pt-cv-grid pt-cv-colsys" id="pt-cv-view-5d98be6679"><div data-id="pt-cv-page-1" class="pt-cv-page" data-cvc="3"><div class="col-md-4 col-sm-6 col-xs-12 pt-cv-content-item pt-cv-1-col" ><div class='pt-cv-ifield'><a href="https://blogsaverroes.juntadeandalucia.es/padrejuanruiz/escolarizacion-2025-2026/" class="_self pt-cv-href-thumbnail pt-cv-thumb-default" target="_self" ><img width="400" height="250" src="https://blogsaverroes.juntadeandalucia.es/padrejuanruiz/files/2026/03/Oferta-EDUCATIVA-1-Editada-400x250.png" class="pt-cv-thumbnail" alt="" decoding="async" loading="lazy" /></a>
<h4 class="pt-cv-title"><a href="https://blogsaverroes.juntadeandalucia.es/padrejuanruiz/escolarizacion-2025-2026/" class="_self" target="_self" >ESCOLARIZACIÓN 2026-2027</a></h4>
<div class="pt-cv-content">Información del Portal de Escolarización de la Consejería de Desarrollo Educativo y Formación Profesional. Calendario ...<br /><div class="pt-cv-rmwrap"><a href="https://blogsaverroes.juntadeandalucia.es/padrejuanruiz/escolarizacion-2025-2026/" class="_self pt-cv-readmore btn btn-success" target="_self">Leer Más</a></div></div></div></div>
<div class="col-md-4 col-sm-6 col-xs-12 pt-cv-content-item pt-cv-1-col" ><div class='pt-cv-ifield'><a href="https://blogsaverroes.juntadeandalucia.es/padrejuanruiz/1077-2/" class="_self pt-cv-href-thumbnail pt-cv-thumb-default" target="_self" ><img width="400" height="250" src="https://blogsaverroes.juntadeandalucia.es/padrejuanruiz/files/2026/01/Visita-Parlamento-Andaluz-21-01-26-400x250.jpeg" class="pt-cv-thumbnail" alt="" decoding="async" loading="lazy" /></a>
<h4 class="pt-cv-title"><a href="https://blogsaverroes.juntadeandalucia.es/padrejuanruiz/1077-2/" class="_self" target="_self" >Visita al Parlamento de Andalucía</a></h4>
<div class="pt-cv-content">Visita al Parlamento de Andalucía por parte del alumnado de Bachillerato y Ciclos Formativos del ...<br /><div class="pt-cv-rmwrap"><a href="https://blogsaverroes.juntadeandalucia.es/padrejuanruiz/1077-2/" class="_self pt-cv-readmore btn btn-success" target="_self">Leer Más</a></div></div></div></div></div></div></div></p>
