{"id":17,"date":"2020-04-08T11:14:35","date_gmt":"2020-04-08T09:14:35","guid":{"rendered":"https:\/\/blogsaverroes.juntadeandalucia.es\/paranonimosfaradays\/?page_id=17"},"modified":"2022-01-18T14:25:06","modified_gmt":"2022-01-18T13:25:06","slug":"contacto","status":"publish","type":"page","link":"https:\/\/blogsaverroes.juntadeandalucia.es\/paranonimosfaradays\/inicio\/contacto\/","title":{"rendered":"Contacto"},"content":{"rendered":"<p>&nbsp;&nbsp; Tanto si eres un alumno m\u00edo como si eres alguien que has visitado este blog porque la tem\u00e1tica te interesa y quieres comunicarme alg\u00fan error o sugerencia en relaci\u00f3n a \u00e9l, puedes contactar conmigo a trav\u00e9s de la siguiente direcci\u00f3n de correo electr\u00f3nico:<\/p>\n<p style=\"text-align: center\">&nbsp;&nbsp; manueljimenez@iesbrackenbury.es<\/p>\n","protected":false},"excerpt":{"rendered":"<p>&nbsp;&nbsp; Tanto si eres un alumno m\u00edo como si eres alguien que has visitado este blog porque la tem\u00e1tica te interesa y quieres comunicarme alg\u00fan error o sugerencia en relaci\u00f3n a \u00e9l, puedes contactar&#46;&#46;&#46;<\/p>\n","protected":false},"author":9541,"featured_media":0,"parent":37,"menu_order":0,"comment_status":"closed","ping_status":"closed","template":"","meta":{"ngg_post_thumbnail":0,"footnotes":""},"aioseo_notices":[],"_links":{"self":[{"href":"https:\/\/blogsaverroes.juntadeandalucia.es\/paranonimosfaradays\/wp-json\/wp\/v2\/pages\/17"}],"collection":[{"href":"https:\/\/blogsaverroes.juntadeandalucia.es\/paranonimosfaradays\/wp-json\/wp\/v2\/pages"}],"about":[{"href":"https:\/\/blogsaverroes.juntadeandalucia.es\/paranonimosfaradays\/wp-json\/wp\/v2\/types\/page"}],"author":[{"embeddable":true,"href":"https:\/\/blogsaverroes.juntadeandalucia.es\/paranonimosfaradays\/wp-json\/wp\/v2\/users\/9541"}],"replies":[{"embeddable":true,"href":"https:\/\/blogsaverroes.juntadeandalucia.es\/paranonimosfaradays\/wp-json\/wp\/v2\/comments?post=17"}],"version-history":[{"count":8,"href":"https:\/\/blogsaverroes.juntadeandalucia.es\/paranonimosfaradays\/wp-json\/wp\/v2\/pages\/17\/revisions"}],"predecessor-version":[{"id":547,"href":"https:\/\/blogsaverroes.juntadeandalucia.es\/paranonimosfaradays\/wp-json\/wp\/v2\/pages\/17\/revisions\/547"}],"up":[{"embeddable":true,"href":"https:\/\/blogsaverroes.juntadeandalucia.es\/paranonimosfaradays\/wp-json\/wp\/v2\/pages\/37"}],"wp:attachment":[{"href":"https:\/\/blogsaverroes.juntadeandalucia.es\/paranonimosfaradays\/wp-json\/wp\/v2\/media?parent=17"}],"curies":[{"name":"wp","href":"https:\/\/api.w.org\/{rel}","templated":true}]}}