{"id":2198,"date":"2022-01-18T11:24:26","date_gmt":"2022-01-18T10:24:26","guid":{"rendered":"https:\/\/blogsaverroes.juntadeandalucia.es\/parque\/?page_id=2198"},"modified":"2022-01-18T12:26:32","modified_gmt":"2022-01-18T11:26:32","slug":"plan-de-centro","status":"publish","type":"page","link":"https:\/\/blogsaverroes.juntadeandalucia.es\/parque\/plan-de-centro\/","title":{"rendered":"Plan de Centro"},"content":{"rendered":"<p>Aqu\u00ed puedes encontrar todos los documentos que configuran el <strong>Plan del Centro<\/strong>:<\/p>\n<ul>\n<li><a href=\"https:\/\/blogsaverroes.juntadeandalucia.es\/parque\/files\/2022\/01\/PROYECTO-EDUCATIVO-2021-22.pdf\">PROYECTO EDUCATIVO<\/a><\/li>\n<li><a href=\"https:\/\/blogsaverroes.juntadeandalucia.es\/parque\/files\/2022\/01\/PROYECTO-DE-GESTI\u00d3N-CEIP-El-Parque.pdf\">PROYECTO DE GESTI\u00d3N&nbsp;<\/a><\/li>\n<li><a href=\"https:\/\/blogsaverroes.juntadeandalucia.es\/parque\/files\/2022\/01\/ROF.pdf\">Reglamento de Organizaci\u00f3n y Funcionamiento (ROF)<\/a><\/li>\n<\/ul>\n<p>&nbsp;<\/p>\n","protected":false},"excerpt":{"rendered":"<p>Aqu\u00ed puedes encontrar todos los documentos que configuran el Plan del Centro: PROYECTO EDUCATIVO PROYECTO DE GESTI\u00d3N&nbsp; Reglamento de Organizaci\u00f3n y Funcionamiento (ROF) &nbsp;<\/p>\n","protected":false},"author":8218,"featured_media":0,"parent":0,"menu_order":0,"comment_status":"closed","ping_status":"closed","template":"","meta":{"ngg_post_thumbnail":0,"footnotes":"","_mc_calendar":[]},"aioseo_notices":[],"_links":{"self":[{"href":"https:\/\/blogsaverroes.juntadeandalucia.es\/parque\/wp-json\/wp\/v2\/pages\/2198"}],"collection":[{"href":"https:\/\/blogsaverroes.juntadeandalucia.es\/parque\/wp-json\/wp\/v2\/pages"}],"about":[{"href":"https:\/\/blogsaverroes.juntadeandalucia.es\/parque\/wp-json\/wp\/v2\/types\/page"}],"author":[{"embeddable":true,"href":"https:\/\/blogsaverroes.juntadeandalucia.es\/parque\/wp-json\/wp\/v2\/users\/8218"}],"replies":[{"embeddable":true,"href":"https:\/\/blogsaverroes.juntadeandalucia.es\/parque\/wp-json\/wp\/v2\/comments?post=2198"}],"version-history":[{"count":3,"href":"https:\/\/blogsaverroes.juntadeandalucia.es\/parque\/wp-json\/wp\/v2\/pages\/2198\/revisions"}],"predecessor-version":[{"id":2207,"href":"https:\/\/blogsaverroes.juntadeandalucia.es\/parque\/wp-json\/wp\/v2\/pages\/2198\/revisions\/2207"}],"wp:attachment":[{"href":"https:\/\/blogsaverroes.juntadeandalucia.es\/parque\/wp-json\/wp\/v2\/media?parent=2198"}],"curies":[{"name":"wp","href":"https:\/\/api.w.org\/{rel}","templated":true}]}}