{"id":77,"date":"2015-03-16T06:54:56","date_gmt":"2015-03-16T06:54:56","guid":{"rendered":"http:\/\/blogsaverroes.juntadeandalucia.es\/pre\/ceip\/?page_id=77"},"modified":"2022-01-18T11:20:12","modified_gmt":"2022-01-18T10:20:12","slug":"secretaria","status":"publish","type":"page","link":"https:\/\/blogsaverroes.juntadeandalucia.es\/parque\/secretaria\/","title":{"rendered":"Secretar\u00eda"},"content":{"rendered":"<p>Documentaci\u00f3n en informaci\u00f3n sobre la secretar\u00eda del centro&nbsp;<\/p>\n<p><a href=\"https:\/\/blogsaverroes.juntadeandalucia.es\/parque\/files\/2022\/01\/d7a741_97b7cf465e104a9ca7aed20296aafc12_mv2.gif\"><img loading=\"lazy\" decoding=\"async\" class=\"alignnone size-medium wp-image-2195\" src=\"https:\/\/blogsaverroes.juntadeandalucia.es\/parque\/files\/2022\/01\/d7a741_97b7cf465e104a9ca7aed20296aafc12_mv2-300x247.gif\" alt=\"\" width=\"300\" height=\"247\"><\/a><\/p>\n<p>&nbsp;<\/p>\n<p>&nbsp;<\/p>\n<p>&nbsp;<\/p>\n","protected":false},"excerpt":{"rendered":"<p>Documentaci\u00f3n en informaci\u00f3n sobre la secretar\u00eda del centro&nbsp; &nbsp; &nbsp; &nbsp;<\/p>\n","protected":false},"author":1,"featured_media":0,"parent":0,"menu_order":0,"comment_status":"closed","ping_status":"open","template":"page-cs.php","meta":{"ngg_post_thumbnail":0,"footnotes":"","_mc_calendar":[]},"aioseo_notices":[],"_links":{"self":[{"href":"https:\/\/blogsaverroes.juntadeandalucia.es\/parque\/wp-json\/wp\/v2\/pages\/77"}],"collection":[{"href":"https:\/\/blogsaverroes.juntadeandalucia.es\/parque\/wp-json\/wp\/v2\/pages"}],"about":[{"href":"https:\/\/blogsaverroes.juntadeandalucia.es\/parque\/wp-json\/wp\/v2\/types\/page"}],"author":[{"embeddable":true,"href":"https:\/\/blogsaverroes.juntadeandalucia.es\/parque\/wp-json\/wp\/v2\/users\/1"}],"replies":[{"embeddable":true,"href":"https:\/\/blogsaverroes.juntadeandalucia.es\/parque\/wp-json\/wp\/v2\/comments?post=77"}],"version-history":[{"count":6,"href":"https:\/\/blogsaverroes.juntadeandalucia.es\/parque\/wp-json\/wp\/v2\/pages\/77\/revisions"}],"predecessor-version":[{"id":2196,"href":"https:\/\/blogsaverroes.juntadeandalucia.es\/parque\/wp-json\/wp\/v2\/pages\/77\/revisions\/2196"}],"wp:attachment":[{"href":"https:\/\/blogsaverroes.juntadeandalucia.es\/parque\/wp-json\/wp\/v2\/media?parent=77"}],"curies":[{"name":"wp","href":"https:\/\/api.w.org\/{rel}","templated":true}]}}