{"id":2823,"date":"2019-10-07T04:59:37","date_gmt":"2019-10-07T04:59:37","guid":{"rendered":"https:\/\/blogsaverroes.juntadeandalucia.es\/parqueclavero\/?page_id=2823"},"modified":"2025-11-10T09:42:08","modified_gmt":"2025-11-10T09:42:08","slug":"eoe","status":"publish","type":"page","link":"https:\/\/blogsaverroes.juntadeandalucia.es\/parqueclavero\/eoe\/","title":{"rendered":"EOA"},"content":{"rendered":"<p><strong>Equipo de orientaci\u00f3n y apoyo.<\/strong><\/p>\n<p><strong>Componentes:<\/strong><\/p>\n<ul style=\"list-style-type: circle\">\n<li><strong>Orientadora:&nbsp; &nbsp; Carmen P\u00e9rez Bravo<\/strong><\/li>\n<li><strong>Refuerzo:&nbsp; &nbsp; &nbsp; &nbsp; &nbsp; Boyero Romero, Ana Mar\u00eda<\/strong><\/li>\n<li><strong>P.T.:&nbsp; &nbsp; &nbsp; &nbsp; &nbsp; &nbsp; &nbsp; &nbsp; &nbsp; &nbsp; S\u00e1nchez S\u00e1nchez, Inmaculada<\/strong><\/li>\n<li><strong>P.T:&nbsp; &nbsp; &nbsp; &nbsp; &nbsp; &nbsp; &nbsp; &nbsp; &nbsp; &nbsp; &nbsp;L\u00f3pez Ca\u00f1amero, Vanesa<\/strong><\/li>\n<li><strong>A.L.:&nbsp; &nbsp; &nbsp; &nbsp; &nbsp; &nbsp; &nbsp; &nbsp; &nbsp; &nbsp; S\u00e1nchez Carre\u00f1o, Mar\u00eda Isabel<\/strong><\/li>\n<\/ul>\n<p><strong>A trav\u00e9s del tutor podr\u00e1n solicitar cita con los especialistas del equipo.<\/strong><\/p>\n<p>&nbsp;<\/p>\n","protected":false},"excerpt":{"rendered":"<p>Equipo de orientaci\u00f3n y apoyo. Componentes: Orientadora:&nbsp; &nbsp; Carmen P\u00e9rez Bravo Refuerzo:&nbsp; &nbsp; &nbsp; &nbsp; &nbsp; Boyero Romero, Ana Mar\u00eda P.T.:&nbsp; &nbsp; &nbsp; &nbsp; &nbsp; &nbsp; &nbsp; &nbsp; &nbsp; &nbsp; S\u00e1nchez S\u00e1nchez, Inmaculada P.T:&nbsp;&#46;&#46;&#46;<\/p>\n","protected":false},"author":5127,"featured_media":0,"parent":0,"menu_order":0,"comment_status":"closed","ping_status":"closed","template":"","meta":{"ngg_post_thumbnail":0,"footnotes":"","_mc_calendar":[]},"aioseo_notices":[],"_links":{"self":[{"href":"https:\/\/blogsaverroes.juntadeandalucia.es\/parqueclavero\/wp-json\/wp\/v2\/pages\/2823"}],"collection":[{"href":"https:\/\/blogsaverroes.juntadeandalucia.es\/parqueclavero\/wp-json\/wp\/v2\/pages"}],"about":[{"href":"https:\/\/blogsaverroes.juntadeandalucia.es\/parqueclavero\/wp-json\/wp\/v2\/types\/page"}],"author":[{"embeddable":true,"href":"https:\/\/blogsaverroes.juntadeandalucia.es\/parqueclavero\/wp-json\/wp\/v2\/users\/5127"}],"replies":[{"embeddable":true,"href":"https:\/\/blogsaverroes.juntadeandalucia.es\/parqueclavero\/wp-json\/wp\/v2\/comments?post=2823"}],"version-history":[{"count":19,"href":"https:\/\/blogsaverroes.juntadeandalucia.es\/parqueclavero\/wp-json\/wp\/v2\/pages\/2823\/revisions"}],"predecessor-version":[{"id":3396,"href":"https:\/\/blogsaverroes.juntadeandalucia.es\/parqueclavero\/wp-json\/wp\/v2\/pages\/2823\/revisions\/3396"}],"wp:attachment":[{"href":"https:\/\/blogsaverroes.juntadeandalucia.es\/parqueclavero\/wp-json\/wp\/v2\/media?parent=2823"}],"curies":[{"name":"wp","href":"https:\/\/api.w.org\/{rel}","templated":true}]}}

<p><strong>Equipo de orientación y apoyo.</strong></p>
<p><strong>Componentes:</strong></p>
<ul style="list-style-type: circle">
<li><strong>Orientadora:&nbsp; &nbsp; Carmen Pérez Bravo</strong></li>
<li><strong>Refuerzo:&nbsp; &nbsp; &nbsp; &nbsp; &nbsp; Boyero Romero, Ana María</strong></li>
<li><strong>P.T.:&nbsp; &nbsp; &nbsp; &nbsp; &nbsp; &nbsp; &nbsp; &nbsp; &nbsp; &nbsp; Sánchez Sánchez, Inmaculada</strong></li>
<li><strong>P.T:&nbsp; &nbsp; &nbsp; &nbsp; &nbsp; &nbsp; &nbsp; &nbsp; &nbsp; &nbsp; &nbsp;López Cañamero, Vanesa</strong></li>
<li><strong>A.L.:&nbsp; &nbsp; &nbsp; &nbsp; &nbsp; &nbsp; &nbsp; &nbsp; &nbsp; &nbsp; Sánchez Carreño, María Isabel</strong></li>
</ul>
<p><strong>A través del tutor podrán solicitar cita con los especialistas del equipo.</strong></p>
<p>&nbsp;</p>

<p>Equipo de orientación y apoyo. Componentes: Orientadora:&nbsp; &nbsp; Carmen Pérez Bravo Refuerzo:&nbsp; &nbsp; &nbsp; &nbsp; &nbsp; Boyero Romero, Ana María P.T.:&nbsp; &nbsp; &nbsp; &nbsp; &nbsp; &nbsp; &nbsp; &nbsp; &nbsp; &nbsp; Sánchez Sánchez, Inmaculada P.T:&nbsp;&#46;&#46;&#46;</p>
