{"id":25,"date":"2020-11-06T16:19:55","date_gmt":"2020-11-06T16:19:55","guid":{"rendered":"https:\/\/blogsaverroes.juntadeandalucia.es\/pazstodomingo\/?page_id=25"},"modified":"2020-11-06T17:21:29","modified_gmt":"2020-11-06T17:21:29","slug":"curso-2019-2020","status":"publish","type":"page","link":"https:\/\/blogsaverroes.juntadeandalucia.es\/pazstodomingo\/curso-2019-2020\/","title":{"rendered":"Curso 2019\/2020"},"content":{"rendered":"<p style=\"text-align: justify\">A lo largo del curso 2019\/2020 se desarrollaron una serie de actividades en durante las diferentes efem\u00e9rides. Incluso, durante el confinamiento, continuamos trabajando:<\/p>\n<ol>\n<li style=\"text-align: justify\">En colaboraci\u00f3n con el Plan de Igualdad, realizaci\u00f3n el <strong>25 de noviembre<\/strong>: D\u00eda Internacional contra la Violencia de G\u00e9nero del video \u201cCalladita est\u00e1s mejor\u201d:&nbsp;<a href=\"https:\/\/youtu.be\/W-lgTBEGhYg\">https:\/\/youtu.be\/W-lgTBEGhYg<\/a><\/li>\n<li style=\"text-align: justify\"><strong>3 de diciembre<\/strong>: D\u00eda Internacional de las personas con discapacidad &nbsp;\u2022 Encuentro inclusivo con la participaci\u00f3n de Down El Ejido, Asprodesa y CoolturalFest. Adem\u00e1s, realizaci\u00f3n del video&nbsp;\u201cInvencibles\u201d:&nbsp;<a href=\"https:\/\/youtu.be\/YnOk5WpT3Y8D\">https:\/\/youtu.be\/YnOk5WpT3Y8D<\/a><\/li>\n<li style=\"text-align: justify\"><strong>30 de enero<\/strong>: D\u00eda Escolar de la no violencia y la Paz:&nbsp;Lectura del manifiesto por la paz en el Sal\u00f3n de Actos, charla: \u201cAtenci\u00f3n a las personas migrantes en las costas almerienses\u201d a cargo de Salvamento Mar\u00edtimo y Cruz Roja Almer\u00eda (<a href=\"https:\/\/www.instagram.com\/tv\/B79KerIoyP-\/?utm_source=ig_web_copy_link\">https:\/\/www.instagram.com\/tv\/B79KerIoyP-\/?utm_source=ig_web_copy_link<\/a>), jard\u00edn por la paz: (<a href=\"https:\/\/www.instagram.com\/tv\/B79K4ecom1W\/?utm_source=ig_web_copy_link\">https:\/\/www.instagram.com\/tv\/B79K4ecom1W\/?utm_source=ig_web_copy_link<\/a>), exposici\u00f3n \u201cUnidos por la diversidad\u201d (<a href=\"https:\/\/www.instagram.com\/tv\/B79LMXTI_zN\/?utm_source=ig_web_copy_link\">https:\/\/www.instagram.com\/tv\/B79LMXTI_zN\/?utm_source=ig_web_copy_link<\/a>)<\/li>\n<li style=\"text-align: justify\"><strong>Formaci\u00f3n de mediadores a cargo de ACIA<\/strong>.<\/li>\n<li style=\"text-align: justify\"><strong>Din\u00e1micas de cohesi\u00f3n<\/strong> en grupos de <strong>ESO<\/strong> \u2013 Mejora de la convivencia y bienvenida al centro.<\/li>\n<li style=\"text-align: justify\"><strong>Aula de Convivencia<\/strong>.<\/li>\n<li style=\"text-align: justify\"><strong>Divulgaci\u00f3n de la Escuela Espacio de Paz<\/strong>: estrategias y actividades para el fomento de la convivencia y la paz mediante la Web del instituto, redes sociales, coordinaci\u00f3n con otros centros educativos, etc.<\/li>\n<li style=\"text-align: justify\">Diversos <strong>talleres<\/strong>, <strong>concursos<\/strong> y <strong>sesiones did\u00e1cticas<\/strong> sobre la mejora de la convivencia y formaci\u00f3n en valores.<\/li>\n<li style=\"text-align: justify\">Realizaci\u00f3n de <strong>videos<\/strong> durante el confinamiento: Me quedo (<a href=\"https:\/\/youtu.be\/rSUIcgrpIr0\">https:\/\/youtu.be\/rSUIcgrpIr0<\/a>) Qu\u00e9date en tu casa (<a href=\"https:\/\/youtu.be\/o6z40FFG2Vo\">https:\/\/youtu.be\/o6z40FFG2Vo<\/a>)<\/li>\n<li style=\"text-align: justify\"><strong>Hablando con\u2026 Rozal\u00e9n<\/strong>:&nbsp;<a href=\"https:\/\/youtu.be\/gDm1JfLQ3x8\">https:\/\/youtu.be\/gDm1JfLQ3x8<\/a><\/li>\n<\/ol>\n","protected":false},"excerpt":{"rendered":"<p>A lo largo del curso 2019\/2020 se desarrollaron una serie de actividades en durante las diferentes efem\u00e9rides. Incluso, durante el confinamiento, continuamos trabajando: En colaboraci\u00f3n con el Plan de Igualdad, realizaci\u00f3n el 25 de&#46;&#46;&#46;<\/p>\n","protected":false},"author":10325,"featured_media":0,"parent":0,"menu_order":0,"comment_status":"closed","ping_status":"closed","template":"","meta":{"ngg_post_thumbnail":0,"footnotes":""},"aioseo_notices":[],"_links":{"self":[{"href":"https:\/\/blogsaverroes.juntadeandalucia.es\/pazstodomingo\/wp-json\/wp\/v2\/pages\/25"}],"collection":[{"href":"https:\/\/blogsaverroes.juntadeandalucia.es\/pazstodomingo\/wp-json\/wp\/v2\/pages"}],"about":[{"href":"https:\/\/blogsaverroes.juntadeandalucia.es\/pazstodomingo\/wp-json\/wp\/v2\/types\/page"}],"author":[{"embeddable":true,"href":"https:\/\/blogsaverroes.juntadeandalucia.es\/pazstodomingo\/wp-json\/wp\/v2\/users\/10325"}],"replies":[{"embeddable":true,"href":"https:\/\/blogsaverroes.juntadeandalucia.es\/pazstodomingo\/wp-json\/wp\/v2\/comments?post=25"}],"version-history":[{"count":5,"href":"https:\/\/blogsaverroes.juntadeandalucia.es\/pazstodomingo\/wp-json\/wp\/v2\/pages\/25\/revisions"}],"predecessor-version":[{"id":45,"href":"https:\/\/blogsaverroes.juntadeandalucia.es\/pazstodomingo\/wp-json\/wp\/v2\/pages\/25\/revisions\/45"}],"wp:attachment":[{"href":"https:\/\/blogsaverroes.juntadeandalucia.es\/pazstodomingo\/wp-json\/wp\/v2\/media?parent=25"}],"curies":[{"name":"wp","href":"https:\/\/api.w.org\/{rel}","templated":true}]}}