{"id":141,"date":"2015-03-17T07:13:24","date_gmt":"2015-03-17T07:13:24","guid":{"rendered":"http:\/\/blogsaverroes.juntadeandalucia.es\/pre\/ceip\/?page_id=141"},"modified":"2020-03-14T11:21:05","modified_gmt":"2020-03-14T11:21:05","slug":"escolarizacion","status":"publish","type":"page","link":"https:\/\/blogsaverroes.juntadeandalucia.es\/penyaluenga\/escolarizacion\/","title":{"rendered":"Escolarizaci\u00f3n"},"content":{"rendered":"<div style=\"text-align: center\"><span style=\"color: #008000\"><strong><span style=\"font-size: 18pt\">Del 1 marzo al 1 de abril, ap\u00fantate al cole,<\/span><\/strong><\/span><\/div>\n<div style=\"text-align: center\"><span style=\"color: #008000\"><strong><span style=\"font-size: 18pt\">ap\u00fantate al CEIP PE\u00d1ALUENGA.&nbsp;<\/span><\/strong><\/span><br \/>\n<span style=\"color: #008000\"><strong><span style=\"font-size: 18pt\">Ven y no te quedes sin tu plaza,&nbsp;<\/span><\/strong><\/span><br \/>\n<span style=\"color: #008000\"><strong><span style=\"font-size: 18pt\">queremos que formes parte de nuestra gran familia.<\/span><\/strong><\/span><br \/>\n<span style=\"color: #008000;font-size: 24pt\"><strong>\u00a1Te esperamos!<\/strong><\/span><\/div>\n<div>&nbsp;<\/div>\n<div>\n<h3 class=\"imgRssAgenda\"><span class=\"fecha-mes\" style=\"color: #008000\"><b>MARZO<\/b><\/span><\/h3>\n<section class=\"seccion-mes\">\n<div class=\"wrapper-listado\">\n<ul class=\"listado mensual-eventos\">\n<li class=\"item item_listado clearfix \">\n<div class=\"inner-item evento evento-normal\">\n<div class=\"calendar-evento\">\n<div class=\"calendar-evento-dia\"><a title=\"Ir al detalle del evento: Presentaci\u00f3n de solicitudes\" href=\"http:\/\/www.juntadeandalucia.es\/educacion\/portals\/web\/escolarizacion\/infantil-a-bachillerato\/calendario\/-\/agenda\/detalle\/presentacion-de-solicitudes-1cqelochlgsob\">Presentaci\u00f3n de solicitudes<\/a><\/div>\n<\/div>\n<div class=\"content-evento contenido_titulo\"><span class=\"texto\">Del<\/span>&nbsp;<strong><span class=\"fecha-dia\">01<\/span> al 31 <span class=\"texto\">de<\/span>&nbsp;<span class=\"fecha-mes\">marzo <\/span><\/strong><strong><span class=\"texto\">de<\/span>&nbsp;<span class=\"fecha-anyo\">2020<\/span><\/strong><\/div>\n<\/div>\n<\/li>\n<\/ul>\n<\/div>\n<\/section>\n<section class=\"seccion-mes\">\n<header>\n<h3 class=\"titulo\"><strong><span class=\"fecha-mes\" style=\"color: #008000\">ABRIL<\/span><\/strong><\/h3>\n<\/header>\n<div class=\"wrapper-listado\">\n<ul class=\"listado mensual-eventos\">\n<li class=\"item item_listado clearfix \">\n<div class=\"inner-item evento evento-normal\">\n<div class=\"calendar-evento\">\n<div class=\"calendar-evento-dia\">Relaci\u00f3n baremada de alumnado solicitante<\/div>\n<\/div>\n<div class=\"content-evento contenido_titulo\"><span class=\"texto\">Del<\/span>&nbsp;<strong><span class=\"fecha-dia\">04 <\/span><\/strong><span class=\"texto\">al <\/span><strong><span class=\"fecha-dia\">10<\/span>&nbsp;<span class=\"texto\">de<\/span>&nbsp;<span class=\"fecha-mes\">abril<\/span>&nbsp;<span class=\"texto\">de<\/span>&nbsp;<span class=\"fecha-anyo\">2020<\/span><\/strong><\/div>\n<\/div>\n<\/li>\n<\/ul>\n<\/div>\n<\/section>\n<section class=\"seccion-mes\">\n<header>\n<h3 class=\"titulo\"><strong><span class=\"fecha-mes\" style=\"color: #008000\">MAYO<\/span><\/strong><\/h3>\n<\/header>\n<div class=\"wrapper-listado\">\n<ul class=\"listado mensual-eventos\">\n<li class=\"item item_listado clearfix \">\n<div class=\"inner-item evento evento-normal\">\n<div class=\"calendar-evento\">\n<div class=\"calendar-evento-dia\">Sorteo p\u00fablico para dirimir empates<\/div>\n<\/div>\n<div class=\"content-evento contenido_titulo\"><strong><span class=\"fecha-dia\">13<\/span>&nbsp;<span class=\"texto\">de<\/span>&nbsp;<span class=\"fecha-mes\">mayo<\/span>&nbsp;<span class=\"texto\">de<\/span>&nbsp;<span class=\"fecha-anyo\">2020<\/span><\/strong><\/div>\n<\/div>\n<\/li>\n<li class=\"item item_listado clearfix \">\n<div class=\"inner-item evento evento-normal\">\n<div class=\"calendar-evento\">\n<div class=\"calendar-evento-dia\" style=\"text-align: justify\">Publicaci\u00f3n de la Resoluci\u00f3n del procedimiento de admisi\u00f3n<\/div>\n<\/div>\n<div class=\"content-evento contenido_titulo\" style=\"text-align: justify\"><strong><span class=\"fecha-dia\">14<\/span>&nbsp;<span class=\"texto\">de<\/span>&nbsp;<span class=\"fecha-mes\">mayo<\/span>&nbsp;<span class=\"texto\">de<\/span>&nbsp;<span class=\"fecha-anyo\">2020<\/span><\/strong><\/div>\n<\/div>\n<\/li>\n<li class=\"item item_listado clearfix \">\n<div class=\"inner-item evento evento-normal\">\n<div class=\"calendar-evento\">\n<div class=\"calendar-evento-dia\" style=\"text-align: justify\">Publicaci\u00f3n de la Resoluci\u00f3n de adjudicaci\u00f3n de plaza del alumnado no admitido en el centro docente elegido como prioritario (reubicaci\u00f3n)<\/div>\n<\/div>\n<div class=\"content-evento contenido_titulo\"><strong><span class=\"fecha-dia\">21<\/span>&nbsp;<span class=\"texto\">de<\/span>&nbsp;<span class=\"fecha-mes\">mayo<\/span>&nbsp;<span class=\"texto\">de<\/span>&nbsp;<span class=\"fecha-anyo\">2020<\/span><\/strong><\/div>\n<\/div>\n<\/li>\n<li class=\"item item_listado clearfix \">\n<div class=\"inner-item evento evento-normal\">\n<div class=\"calendar-evento\">\n<div class=\"calendar-evento-dia\">Reclamaciones\/recursos de alzada<\/div>\n<\/div>\n<div class=\"content-evento contenido_titulo\"><span class=\"texto\">Del<\/span>&nbsp;<strong><span class=\"fecha-dia\">22<\/span>&nbsp;<span class=\"texto\">de<\/span>&nbsp;<span class=\"fecha-mes\">mayo <\/span><\/strong><span class=\"texto\">al <\/span><strong><span class=\"fecha-dia\">21<\/span>&nbsp;<span class=\"texto\">de<\/span>&nbsp;<span class=\"fecha-mes\">junio<\/span>&nbsp;<span class=\"texto\">de<\/span>&nbsp;<span class=\"fecha-anyo\">2020<\/span><\/strong><\/div>\n<\/div>\n<\/li>\n<\/ul>\n<\/div>\n<\/section>\n<section class=\"seccion-mes\">\n<header>\n<h3 class=\"titulo\"><strong><span class=\"fecha-mes\" style=\"color: #008000\">JUNIO<\/span><\/strong><\/h3>\n<\/header>\n<div class=\"wrapper-listado\">\n<ul class=\"listado mensual-eventos\">\n<li class=\"item item_listado clearfix \">\n<div class=\"inner-item evento evento-normal\">\n<div class=\"calendar-evento\">\n<div class=\"calendar-evento-dia\" style=\"text-align: justify\">Plazo de matriculaci\u00f3n (segundo ciclo de educaci\u00f3n infantil, educaci\u00f3n primaria y educaci\u00f3n especial)<\/div>\n<\/div>\n<div class=\"content-evento contenido_titulo\" style=\"text-align: justify\"><span class=\"texto\">Del<\/span>&nbsp;<strong><span class=\"fecha-dia\">01 <\/span><\/strong><span class=\"texto\">al <\/span><strong><span class=\"fecha-dia\">10<\/span>&nbsp;<span class=\"texto\">de<\/span>&nbsp;<span class=\"fecha-mes\">junio<\/span>&nbsp;<span class=\"texto\">de<\/span>&nbsp;<span class=\"fecha-anyo\">2020<\/span><\/strong><\/div>\n<\/div>\n<\/li>\n<\/ul>\n<\/div>\n<\/section>\n<section class=\"seccion-mes\">\n<header>\n<h3 class=\"titulo\"><strong><span class=\"fecha-mes\" style=\"color: #008000\">JULIO<\/span><\/strong><\/h3>\n<\/header>\n<div class=\"wrapper-listado\">\n<ul class=\"listado mensual-eventos\">\n<li class=\"item item_listado clearfix \">\n<div class=\"inner-item evento evento-normal\">\n<div class=\"calendar-evento\">\n<div class=\"calendar-evento-dia\">Plazo de matriculaci\u00f3n (educaci\u00f3n secundaria obligatoria y bachillerato)<\/div>\n<\/div>\n<div class=\"content-evento contenido_titulo\"><span class=\"texto\">Del<\/span>&nbsp;<strong><span class=\"fecha-dia\">01 <\/span><\/strong><span class=\"texto\">al <\/span><strong><span class=\"fecha-dia\">10<\/span>&nbsp;<span class=\"texto\">de<\/span>&nbsp;<span class=\"fecha-mes\">julio<\/span>&nbsp;<span class=\"texto\">de<\/span>&nbsp;<span class=\"fecha-anyo\">2020<\/span><\/strong><\/div>\n<\/div>\n<\/li>\n<\/ul>\n<\/div>\n<\/section>\n<div class=\"separator\" style=\"text-align: justify\"><span style=\"text-align: justify\">Toda la informaci\u00f3n la puedes consultar en la Secretar\u00eda de nuestro centro, as\u00ed como en la p\u00e1gina web de escolarizaci\u00f3n a la que puedes acceder haciendo clic en la imagen inferior.<\/span><\/div>\n<div>&nbsp;<\/div>\n<\/div>\n<div><img loading=\"lazy\" decoding=\"async\" class=\"wp-image-2486 aligncenter\" src=\"https:\/\/blogsaverroes.juntadeandalucia.es\/penyaluenga\/files\/2020\/03\/Video-promocional-imagen-Junta-Andalucia_1432976697_116053441_1200x675-300x169.jpg\" alt=\"\" width=\"351\" height=\"198\" srcset=\"https:\/\/blogsaverroes.juntadeandalucia.es\/penyaluenga\/files\/2020\/03\/Video-promocional-imagen-Junta-Andalucia_1432976697_116053441_1200x675-300x169.jpg 300w, https:\/\/blogsaverroes.juntadeandalucia.es\/penyaluenga\/files\/2020\/03\/Video-promocional-imagen-Junta-Andalucia_1432976697_116053441_1200x675-768x432.jpg 768w, https:\/\/blogsaverroes.juntadeandalucia.es\/penyaluenga\/files\/2020\/03\/Video-promocional-imagen-Junta-Andalucia_1432976697_116053441_1200x675-1024x576.jpg 1024w, https:\/\/blogsaverroes.juntadeandalucia.es\/penyaluenga\/files\/2020\/03\/Video-promocional-imagen-Junta-Andalucia_1432976697_116053441_1200x675-24x14.jpg 24w, https:\/\/blogsaverroes.juntadeandalucia.es\/penyaluenga\/files\/2020\/03\/Video-promocional-imagen-Junta-Andalucia_1432976697_116053441_1200x675-36x20.jpg 36w, https:\/\/blogsaverroes.juntadeandalucia.es\/penyaluenga\/files\/2020\/03\/Video-promocional-imagen-Junta-Andalucia_1432976697_116053441_1200x675-48x27.jpg 48w, https:\/\/blogsaverroes.juntadeandalucia.es\/penyaluenga\/files\/2020\/03\/Video-promocional-imagen-Junta-Andalucia_1432976697_116053441_1200x675.jpg 1200w\" sizes=\"(max-width: 351px) 100vw, 351px\" \/><\/div>\n<p style=\"text-align: center\"><strong><span style=\"font-size: 24pt\"><a title=\"Portal escolarizaci\u00f3n\" href=\"http:\/\/www.juntadeandalucia.es\/educacion\/webportal\/web\/portal-escolarizacion\/infantil-primaria-eso-bachillerato\" target=\"_blank\" rel=\"noopener noreferrer\">Enlace al portal de escolarizaci\u00f3n.<\/a><\/span><\/strong><\/p>\n<p style=\"text-align: center\"><span style=\"font-size: 18pt\"><strong><a title=\"Procedimiento\" href=\"http:\/\/portal.ced.junta-andalucia.es\/educacion\/webportal\/abaco-portlet\/content\/f2f9bdb4-4717-409f-8dbc-da5b8ed61e38\" target=\"_blank\" rel=\"noopener noreferrer\">Normativa<\/a><\/strong>&nbsp;sobre el proceso de escolarizaci\u00f3n.<\/span><\/p>\n","protected":false},"excerpt":{"rendered":"<p>Del 1 marzo al 1 de abril, ap\u00fantate al cole, ap\u00fantate al CEIP PE\u00d1ALUENGA.&nbsp; Ven y no te quedes sin tu plaza,&nbsp; queremos que formes parte de nuestra gran familia. \u00a1Te esperamos! &nbsp; MARZO&#46;&#46;&#46;<\/p>\n","protected":false},"author":1,"featured_media":0,"parent":0,"menu_order":0,"comment_status":"open","ping_status":"open","template":"","meta":{"ngg_post_thumbnail":0,"footnotes":"","_mc_calendar":[]},"aioseo_notices":[],"post_mailing_queue_ids":[],"_links":{"self":[{"href":"https:\/\/blogsaverroes.juntadeandalucia.es\/penyaluenga\/wp-json\/wp\/v2\/pages\/141"}],"collection":[{"href":"https:\/\/blogsaverroes.juntadeandalucia.es\/penyaluenga\/wp-json\/wp\/v2\/pages"}],"about":[{"href":"https:\/\/blogsaverroes.juntadeandalucia.es\/penyaluenga\/wp-json\/wp\/v2\/types\/page"}],"author":[{"embeddable":true,"href":"https:\/\/blogsaverroes.juntadeandalucia.es\/penyaluenga\/wp-json\/wp\/v2\/users\/1"}],"replies":[{"embeddable":true,"href":"https:\/\/blogsaverroes.juntadeandalucia.es\/penyaluenga\/wp-json\/wp\/v2\/comments?post=141"}],"version-history":[{"count":11,"href":"https:\/\/blogsaverroes.juntadeandalucia.es\/penyaluenga\/wp-json\/wp\/v2\/pages\/141\/revisions"}],"predecessor-version":[{"id":2512,"href":"https:\/\/blogsaverroes.juntadeandalucia.es\/penyaluenga\/wp-json\/wp\/v2\/pages\/141\/revisions\/2512"}],"wp:attachment":[{"href":"https:\/\/blogsaverroes.juntadeandalucia.es\/penyaluenga\/wp-json\/wp\/v2\/media?parent=141"}],"curies":[{"name":"wp","href":"https:\/\/api.w.org\/{rel}","templated":true}]}}