{"id":3440,"date":"2021-04-19T11:13:35","date_gmt":"2021-04-19T11:13:35","guid":{"rendered":"https:\/\/blogsaverroes.juntadeandalucia.es\/penyaluenga\/?page_id=3440"},"modified":"2021-06-30T07:06:29","modified_gmt":"2021-06-30T07:06:29","slug":"documento-proyecto-linguistico-de-centro","status":"publish","type":"page","link":"https:\/\/blogsaverroes.juntadeandalucia.es\/penyaluenga\/documento-proyecto-linguistico-de-centro\/","title":{"rendered":"Documento Proyecto Ling\u00fc\u00edstico de Centro"},"content":{"rendered":"<p><img loading=\"lazy\" decoding=\"async\" class=\"aligncenter size-full wp-image-3588\" src=\"https:\/\/blogsaverroes.juntadeandalucia.es\/penyaluenga\/files\/2021\/06\/PLC_logo_1.jpg\" alt=\"\" width=\"600\" height=\"228\" srcset=\"https:\/\/blogsaverroes.juntadeandalucia.es\/penyaluenga\/files\/2021\/06\/PLC_logo_1.jpg 600w, https:\/\/blogsaverroes.juntadeandalucia.es\/penyaluenga\/files\/2021\/06\/PLC_logo_1-300x114.jpg 300w\" sizes=\"(max-width: 600px) 100vw, 600px\" \/><\/p>\n<p style=\"text-align: center\"><span style=\"font-size: 10pt;font-family: arial, helvetica, sans-serif\">(Logotipo oficial creado por la Consejer\u00eda de Educaci\u00f3n)<\/span><\/p>\n<p style=\"text-align: justify\"><span style=\"font-family: arial, helvetica, sans-serif\">El acceso al PLC de nuestro centro puede llevarse a cabo a partir de los siguientes enlaces:<\/span><\/p>\n<p style=\"text-align: justify\"><span style=\"font-family: arial, helvetica, sans-serif\"><a href=\"https:\/\/blogsaverroes.juntadeandalucia.es\/penyaluenga\/files\/2021\/06\/01-Proyecto-Ling\u00fc\u00edstico-de-Centro.pdf\">01 &#8211; Proyecto Ling\u00fc\u00edstico de Centro<\/a> <\/span><\/p>\n<p style=\"text-align: justify\"><span style=\"font-family: arial, helvetica, sans-serif\"><a href=\"https:\/\/blogsaverroes.juntadeandalucia.es\/penyaluenga\/files\/2021\/06\/02-Anexo-al-Proyecto-Ling\u00fc\u00edstico-Curso-21-22.pdf\">02 &#8211; Anexo al Proyecto Ling\u00fc\u00edstico &#8211; Curso 21-22<\/a><\/span><\/p>\n","protected":false},"excerpt":{"rendered":"<p>(Logotipo oficial creado por la Consejer\u00eda de Educaci\u00f3n) El acceso al PLC de nuestro centro puede llevarse a cabo a partir de los siguientes enlaces: 01 &#8211; Proyecto Ling\u00fc\u00edstico de Centro 02 &#8211; Anexo&#46;&#46;&#46;<\/p>\n","protected":false},"author":1896,"featured_media":0,"parent":0,"menu_order":0,"comment_status":"closed","ping_status":"closed","template":"","meta":{"ngg_post_thumbnail":0,"footnotes":"","_mc_calendar":[]},"aioseo_notices":[],"post_mailing_queue_ids":[],"_links":{"self":[{"href":"https:\/\/blogsaverroes.juntadeandalucia.es\/penyaluenga\/wp-json\/wp\/v2\/pages\/3440"}],"collection":[{"href":"https:\/\/blogsaverroes.juntadeandalucia.es\/penyaluenga\/wp-json\/wp\/v2\/pages"}],"about":[{"href":"https:\/\/blogsaverroes.juntadeandalucia.es\/penyaluenga\/wp-json\/wp\/v2\/types\/page"}],"author":[{"embeddable":true,"href":"https:\/\/blogsaverroes.juntadeandalucia.es\/penyaluenga\/wp-json\/wp\/v2\/users\/1896"}],"replies":[{"embeddable":true,"href":"https:\/\/blogsaverroes.juntadeandalucia.es\/penyaluenga\/wp-json\/wp\/v2\/comments?post=3440"}],"version-history":[{"count":3,"href":"https:\/\/blogsaverroes.juntadeandalucia.es\/penyaluenga\/wp-json\/wp\/v2\/pages\/3440\/revisions"}],"predecessor-version":[{"id":3589,"href":"https:\/\/blogsaverroes.juntadeandalucia.es\/penyaluenga\/wp-json\/wp\/v2\/pages\/3440\/revisions\/3589"}],"wp:attachment":[{"href":"https:\/\/blogsaverroes.juntadeandalucia.es\/penyaluenga\/wp-json\/wp\/v2\/media?parent=3440"}],"curies":[{"name":"wp","href":"https:\/\/api.w.org\/{rel}","templated":true}]}}