{"id":3461,"date":"2021-04-28T16:18:19","date_gmt":"2021-04-28T16:18:19","guid":{"rendered":"https:\/\/blogsaverroes.juntadeandalucia.es\/penyaluenga\/?page_id=3461"},"modified":"2021-04-28T16:22:00","modified_gmt":"2021-04-28T16:22:00","slug":"blog-bilingue-sevilla","status":"publish","type":"page","link":"https:\/\/blogsaverroes.juntadeandalucia.es\/penyaluenga\/blog-bilingue-sevilla\/","title":{"rendered":"Blog biling\u00fce Sevilla"},"content":{"rendered":"<p style=\"text-align: center\"><a href=\"https:\/\/blogsaverroes.juntadeandalucia.es\/penyaluenga\/files\/2021\/04\/centro-bilingue-300x292-1.jpg\"><img loading=\"lazy\" decoding=\"async\" class=\"aligncenter size-full wp-image-3436\" src=\"https:\/\/blogsaverroes.juntadeandalucia.es\/penyaluenga\/files\/2021\/04\/centro-bilingue-300x292-1.jpg\" alt=\"\" width=\"300\" height=\"292\"><\/a><span style=\"font-size: 10pt;font-family: arial, helvetica, sans-serif\">(Logotipo oficial de la CEJA)<\/span><\/p>\n<p style=\"text-align: justify\"><a href=\"https:\/\/blogsaverroes.juntadeandalucia.es\/centrosbilinguessevilla\/\" target=\"_blank\" rel=\"noopener noreferrer\"><span style=\"font-family: arial, helvetica, sans-serif\">Enlace al blog biling\u00fce de Sevilla gestionado por el Coordinador en la Delegaci\u00f3n Territorial de Educaci\u00f3n.<\/span><\/a><\/p>\n","protected":false},"excerpt":{"rendered":"<p>(Logotipo oficial de la CEJA) Enlace al blog biling\u00fce de Sevilla gestionado por el Coordinador en la Delegaci\u00f3n Territorial de Educaci\u00f3n.<\/p>\n","protected":false},"author":6865,"featured_media":0,"parent":0,"menu_order":0,"comment_status":"closed","ping_status":"closed","template":"","meta":{"ngg_post_thumbnail":0,"footnotes":"","_mc_calendar":[]},"aioseo_notices":[],"post_mailing_queue_ids":[],"_links":{"self":[{"href":"https:\/\/blogsaverroes.juntadeandalucia.es\/penyaluenga\/wp-json\/wp\/v2\/pages\/3461"}],"collection":[{"href":"https:\/\/blogsaverroes.juntadeandalucia.es\/penyaluenga\/wp-json\/wp\/v2\/pages"}],"about":[{"href":"https:\/\/blogsaverroes.juntadeandalucia.es\/penyaluenga\/wp-json\/wp\/v2\/types\/page"}],"author":[{"embeddable":true,"href":"https:\/\/blogsaverroes.juntadeandalucia.es\/penyaluenga\/wp-json\/wp\/v2\/users\/6865"}],"replies":[{"embeddable":true,"href":"https:\/\/blogsaverroes.juntadeandalucia.es\/penyaluenga\/wp-json\/wp\/v2\/comments?post=3461"}],"version-history":[{"count":3,"href":"https:\/\/blogsaverroes.juntadeandalucia.es\/penyaluenga\/wp-json\/wp\/v2\/pages\/3461\/revisions"}],"predecessor-version":[{"id":3467,"href":"https:\/\/blogsaverroes.juntadeandalucia.es\/penyaluenga\/wp-json\/wp\/v2\/pages\/3461\/revisions\/3467"}],"wp:attachment":[{"href":"https:\/\/blogsaverroes.juntadeandalucia.es\/penyaluenga\/wp-json\/wp\/v2\/media?parent=3461"}],"curies":[{"name":"wp","href":"https:\/\/api.w.org\/{rel}","templated":true}]}}