{"id":35,"date":"2015-03-13T08:21:43","date_gmt":"2015-03-13T08:21:43","guid":{"rendered":"http:\/\/blogsaverroes.juntadeandalucia.es\/pre\/ceip\/?page_id=35"},"modified":"2019-05-20T12:28:52","modified_gmt":"2019-05-20T12:28:52","slug":"el-centro-2","status":"publish","type":"page","link":"https:\/\/blogsaverroes.juntadeandalucia.es\/penyaluenga\/el-centro-2\/","title":{"rendered":"Datos del centro"},"content":{"rendered":"<p><a href=\"https:\/\/blogsaverroes.juntadeandalucia.es\/penyaluenga\/files\/2019\/05\/localizaci\u00f3n.jpg\"><img loading=\"lazy\" decoding=\"async\" class=\"alignnone wp-image-2104 size-large\" src=\"https:\/\/blogsaverroes.juntadeandalucia.es\/penyaluenga\/files\/2019\/05\/localizaci\u00f3n-1024x758.jpg\" alt=\"\" width=\"660\" height=\"489\" srcset=\"https:\/\/blogsaverroes.juntadeandalucia.es\/penyaluenga\/files\/2019\/05\/localizaci\u00f3n-1024x758.jpg 1024w, https:\/\/blogsaverroes.juntadeandalucia.es\/penyaluenga\/files\/2019\/05\/localizaci\u00f3n-300x222.jpg 300w, https:\/\/blogsaverroes.juntadeandalucia.es\/penyaluenga\/files\/2019\/05\/localizaci\u00f3n-768x568.jpg 768w, https:\/\/blogsaverroes.juntadeandalucia.es\/penyaluenga\/files\/2019\/05\/localizaci\u00f3n-700x518.jpg 700w, https:\/\/blogsaverroes.juntadeandalucia.es\/penyaluenga\/files\/2019\/05\/localizaci\u00f3n-332x246.jpg 332w, https:\/\/blogsaverroes.juntadeandalucia.es\/penyaluenga\/files\/2019\/05\/localizaci\u00f3n-24x18.jpg 24w, https:\/\/blogsaverroes.juntadeandalucia.es\/penyaluenga\/files\/2019\/05\/localizaci\u00f3n-36x27.jpg 36w, https:\/\/blogsaverroes.juntadeandalucia.es\/penyaluenga\/files\/2019\/05\/localizaci\u00f3n-48x36.jpg 48w, https:\/\/blogsaverroes.juntadeandalucia.es\/penyaluenga\/files\/2019\/05\/localizaci\u00f3n.jpg 1142w\" sizes=\"(max-width: 660px) 100vw, 660px\" \/><\/a><\/p>\n<h4><strong>Datos de contacto<\/strong><\/h4>\n<p><span style=\"font-size: 12pt\">CEIP Pe\u00f1aluenga<\/span><\/p>\n<p>&nbsp;<\/p>\n<p><strong>Direcci\u00f3n:<\/strong> &nbsp;Calle Camino de Pe\u00f1a\u00f1ulenga, 5. CP 41890. El Castillo de las Guardas (Sevilla)<\/p>\n<p><strong>Tel\u00e9fono \/ FAX: <\/strong>955 739 702<\/p>\n<p><strong>Email:<\/strong> 41001227.edu@juntadeandalucia.es<\/p>\n<h4><strong>Horarios<\/strong><\/h4>\n<ul>\n<li>Educaci\u00f3n Secundaria Obligatoria: de 8:00 h. a 14:30 h.<\/li>\n<li>Educaci\u00f3n Infantil y Educaci\u00f3n Primaria: DE 9:30 H. a 14:30 h.<\/li>\n<li>Actividades extraescolares: de lunes a jueves en horario de 16:00 h. a 18:00 h.<\/li>\n<li>Secretar\u00eda: de 8:30 h. a 14:30 h.<\/li>\n<\/ul>\n<h4><strong>Oferta educativa<\/strong><\/h4>\n<p>Centro educativo que atiende al alumnado desde Educaci\u00f3n Infantil de 3 a\u00f1os a 2\u00ba de Educaci\u00f3n Secundaria Obligatoria.<\/p>\n<h4><strong>Instalaciones<\/strong><\/h4>\n<ul>\n<li><!-- default-view.php -->\n<div\n\tclass=\"ngg-galleryoverview default-view\n\t ngg-ajax-pagination-none\t\"\n\tid=\"ngg-gallery-7bd57b0a1e84a07a972d91eb4118437e-1\">\n\n\t\t<!-- Thumbnails -->\n\t\t\t\t<div id=\"ngg-image-0\" class=\"ngg-gallery-thumbnail-box\n\t\t\t\t\t\t\t\t\t\t\t\"\n\t\t\t>\n\t\t\t\t\t\t<div class=\"ngg-gallery-thumbnail\">\n\t\t\t<a href=\"https:\/\/blogsaverroes.juntadeandalucia.es\/penyaluenga\/wp-content\/uploads\/sites\/797\/nggallery\/el-centro\/instalacion01.jpg\"\n\t\t\t\ttitle=\"Aulario\"\n\t\t\t\tdata-src=\"https:\/\/blogsaverroes.juntadeandalucia.es\/penyaluenga\/wp-content\/uploads\/sites\/797\/nggallery\/el-centro\/instalacion01.jpg\"\n\t\t\t\tdata-thumbnail=\"https:\/\/blogsaverroes.juntadeandalucia.es\/penyaluenga\/wp-content\/uploads\/sites\/797\/nggallery\/el-centro\/thumbs\/thumbs_instalacion01.jpg\"\n\t\t\t\tdata-image-id=\"10\"\n\t\t\t\tdata-title=\"instalacion01\"\n\t\t\t\tdata-description=\"Aulario\"\n\t\t\t\tdata-image-slug=\"instalacion01-1\"\n\t\t\t\tclass=\"ngg-fancybox\" rel=\"7bd57b0a1e84a07a972d91eb4118437e\">\n\t\t\t\t<img\n\t\t\t\t\ttitle=\"instalacion01\"\n\t\t\t\t\talt=\"instalacion01\"\n\t\t\t\t\tsrc=\"https:\/\/blogsaverroes.juntadeandalucia.es\/penyaluenga\/wp-content\/uploads\/sites\/797\/nggallery\/el-centro\/thumbs\/thumbs_instalacion01.jpg\"\n\t\t\t\t\twidth=\"120\"\n\t\t\t\t\theight=\"90\"\n\t\t\t\t\tstyle=\"max-width:100%;\"\n\t\t\t\t\/>\n\t\t\t<\/a>\n\t\t<\/div>\n\t\t\t\t\t\t\t<\/div>\n\t\t\t\n\t\t\t\t<div id=\"ngg-image-1\" class=\"ngg-gallery-thumbnail-box\n\t\t\t\t\t\t\t\t\t\t\t\"\n\t\t\t>\n\t\t\t\t\t\t<div class=\"ngg-gallery-thumbnail\">\n\t\t\t<a href=\"https:\/\/blogsaverroes.juntadeandalucia.es\/penyaluenga\/wp-content\/uploads\/sites\/797\/nggallery\/el-centro\/instalacion02.jpg\"\n\t\t\t\ttitle=\"Gimnasio\"\n\t\t\t\tdata-src=\"https:\/\/blogsaverroes.juntadeandalucia.es\/penyaluenga\/wp-content\/uploads\/sites\/797\/nggallery\/el-centro\/instalacion02.jpg\"\n\t\t\t\tdata-thumbnail=\"https:\/\/blogsaverroes.juntadeandalucia.es\/penyaluenga\/wp-content\/uploads\/sites\/797\/nggallery\/el-centro\/thumbs\/thumbs_instalacion02.jpg\"\n\t\t\t\tdata-image-id=\"11\"\n\t\t\t\tdata-title=\"instalacion02\"\n\t\t\t\tdata-description=\"Gimnasio\"\n\t\t\t\tdata-image-slug=\"instalacion02-1\"\n\t\t\t\tclass=\"ngg-fancybox\" rel=\"7bd57b0a1e84a07a972d91eb4118437e\">\n\t\t\t\t<img\n\t\t\t\t\ttitle=\"instalacion02\"\n\t\t\t\t\talt=\"instalacion02\"\n\t\t\t\t\tsrc=\"https:\/\/blogsaverroes.juntadeandalucia.es\/penyaluenga\/wp-content\/uploads\/sites\/797\/nggallery\/el-centro\/thumbs\/thumbs_instalacion02.jpg\"\n\t\t\t\t\twidth=\"120\"\n\t\t\t\t\theight=\"90\"\n\t\t\t\t\tstyle=\"max-width:100%;\"\n\t\t\t\t\/>\n\t\t\t<\/a>\n\t\t<\/div>\n\t\t\t\t\t\t\t<\/div>\n\t\t\t\n\t\t\t\t<div id=\"ngg-image-2\" class=\"ngg-gallery-thumbnail-box\n\t\t\t\t\t\t\t\t\t\t\t\"\n\t\t\t>\n\t\t\t\t\t\t<div class=\"ngg-gallery-thumbnail\">\n\t\t\t<a href=\"https:\/\/blogsaverroes.juntadeandalucia.es\/penyaluenga\/wp-content\/uploads\/sites\/797\/nggallery\/el-centro\/instalacion03.jpg\"\n\t\t\t\ttitle=\"Sala de presentaciones\"\n\t\t\t\tdata-src=\"https:\/\/blogsaverroes.juntadeandalucia.es\/penyaluenga\/wp-content\/uploads\/sites\/797\/nggallery\/el-centro\/instalacion03.jpg\"\n\t\t\t\tdata-thumbnail=\"https:\/\/blogsaverroes.juntadeandalucia.es\/penyaluenga\/wp-content\/uploads\/sites\/797\/nggallery\/el-centro\/thumbs\/thumbs_instalacion03.jpg\"\n\t\t\t\tdata-image-id=\"12\"\n\t\t\t\tdata-title=\"instalacion03\"\n\t\t\t\tdata-description=\"Sala de presentaciones\"\n\t\t\t\tdata-image-slug=\"instalacion03-1\"\n\t\t\t\tclass=\"ngg-fancybox\" rel=\"7bd57b0a1e84a07a972d91eb4118437e\">\n\t\t\t\t<img\n\t\t\t\t\ttitle=\"instalacion03\"\n\t\t\t\t\talt=\"instalacion03\"\n\t\t\t\t\tsrc=\"https:\/\/blogsaverroes.juntadeandalucia.es\/penyaluenga\/wp-content\/uploads\/sites\/797\/nggallery\/el-centro\/thumbs\/thumbs_instalacion03.jpg\"\n\t\t\t\t\twidth=\"120\"\n\t\t\t\t\theight=\"90\"\n\t\t\t\t\tstyle=\"max-width:100%;\"\n\t\t\t\t\/>\n\t\t\t<\/a>\n\t\t<\/div>\n\t\t\t\t\t\t\t<\/div>\n\t\t\t\n\t\t\t\t<div id=\"ngg-image-3\" class=\"ngg-gallery-thumbnail-box\n\t\t\t\t\t\t\t\t\t\t\t\"\n\t\t\t>\n\t\t\t\t\t\t<div class=\"ngg-gallery-thumbnail\">\n\t\t\t<a href=\"https:\/\/blogsaverroes.juntadeandalucia.es\/penyaluenga\/wp-content\/uploads\/sites\/797\/nggallery\/el-centro\/instalacion04.jpg\"\n\t\t\t\ttitle=\"Taquillas\"\n\t\t\t\tdata-src=\"https:\/\/blogsaverroes.juntadeandalucia.es\/penyaluenga\/wp-content\/uploads\/sites\/797\/nggallery\/el-centro\/instalacion04.jpg\"\n\t\t\t\tdata-thumbnail=\"https:\/\/blogsaverroes.juntadeandalucia.es\/penyaluenga\/wp-content\/uploads\/sites\/797\/nggallery\/el-centro\/thumbs\/thumbs_instalacion04.jpg\"\n\t\t\t\tdata-image-id=\"13\"\n\t\t\t\tdata-title=\"instalacion04\"\n\t\t\t\tdata-description=\"Taquillas\"\n\t\t\t\tdata-image-slug=\"instalacion04-1\"\n\t\t\t\tclass=\"ngg-fancybox\" rel=\"7bd57b0a1e84a07a972d91eb4118437e\">\n\t\t\t\t<img\n\t\t\t\t\ttitle=\"instalacion04\"\n\t\t\t\t\talt=\"instalacion04\"\n\t\t\t\t\tsrc=\"https:\/\/blogsaverroes.juntadeandalucia.es\/penyaluenga\/wp-content\/uploads\/sites\/797\/nggallery\/el-centro\/thumbs\/thumbs_instalacion04.jpg\"\n\t\t\t\t\twidth=\"120\"\n\t\t\t\t\theight=\"90\"\n\t\t\t\t\tstyle=\"max-width:100%;\"\n\t\t\t\t\/>\n\t\t\t<\/a>\n\t\t<\/div>\n\t\t\t\t\t\t\t<\/div>\n\t\t\t\n\t\t\t\t<div id=\"ngg-image-4\" class=\"ngg-gallery-thumbnail-box\n\t\t\t\t\t\t\t\t\t\t\t\"\n\t\t\t>\n\t\t\t\t\t\t<div class=\"ngg-gallery-thumbnail\">\n\t\t\t<a href=\"https:\/\/blogsaverroes.juntadeandalucia.es\/penyaluenga\/wp-content\/uploads\/sites\/797\/nggallery\/el-centro\/00K_pe%C3%B1aluenga-mural.jpg\"\n\t\t\t\ttitle=\"\"\n\t\t\t\tdata-src=\"https:\/\/blogsaverroes.juntadeandalucia.es\/penyaluenga\/wp-content\/uploads\/sites\/797\/nggallery\/el-centro\/00K_pe%C3%B1aluenga-mural.jpg\"\n\t\t\t\tdata-thumbnail=\"https:\/\/blogsaverroes.juntadeandalucia.es\/penyaluenga\/wp-content\/uploads\/sites\/797\/nggallery\/el-centro\/thumbs\/thumbs_00K_pe%C3%B1aluenga-mural.jpg\"\n\t\t\t\tdata-image-id=\"14\"\n\t\t\t\tdata-title=\"00K_pe\u00f1aluenga mural\"\n\t\t\t\tdata-description=\"\"\n\t\t\t\tdata-image-slug=\"00k_pe%c3%b1aluenga-mural\"\n\t\t\t\tclass=\"ngg-fancybox\" rel=\"7bd57b0a1e84a07a972d91eb4118437e\">\n\t\t\t\t<img\n\t\t\t\t\ttitle=\"00K_pe\u00f1aluenga mural\"\n\t\t\t\t\talt=\"00K_pe\u00f1aluenga mural\"\n\t\t\t\t\tsrc=\"https:\/\/blogsaverroes.juntadeandalucia.es\/penyaluenga\/wp-content\/uploads\/sites\/797\/nggallery\/el-centro\/thumbs\/thumbs_00K_pe%C3%B1aluenga-mural.jpg\"\n\t\t\t\t\twidth=\"120\"\n\t\t\t\t\theight=\"90\"\n\t\t\t\t\tstyle=\"max-width:100%;\"\n\t\t\t\t\/>\n\t\t\t<\/a>\n\t\t<\/div>\n\t\t\t\t\t\t\t<\/div>\n\t\t\t\n\t\n\t<br style=\"clear: both\" \/>\n\n\t\t<div class=\"slideshowlink\">\n\t\t<a href='https:\/\/blogsaverroes.juntadeandalucia.es\/penyaluenga\/el-centro-2\/nggallery\/slideshow'>[Mostrar presentaci\u00f3n de diapositivas]<\/a>\n\n\t<\/div>\n\t\n\t\t<!-- Pagination -->\n\t\t<div class='ngg-clear'><\/div>\t<\/div>\nBiblioteca Escolar \u00abMu\u00f1oz Rojas\u00bb.<\/li>\n<li>Aula de Inform\u00e1tica.<\/li>\n<li>Sal\u00f3n de Usos M\u00faltiples (SUM).<\/li>\n<\/ul>\n","protected":false},"excerpt":{"rendered":"<p>Datos de contacto CEIP Pe\u00f1aluenga &nbsp; Direcci\u00f3n: &nbsp;Calle Camino de Pe\u00f1a\u00f1ulenga, 5. CP 41890. El Castillo de las Guardas (Sevilla) Tel\u00e9fono \/ FAX: 955 739 702 Email: 41001227.edu@juntadeandalucia.es Horarios Educaci\u00f3n Secundaria Obligatoria: de 8:00&#46;&#46;&#46;<\/p>\n","protected":false},"author":1,"featured_media":0,"parent":0,"menu_order":0,"comment_status":"open","ping_status":"open","template":"","meta":{"ngg_post_thumbnail":0,"footnotes":"","_mc_calendar":[]},"aioseo_notices":[],"post_mailing_queue_ids":[],"_links":{"self":[{"href":"https:\/\/blogsaverroes.juntadeandalucia.es\/penyaluenga\/wp-json\/wp\/v2\/pages\/35"}],"collection":[{"href":"https:\/\/blogsaverroes.juntadeandalucia.es\/penyaluenga\/wp-json\/wp\/v2\/pages"}],"about":[{"href":"https:\/\/blogsaverroes.juntadeandalucia.es\/penyaluenga\/wp-json\/wp\/v2\/types\/page"}],"author":[{"embeddable":true,"href":"https:\/\/blogsaverroes.juntadeandalucia.es\/penyaluenga\/wp-json\/wp\/v2\/users\/1"}],"replies":[{"embeddable":true,"href":"https:\/\/blogsaverroes.juntadeandalucia.es\/penyaluenga\/wp-json\/wp\/v2\/comments?post=35"}],"version-history":[{"count":23,"href":"https:\/\/blogsaverroes.juntadeandalucia.es\/penyaluenga\/wp-json\/wp\/v2\/pages\/35\/revisions"}],"predecessor-version":[{"id":2108,"href":"https:\/\/blogsaverroes.juntadeandalucia.es\/penyaluenga\/wp-json\/wp\/v2\/pages\/35\/revisions\/2108"}],"wp:attachment":[{"href":"https:\/\/blogsaverroes.juntadeandalucia.es\/penyaluenga\/wp-json\/wp\/v2\/media?parent=35"}],"curies":[{"name":"wp","href":"https:\/\/api.w.org\/{rel}","templated":true}]}}

<p><a href="https://blogsaverroes.juntadeandalucia.es/penyaluenga/files/2019/05/localización.jpg"><img loading="lazy" decoding="async" class="alignnone wp-image-2104 size-large" src="https://blogsaverroes.juntadeandalucia.es/penyaluenga/files/2019/05/localización-1024x758.jpg" alt="" width="660" height="489" srcset="https://blogsaverroes.juntadeandalucia.es/penyaluenga/files/2019/05/localización-1024x758.jpg 1024w, https://blogsaverroes.juntadeandalucia.es/penyaluenga/files/2019/05/localización-300x222.jpg 300w, https://blogsaverroes.juntadeandalucia.es/penyaluenga/files/2019/05/localización-768x568.jpg 768w, https://blogsaverroes.juntadeandalucia.es/penyaluenga/files/2019/05/localización-700x518.jpg 700w, https://blogsaverroes.juntadeandalucia.es/penyaluenga/files/2019/05/localización-332x246.jpg 332w, https://blogsaverroes.juntadeandalucia.es/penyaluenga/files/2019/05/localización-24x18.jpg 24w, https://blogsaverroes.juntadeandalucia.es/penyaluenga/files/2019/05/localización-36x27.jpg 36w, https://blogsaverroes.juntadeandalucia.es/penyaluenga/files/2019/05/localización-48x36.jpg 48w, https://blogsaverroes.juntadeandalucia.es/penyaluenga/files/2019/05/localización.jpg 1142w" sizes="(max-width: 660px) 100vw, 660px" /></a></p>
<h4><strong>Datos de contacto</strong></h4>
<p><span style="font-size: 12pt">CEIP Peñaluenga</span></p>
<p>&nbsp;</p>
<p><strong>Dirección:</strong> &nbsp;Calle Camino de Peñañulenga, 5. CP 41890. El Castillo de las Guardas (Sevilla)</p>
<p><strong>Teléfono / FAX: </strong>955 739 702</p>
<p><strong>Email:</strong> 41001227.edu@juntadeandalucia.es</p>
<h4><strong>Horarios</strong></h4>
<ul>
<li>Educación Secundaria Obligatoria: de 8:00 h. a 14:30 h.</li>
<li>Educación Infantil y Educación Primaria: DE 9:30 H. a 14:30 h.</li>
<li>Actividades extraescolares: de lunes a jueves en horario de 16:00 h. a 18:00 h.</li>
<li>Secretaría: de 8:30 h. a 14:30 h.</li>
</ul>
<h4><strong>Oferta educativa</strong></h4>
<p>Centro educativo que atiende al alumnado desde Educación Infantil de 3 años a 2º de Educación Secundaria Obligatoria.</p>
<h4><strong>Instalaciones</strong></h4>
<ul>
<li><!-- default-view.php -->
<div
	class="ngg-galleryoverview default-view
	 ngg-ajax-pagination-none	"
	id="ngg-gallery-7bd57b0a1e84a07a972d91eb4118437e-1">

		<!-- Thumbnails -->
				<div id="ngg-image-0" class="ngg-gallery-thumbnail-box
											"
			>
						<div class="ngg-gallery-thumbnail">
			<a href="https://blogsaverroes.juntadeandalucia.es/penyaluenga/wp-content/uploads/sites/797/nggallery/el-centro/instalacion01.jpg"
				title="Aulario"
				data-src="https://blogsaverroes.juntadeandalucia.es/penyaluenga/wp-content/uploads/sites/797/nggallery/el-centro/instalacion01.jpg"
				data-thumbnail="https://blogsaverroes.juntadeandalucia.es/penyaluenga/wp-content/uploads/sites/797/nggallery/el-centro/thumbs/thumbs_instalacion01.jpg"
				data-image-id="10"
				data-title="instalacion01"
				data-description="Aulario"
				data-image-slug="instalacion01-1"
				class="ngg-fancybox" rel="7bd57b0a1e84a07a972d91eb4118437e">
				<img
					title="instalacion01"
					alt="instalacion01"
					src="https://blogsaverroes.juntadeandalucia.es/penyaluenga/wp-content/uploads/sites/797/nggallery/el-centro/thumbs/thumbs_instalacion01.jpg"
					width="120"
					height="90"
					style="max-width:100%;"
				/>
			</a>
		</div>
							</div>
			
				<div id="ngg-image-1" class="ngg-gallery-thumbnail-box
											"
			>
						<div class="ngg-gallery-thumbnail">
			<a href="https://blogsaverroes.juntadeandalucia.es/penyaluenga/wp-content/uploads/sites/797/nggallery/el-centro/instalacion02.jpg"
				title="Gimnasio"
				data-src="https://blogsaverroes.juntadeandalucia.es/penyaluenga/wp-content/uploads/sites/797/nggallery/el-centro/instalacion02.jpg"
				data-thumbnail="https://blogsaverroes.juntadeandalucia.es/penyaluenga/wp-content/uploads/sites/797/nggallery/el-centro/thumbs/thumbs_instalacion02.jpg"
				data-image-id="11"
				data-title="instalacion02"
				data-description="Gimnasio"
				data-image-slug="instalacion02-1"
				class="ngg-fancybox" rel="7bd57b0a1e84a07a972d91eb4118437e">
				<img
					title="instalacion02"
					alt="instalacion02"
					src="https://blogsaverroes.juntadeandalucia.es/penyaluenga/wp-content/uploads/sites/797/nggallery/el-centro/thumbs/thumbs_instalacion02.jpg"
					width="120"
					height="90"
					style="max-width:100%;"
				/>
			</a>
		</div>
							</div>
			
				<div id="ngg-image-2" class="ngg-gallery-thumbnail-box
											"
			>
						<div class="ngg-gallery-thumbnail">
			<a href="https://blogsaverroes.juntadeandalucia.es/penyaluenga/wp-content/uploads/sites/797/nggallery/el-centro/instalacion03.jpg"
				title="Sala de presentaciones"
				data-src="https://blogsaverroes.juntadeandalucia.es/penyaluenga/wp-content/uploads/sites/797/nggallery/el-centro/instalacion03.jpg"
				data-thumbnail="https://blogsaverroes.juntadeandalucia.es/penyaluenga/wp-content/uploads/sites/797/nggallery/el-centro/thumbs/thumbs_instalacion03.jpg"
				data-image-id="12"
				data-title="instalacion03"
				data-description="Sala de presentaciones"
				data-image-slug="instalacion03-1"
				class="ngg-fancybox" rel="7bd57b0a1e84a07a972d91eb4118437e">
				<img
					title="instalacion03"
					alt="instalacion03"
					src="https://blogsaverroes.juntadeandalucia.es/penyaluenga/wp-content/uploads/sites/797/nggallery/el-centro/thumbs/thumbs_instalacion03.jpg"
					width="120"
					height="90"
					style="max-width:100%;"
				/>
			</a>
		</div>
							</div>
			
				<div id="ngg-image-3" class="ngg-gallery-thumbnail-box
											"
			>
						<div class="ngg-gallery-thumbnail">
			<a href="https://blogsaverroes.juntadeandalucia.es/penyaluenga/wp-content/uploads/sites/797/nggallery/el-centro/instalacion04.jpg"
				title="Taquillas"
				data-src="https://blogsaverroes.juntadeandalucia.es/penyaluenga/wp-content/uploads/sites/797/nggallery/el-centro/instalacion04.jpg"
				data-thumbnail="https://blogsaverroes.juntadeandalucia.es/penyaluenga/wp-content/uploads/sites/797/nggallery/el-centro/thumbs/thumbs_instalacion04.jpg"
				data-image-id="13"
				data-title="instalacion04"
				data-description="Taquillas"
				data-image-slug="instalacion04-1"
				class="ngg-fancybox" rel="7bd57b0a1e84a07a972d91eb4118437e">
				<img
					title="instalacion04"
					alt="instalacion04"
					src="https://blogsaverroes.juntadeandalucia.es/penyaluenga/wp-content/uploads/sites/797/nggallery/el-centro/thumbs/thumbs_instalacion04.jpg"
					width="120"
					height="90"
					style="max-width:100%;"
				/>
			</a>
		</div>
							</div>
			
				<div id="ngg-image-4" class="ngg-gallery-thumbnail-box
											"
			>
						<div class="ngg-gallery-thumbnail">
			<a href="https://blogsaverroes.juntadeandalucia.es/penyaluenga/wp-content/uploads/sites/797/nggallery/el-centro/00K_pe%C3%B1aluenga-mural.jpg"
				title=""
				data-src="https://blogsaverroes.juntadeandalucia.es/penyaluenga/wp-content/uploads/sites/797/nggallery/el-centro/00K_pe%C3%B1aluenga-mural.jpg"
				data-thumbnail="https://blogsaverroes.juntadeandalucia.es/penyaluenga/wp-content/uploads/sites/797/nggallery/el-centro/thumbs/thumbs_00K_pe%C3%B1aluenga-mural.jpg"
				data-image-id="14"
				data-title="00K_peñaluenga mural"
				data-description=""
				data-image-slug="00k_pe%c3%b1aluenga-mural"
				class="ngg-fancybox" rel="7bd57b0a1e84a07a972d91eb4118437e">
				<img
					title="00K_peñaluenga mural"
					alt="00K_peñaluenga mural"
					src="https://blogsaverroes.juntadeandalucia.es/penyaluenga/wp-content/uploads/sites/797/nggallery/el-centro/thumbs/thumbs_00K_pe%C3%B1aluenga-mural.jpg"
					width="120"
					height="90"
					style="max-width:100%;"
				/>
			</a>
		</div>
							</div>
			
	
	<br style="clear: both" />

		<div class="slideshowlink">
		<a href='https://blogsaverroes.juntadeandalucia.es/penyaluenga/el-centro-2/nggallery/slideshow'>[Mostrar presentación de diapositivas]</a>

	</div>
	
		<!-- Pagination -->
		<div class='ngg-clear'></div>	</div>
Biblioteca Escolar «Muñoz Rojas».</li>
<li>Aula de Informática.</li>
<li>Salón de Usos Múltiples (SUM).</li>
</ul>

<p>Datos de contacto CEIP Peñaluenga &nbsp; Dirección: &nbsp;Calle Camino de Peñañulenga, 5. CP 41890. El Castillo de las Guardas (Sevilla) Teléfono / FAX: 955 739 702 Email: 41001227.edu@juntadeandalucia.es Horarios Educación Secundaria Obligatoria: de 8:00&#46;&#46;&#46;</p>
