{"id":3590,"date":"2021-06-30T07:07:39","date_gmt":"2021-06-30T07:07:39","guid":{"rendered":"https:\/\/blogsaverroes.juntadeandalucia.es\/penyaluenga\/?page_id=3590"},"modified":"2021-06-30T07:09:04","modified_gmt":"2021-06-30T07:09:04","slug":"marco-comun-para-el-desarrollo-de-la-cd","status":"publish","type":"page","link":"https:\/\/blogsaverroes.juntadeandalucia.es\/penyaluenga\/marco-comun-para-el-desarrollo-de-la-cd\/","title":{"rendered":"Marco Com\u00fan para el Desarrollo de la CD"},"content":{"rendered":"<p>El acceso al documento puede realizarse a trav\u00e9s del siguiente enlace:<\/p>\n<p><a href=\"https:\/\/blogsaverroes.juntadeandalucia.es\/penyaluenga\/files\/2021\/06\/02-Marco-com\u00fan-CD-Pe\u00f1aluenga.pdf\">01 &#8211; Marco com\u00fan CD Pe\u00f1aluenga<\/a><\/p>\n","protected":false},"excerpt":{"rendered":"<p>El acceso al documento puede realizarse a trav\u00e9s del siguiente enlace: 01 &#8211; Marco com\u00fan CD Pe\u00f1aluenga<\/p>\n","protected":false},"author":1896,"featured_media":0,"parent":0,"menu_order":0,"comment_status":"closed","ping_status":"closed","template":"","meta":{"ngg_post_thumbnail":0,"footnotes":"","_mc_calendar":[]},"aioseo_notices":[],"post_mailing_queue_ids":[],"_links":{"self":[{"href":"https:\/\/blogsaverroes.juntadeandalucia.es\/penyaluenga\/wp-json\/wp\/v2\/pages\/3590"}],"collection":[{"href":"https:\/\/blogsaverroes.juntadeandalucia.es\/penyaluenga\/wp-json\/wp\/v2\/pages"}],"about":[{"href":"https:\/\/blogsaverroes.juntadeandalucia.es\/penyaluenga\/wp-json\/wp\/v2\/types\/page"}],"author":[{"embeddable":true,"href":"https:\/\/blogsaverroes.juntadeandalucia.es\/penyaluenga\/wp-json\/wp\/v2\/users\/1896"}],"replies":[{"embeddable":true,"href":"https:\/\/blogsaverroes.juntadeandalucia.es\/penyaluenga\/wp-json\/wp\/v2\/comments?post=3590"}],"version-history":[{"count":2,"href":"https:\/\/blogsaverroes.juntadeandalucia.es\/penyaluenga\/wp-json\/wp\/v2\/pages\/3590\/revisions"}],"predecessor-version":[{"id":3595,"href":"https:\/\/blogsaverroes.juntadeandalucia.es\/penyaluenga\/wp-json\/wp\/v2\/pages\/3590\/revisions\/3595"}],"wp:attachment":[{"href":"https:\/\/blogsaverroes.juntadeandalucia.es\/penyaluenga\/wp-json\/wp\/v2\/media?parent=3590"}],"curies":[{"name":"wp","href":"https:\/\/api.w.org\/{rel}","templated":true}]}}