{"id":3890,"date":"2022-02-22T08:05:58","date_gmt":"2022-02-22T08:05:58","guid":{"rendered":"https:\/\/blogsaverroes.juntadeandalucia.es\/penyaluenga\/?page_id=3890"},"modified":"2022-02-25T21:26:51","modified_gmt":"2022-02-25T21:26:51","slug":"oferta-educativa","status":"publish","type":"page","link":"https:\/\/blogsaverroes.juntadeandalucia.es\/penyaluenga\/oferta-educativa\/","title":{"rendered":"Oferta educativa"},"content":{"rendered":"<p><img loading=\"lazy\" decoding=\"async\" class=\"aligncenter size-large wp-image-3216\" src=\"https:\/\/blogsaverroes.juntadeandalucia.es\/penyaluenga\/files\/2020\/12\/Logo-CED-1024x825.jpg\" alt=\"\" width=\"525\" height=\"423\" srcset=\"https:\/\/blogsaverroes.juntadeandalucia.es\/penyaluenga\/files\/2020\/12\/Logo-CED-1024x825.jpg 1024w, https:\/\/blogsaverroes.juntadeandalucia.es\/penyaluenga\/files\/2020\/12\/Logo-CED-300x242.jpg 300w, https:\/\/blogsaverroes.juntadeandalucia.es\/penyaluenga\/files\/2020\/12\/Logo-CED-768x619.jpg 768w, https:\/\/blogsaverroes.juntadeandalucia.es\/penyaluenga\/files\/2020\/12\/Logo-CED-1536x1238.jpg 1536w, https:\/\/blogsaverroes.juntadeandalucia.es\/penyaluenga\/files\/2020\/12\/Logo-CED-2048x1651.jpg 2048w, https:\/\/blogsaverroes.juntadeandalucia.es\/penyaluenga\/files\/2020\/12\/Logo-CED-24x19.jpg 24w, https:\/\/blogsaverroes.juntadeandalucia.es\/penyaluenga\/files\/2020\/12\/Logo-CED-36x29.jpg 36w, https:\/\/blogsaverroes.juntadeandalucia.es\/penyaluenga\/files\/2020\/12\/Logo-CED-48x39.jpg 48w, https:\/\/blogsaverroes.juntadeandalucia.es\/penyaluenga\/files\/2020\/12\/Logo-CED-scaled.jpg 1600w\" sizes=\"(max-width: 525px) 100vw, 525px\" \/><\/p>\n<p style=\"text-align: center\"><span style=\"font-family: arial, helvetica, sans-serif;font-size: 10pt\">(Logotipo oficial)<\/span><\/p>\n<p><span style=\"font-family: arial, helvetica, sans-serif\">A trav\u00e9s del siguiente enlace pod\u00e9is acceder a la oferta educativa del CEIP Pe\u00f1aluenga para el pr\u00f3ximo curso 22\/23:<\/span><\/p>\n<p><a href=\"https:\/\/blogsaverroes.juntadeandalucia.es\/penyaluenga\/files\/2022\/02\/Oferta-educativa-22-23.pdf\">Oferta educativa 22-23<\/a><\/p>\n<p>&nbsp;<\/p>\n","protected":false},"excerpt":{"rendered":"<p>(Logotipo oficial) A trav\u00e9s del siguiente enlace pod\u00e9is acceder a la oferta educativa del CEIP Pe\u00f1aluenga para el pr\u00f3ximo curso 22\/23: Oferta educativa 22-23 &nbsp;<\/p>\n","protected":false},"author":1896,"featured_media":0,"parent":0,"menu_order":0,"comment_status":"closed","ping_status":"closed","template":"","meta":{"ngg_post_thumbnail":0,"footnotes":"","_mc_calendar":[]},"aioseo_notices":[],"post_mailing_queue_ids":[],"_links":{"self":[{"href":"https:\/\/blogsaverroes.juntadeandalucia.es\/penyaluenga\/wp-json\/wp\/v2\/pages\/3890"}],"collection":[{"href":"https:\/\/blogsaverroes.juntadeandalucia.es\/penyaluenga\/wp-json\/wp\/v2\/pages"}],"about":[{"href":"https:\/\/blogsaverroes.juntadeandalucia.es\/penyaluenga\/wp-json\/wp\/v2\/types\/page"}],"author":[{"embeddable":true,"href":"https:\/\/blogsaverroes.juntadeandalucia.es\/penyaluenga\/wp-json\/wp\/v2\/users\/1896"}],"replies":[{"embeddable":true,"href":"https:\/\/blogsaverroes.juntadeandalucia.es\/penyaluenga\/wp-json\/wp\/v2\/comments?post=3890"}],"version-history":[{"count":5,"href":"https:\/\/blogsaverroes.juntadeandalucia.es\/penyaluenga\/wp-json\/wp\/v2\/pages\/3890\/revisions"}],"predecessor-version":[{"id":3915,"href":"https:\/\/blogsaverroes.juntadeandalucia.es\/penyaluenga\/wp-json\/wp\/v2\/pages\/3890\/revisions\/3915"}],"wp:attachment":[{"href":"https:\/\/blogsaverroes.juntadeandalucia.es\/penyaluenga\/wp-json\/wp\/v2\/media?parent=3890"}],"curies":[{"name":"wp","href":"https:\/\/api.w.org\/{rel}","templated":true}]}}