{"id":42,"date":"2015-03-13T08:40:47","date_gmt":"2015-03-13T08:40:47","guid":{"rendered":"http:\/\/blogsaverroes.juntadeandalucia.es\/pre\/ceip\/?page_id=42"},"modified":"2019-12-22T12:20:17","modified_gmt":"2019-12-22T12:20:17","slug":"equipo-directivo","status":"publish","type":"page","link":"https:\/\/blogsaverroes.juntadeandalucia.es\/penyaluenga\/equipo-directivo\/","title":{"rendered":"Equipo directivo"},"content":{"rendered":"<p>Durante el curso escolar 2019\/20, el Equipo Directivo del CEIP Pe\u00f1aluenga (El Castillo de las Guardas) est\u00e1 compuesto por:<\/p>\n<p><strong>Direcci\u00f3n:&nbsp;<\/strong>Antonio Franco Carrasco<\/p>\n<p><strong>Jefatura de Estudios: <\/strong>Mar\u00eda Jos\u00e9 Bernal Gavil\u00e1n<\/p>\n<p><strong>Secretar\u00eda:<\/strong> Mar\u00eda Carmen Moreno V\u00e1zquez<\/p>\n","protected":false},"excerpt":{"rendered":"<p>Durante el curso escolar 2019\/20, el Equipo Directivo del CEIP Pe\u00f1aluenga (El Castillo de las Guardas) est\u00e1 compuesto por: Direcci\u00f3n:&nbsp;Antonio Franco Carrasco Jefatura de Estudios: Mar\u00eda Jos\u00e9 Bernal Gavil\u00e1n Secretar\u00eda: Mar\u00eda Carmen Moreno V\u00e1zquez<\/p>\n","protected":false},"author":1,"featured_media":0,"parent":0,"menu_order":0,"comment_status":"open","ping_status":"open","template":"","meta":{"ngg_post_thumbnail":0,"footnotes":"","_mc_calendar":[]},"aioseo_notices":[],"post_mailing_queue_ids":[],"_links":{"self":[{"href":"https:\/\/blogsaverroes.juntadeandalucia.es\/penyaluenga\/wp-json\/wp\/v2\/pages\/42"}],"collection":[{"href":"https:\/\/blogsaverroes.juntadeandalucia.es\/penyaluenga\/wp-json\/wp\/v2\/pages"}],"about":[{"href":"https:\/\/blogsaverroes.juntadeandalucia.es\/penyaluenga\/wp-json\/wp\/v2\/types\/page"}],"author":[{"embeddable":true,"href":"https:\/\/blogsaverroes.juntadeandalucia.es\/penyaluenga\/wp-json\/wp\/v2\/users\/1"}],"replies":[{"embeddable":true,"href":"https:\/\/blogsaverroes.juntadeandalucia.es\/penyaluenga\/wp-json\/wp\/v2\/comments?post=42"}],"version-history":[{"count":7,"href":"https:\/\/blogsaverroes.juntadeandalucia.es\/penyaluenga\/wp-json\/wp\/v2\/pages\/42\/revisions"}],"predecessor-version":[{"id":2160,"href":"https:\/\/blogsaverroes.juntadeandalucia.es\/penyaluenga\/wp-json\/wp\/v2\/pages\/42\/revisions\/2160"}],"wp:attachment":[{"href":"https:\/\/blogsaverroes.juntadeandalucia.es\/penyaluenga\/wp-json\/wp\/v2\/media?parent=42"}],"curies":[{"name":"wp","href":"https:\/\/api.w.org\/{rel}","templated":true}]}}

<p>Durante el curso escolar 2019/20, el Equipo Directivo del CEIP Peñaluenga (El Castillo de las Guardas) está compuesto por:</p>
<p><strong>Dirección:&nbsp;</strong>Antonio Franco Carrasco</p>
<p><strong>Jefatura de Estudios: </strong>María José Bernal Gavilán</p>
<p><strong>Secretaría:</strong> María Carmen Moreno Vázquez</p>

<p>Durante el curso escolar 2019/20, el Equipo Directivo del CEIP Peñaluenga (El Castillo de las Guardas) está compuesto por: Dirección:&nbsp;Antonio Franco Carrasco Jefatura de Estudios: María José Bernal Gavilán Secretaría: María Carmen Moreno Vázquez</p>
