{"id":871,"date":"2015-03-16T07:25:46","date_gmt":"2015-03-16T07:25:46","guid":{"rendered":"http:\/\/blogsaverroes.juntadeandalucia.es\/pre\/ceip\/?page_id=106"},"modified":"2020-11-20T12:52:31","modified_gmt":"2020-11-20T12:52:31","slug":"actividades-extraescolares","status":"publish","type":"page","link":"https:\/\/blogsaverroes.juntadeandalucia.es\/penyaluenga\/actividades-extraescolares\/","title":{"rendered":"Actividades extraescolares"},"content":{"rendered":"<p style=\"text-align: left\"><a href=\"https:\/\/blogsaverroes.juntadeandalucia.es\/penyaluenga\/files\/2020\/11\/00K_pe\u00f1aluenga-mural-300x132-1.jpg\"><img loading=\"lazy\" decoding=\"async\" class=\"aligncenter size-full wp-image-3174\" src=\"https:\/\/blogsaverroes.juntadeandalucia.es\/penyaluenga\/files\/2020\/11\/00K_pe\u00f1aluenga-mural-300x132-1.jpg\" alt=\"\" width=\"300\" height=\"132\" srcset=\"https:\/\/blogsaverroes.juntadeandalucia.es\/penyaluenga\/files\/2020\/11\/00K_pe\u00f1aluenga-mural-300x132-1.jpg 300w, https:\/\/blogsaverroes.juntadeandalucia.es\/penyaluenga\/files\/2020\/11\/00K_pe\u00f1aluenga-mural-300x132-1-24x11.jpg 24w, https:\/\/blogsaverroes.juntadeandalucia.es\/penyaluenga\/files\/2020\/11\/00K_pe\u00f1aluenga-mural-300x132-1-36x16.jpg 36w, https:\/\/blogsaverroes.juntadeandalucia.es\/penyaluenga\/files\/2020\/11\/00K_pe\u00f1aluenga-mural-300x132-1-48x21.jpg 48w\" sizes=\"(max-width: 300px) 100vw, 300px\" \/><\/a><\/p>\n<h4 style=\"text-align: justify\">Actividades extraescolares:<\/h4>\n<p style=\"text-align: justify\">Actualmente, en nuestro centro, se desarrollan las siguientes acciones o actividades extraescolares:<\/p>\n<p>&nbsp;<\/p>\n<ul>\n<li><em><strong>Programa de Acompa\u00f1amiento Escolar (PROA):<\/strong><\/em><\/li>\n<\/ul>\n<p style=\"text-align: justify\">El alumnado beneficiario de este programa, convocado por la Consejer\u00eda de Educaci\u00f3n de la Junta de Andaluc\u00eda, y cofinanciado con fondos de la Comunidad Europea, se organiza seg\u00fan la normativa vigente en dos grupos diferenciados: segundo y tercer ciclo de Educaci\u00f3n Primaria, y primer ciclo de Educaci\u00f3n Secundaria Obligatoria.&nbsp;<\/p>\n<p style=\"text-align: justify\">El horario para ambos grupos ocupa las horas desde las 16:00 h. a las 18:00 h. los lunes y los mi\u00e9rcoles hasta el 31 de mayo.<\/p>\n<p style=\"text-align: justify\">La selecci\u00f3n del alumnado que acude a esta acci\u00f3n gratuita, se realiza desde el centro escolar atendiendo a criterios pedag\u00f3gicos, a trav\u00e9s de una comisi\u00f3n reunida al efecto.<\/p>\n<p><a href=\"https:\/\/blogsaverroes.juntadeandalucia.es\/penyaluenga\/files\/2020\/11\/logo-fondo.jpg\"><img loading=\"lazy\" decoding=\"async\" class=\"wp-image-3181 alignleft\" src=\"https:\/\/blogsaverroes.juntadeandalucia.es\/penyaluenga\/files\/2020\/11\/logo-fondo.jpg\" alt=\"\" width=\"122\" height=\"64\" srcset=\"https:\/\/blogsaverroes.juntadeandalucia.es\/penyaluenga\/files\/2020\/11\/logo-fondo.jpg 276w, https:\/\/blogsaverroes.juntadeandalucia.es\/penyaluenga\/files\/2020\/11\/logo-fondo-24x13.jpg 24w, https:\/\/blogsaverroes.juntadeandalucia.es\/penyaluenga\/files\/2020\/11\/logo-fondo-36x19.jpg 36w, https:\/\/blogsaverroes.juntadeandalucia.es\/penyaluenga\/files\/2020\/11\/logo-fondo-48x25.jpg 48w\" sizes=\"(max-width: 122px) 100vw, 122px\" \/><\/a> <a href=\"https:\/\/blogsaverroes.juntadeandalucia.es\/penyaluenga\/files\/2020\/11\/logo-se-mueve.jpg\"><img loading=\"lazy\" decoding=\"async\" class=\"wp-image-3182 alignleft\" src=\"https:\/\/blogsaverroes.juntadeandalucia.es\/penyaluenga\/files\/2020\/11\/logo-se-mueve.jpg\" alt=\"\" width=\"93\" height=\"47\" srcset=\"https:\/\/blogsaverroes.juntadeandalucia.es\/penyaluenga\/files\/2020\/11\/logo-se-mueve.jpg 321w, https:\/\/blogsaverroes.juntadeandalucia.es\/penyaluenga\/files\/2020\/11\/logo-se-mueve-300x152.jpg 300w, https:\/\/blogsaverroes.juntadeandalucia.es\/penyaluenga\/files\/2020\/11\/logo-se-mueve-24x12.jpg 24w, https:\/\/blogsaverroes.juntadeandalucia.es\/penyaluenga\/files\/2020\/11\/logo-se-mueve-36x18.jpg 36w, https:\/\/blogsaverroes.juntadeandalucia.es\/penyaluenga\/files\/2020\/11\/logo-se-mueve-48x24.jpg 48w\" sizes=\"(max-width: 93px) 100vw, 93px\" \/><\/a> <a href=\"https:\/\/blogsaverroes.juntadeandalucia.es\/penyaluenga\/files\/2020\/11\/Logo-CED.jpg\"><img loading=\"lazy\" decoding=\"async\" class=\"wp-image-3183 alignleft\" src=\"https:\/\/blogsaverroes.juntadeandalucia.es\/penyaluenga\/files\/2020\/11\/Logo-CED.jpg\" alt=\"\" width=\"109\" height=\"77\" srcset=\"https:\/\/blogsaverroes.juntadeandalucia.es\/penyaluenga\/files\/2020\/11\/Logo-CED.jpg 275w, https:\/\/blogsaverroes.juntadeandalucia.es\/penyaluenga\/files\/2020\/11\/Logo-CED-24x17.jpg 24w, https:\/\/blogsaverroes.juntadeandalucia.es\/penyaluenga\/files\/2020\/11\/Logo-CED-36x25.jpg 36w, https:\/\/blogsaverroes.juntadeandalucia.es\/penyaluenga\/files\/2020\/11\/Logo-CED-48x34.jpg 48w\" sizes=\"(max-width: 109px) 100vw, 109px\" \/><\/a><\/p>\n<p>&nbsp;<\/p>\n<p>&nbsp;<\/p>\n<p>&nbsp;<\/p>\n<p>&nbsp;<\/p>\n<ul>\n<li><strong>Taller de Ingl\u00e9s para Educaci\u00f3n Infantil:<\/strong><\/li>\n<\/ul>\n<p style=\"text-align: justify\">Este taller, impartido por monitores\/as con formaci\u00f3n, se desarrolla las tardes de los martes y jueves, en horario de 16:30 h. a 17:30 h.<\/p>\n<p style=\"text-align: justify\">Las solicitudes se cumplimentan en el mismo per\u00edodo que se lleva a cabo la matr\u00edcula en el centro, quedando registradas las mismas en la base de datos S\u00e9neca.<\/p>\n<p style=\"text-align: justify\">Los precios de la actividad son p\u00fablicos y pueden consultarse a trav\u00e9s de la p\u00e1gina web de la Consejer\u00eda de Educaci\u00f3n de la Junta de Andaluc\u00eda. En este sentido y anualmente se puede solicitar una bonificaci\u00f3n de los mismos -que pueden llegar hasta el 100% de la cantidad estipulada-, que se puede llevar a cabo en la Secretar\u00eda del centro desde el 1 al 7 de septiembre del curso escolar en que se desarrolle la actividad ofertada.<\/p>\n","protected":false},"excerpt":{"rendered":"<p>Actividades extraescolares: Actualmente, en nuestro centro, se desarrollan las siguientes acciones o actividades extraescolares: &nbsp; Programa de Acompa\u00f1amiento Escolar (PROA): El alumnado beneficiario de este programa, convocado por la Consejer\u00eda de Educaci\u00f3n de la&#46;&#46;&#46;<\/p>\n","protected":false},"author":1,"featured_media":0,"parent":0,"menu_order":0,"comment_status":"open","ping_status":"open","template":"","meta":{"ngg_post_thumbnail":0,"footnotes":"","_mc_calendar":[]},"aioseo_notices":[],"post_mailing_queue_ids":[],"_links":{"self":[{"href":"https:\/\/blogsaverroes.juntadeandalucia.es\/penyaluenga\/wp-json\/wp\/v2\/pages\/871"}],"collection":[{"href":"https:\/\/blogsaverroes.juntadeandalucia.es\/penyaluenga\/wp-json\/wp\/v2\/pages"}],"about":[{"href":"https:\/\/blogsaverroes.juntadeandalucia.es\/penyaluenga\/wp-json\/wp\/v2\/types\/page"}],"author":[{"embeddable":true,"href":"https:\/\/blogsaverroes.juntadeandalucia.es\/penyaluenga\/wp-json\/wp\/v2\/users\/1"}],"replies":[{"embeddable":true,"href":"https:\/\/blogsaverroes.juntadeandalucia.es\/penyaluenga\/wp-json\/wp\/v2\/comments?post=871"}],"version-history":[{"count":5,"href":"https:\/\/blogsaverroes.juntadeandalucia.es\/penyaluenga\/wp-json\/wp\/v2\/pages\/871\/revisions"}],"predecessor-version":[{"id":3184,"href":"https:\/\/blogsaverroes.juntadeandalucia.es\/penyaluenga\/wp-json\/wp\/v2\/pages\/871\/revisions\/3184"}],"wp:attachment":[{"href":"https:\/\/blogsaverroes.juntadeandalucia.es\/penyaluenga\/wp-json\/wp\/v2\/media?parent=871"}],"curies":[{"name":"wp","href":"https:\/\/api.w.org\/{rel}","templated":true}]}}

<p style="text-align: left"><a href="https://blogsaverroes.juntadeandalucia.es/penyaluenga/files/2020/11/00K_peñaluenga-mural-300x132-1.jpg"><img loading="lazy" decoding="async" class="aligncenter size-full wp-image-3174" src="https://blogsaverroes.juntadeandalucia.es/penyaluenga/files/2020/11/00K_peñaluenga-mural-300x132-1.jpg" alt="" width="300" height="132" srcset="https://blogsaverroes.juntadeandalucia.es/penyaluenga/files/2020/11/00K_peñaluenga-mural-300x132-1.jpg 300w, https://blogsaverroes.juntadeandalucia.es/penyaluenga/files/2020/11/00K_peñaluenga-mural-300x132-1-24x11.jpg 24w, https://blogsaverroes.juntadeandalucia.es/penyaluenga/files/2020/11/00K_peñaluenga-mural-300x132-1-36x16.jpg 36w, https://blogsaverroes.juntadeandalucia.es/penyaluenga/files/2020/11/00K_peñaluenga-mural-300x132-1-48x21.jpg 48w" sizes="(max-width: 300px) 100vw, 300px" /></a></p>
<h4 style="text-align: justify">Actividades extraescolares:</h4>
<p style="text-align: justify">Actualmente, en nuestro centro, se desarrollan las siguientes acciones o actividades extraescolares:</p>
<p>&nbsp;</p>
<ul>
<li><em><strong>Programa de Acompañamiento Escolar (PROA):</strong></em></li>
</ul>
<p style="text-align: justify">El alumnado beneficiario de este programa, convocado por la Consejería de Educación de la Junta de Andalucía, y cofinanciado con fondos de la Comunidad Europea, se organiza según la normativa vigente en dos grupos diferenciados: segundo y tercer ciclo de Educación Primaria, y primer ciclo de Educación Secundaria Obligatoria.&nbsp;</p>
<p style="text-align: justify">El horario para ambos grupos ocupa las horas desde las 16:00 h. a las 18:00 h. los lunes y los miércoles hasta el 31 de mayo.</p>
<p style="text-align: justify">La selección del alumnado que acude a esta acción gratuita, se realiza desde el centro escolar atendiendo a criterios pedagógicos, a través de una comisión reunida al efecto.</p>
<p><a href="https://blogsaverroes.juntadeandalucia.es/penyaluenga/files/2020/11/logo-fondo.jpg"><img loading="lazy" decoding="async" class="wp-image-3181 alignleft" src="https://blogsaverroes.juntadeandalucia.es/penyaluenga/files/2020/11/logo-fondo.jpg" alt="" width="122" height="64" srcset="https://blogsaverroes.juntadeandalucia.es/penyaluenga/files/2020/11/logo-fondo.jpg 276w, https://blogsaverroes.juntadeandalucia.es/penyaluenga/files/2020/11/logo-fondo-24x13.jpg 24w, https://blogsaverroes.juntadeandalucia.es/penyaluenga/files/2020/11/logo-fondo-36x19.jpg 36w, https://blogsaverroes.juntadeandalucia.es/penyaluenga/files/2020/11/logo-fondo-48x25.jpg 48w" sizes="(max-width: 122px) 100vw, 122px" /></a> <a href="https://blogsaverroes.juntadeandalucia.es/penyaluenga/files/2020/11/logo-se-mueve.jpg"><img loading="lazy" decoding="async" class="wp-image-3182 alignleft" src="https://blogsaverroes.juntadeandalucia.es/penyaluenga/files/2020/11/logo-se-mueve.jpg" alt="" width="93" height="47" srcset="https://blogsaverroes.juntadeandalucia.es/penyaluenga/files/2020/11/logo-se-mueve.jpg 321w, https://blogsaverroes.juntadeandalucia.es/penyaluenga/files/2020/11/logo-se-mueve-300x152.jpg 300w, https://blogsaverroes.juntadeandalucia.es/penyaluenga/files/2020/11/logo-se-mueve-24x12.jpg 24w, https://blogsaverroes.juntadeandalucia.es/penyaluenga/files/2020/11/logo-se-mueve-36x18.jpg 36w, https://blogsaverroes.juntadeandalucia.es/penyaluenga/files/2020/11/logo-se-mueve-48x24.jpg 48w" sizes="(max-width: 93px) 100vw, 93px" /></a> <a href="https://blogsaverroes.juntadeandalucia.es/penyaluenga/files/2020/11/Logo-CED.jpg"><img loading="lazy" decoding="async" class="wp-image-3183 alignleft" src="https://blogsaverroes.juntadeandalucia.es/penyaluenga/files/2020/11/Logo-CED.jpg" alt="" width="109" height="77" srcset="https://blogsaverroes.juntadeandalucia.es/penyaluenga/files/2020/11/Logo-CED.jpg 275w, https://blogsaverroes.juntadeandalucia.es/penyaluenga/files/2020/11/Logo-CED-24x17.jpg 24w, https://blogsaverroes.juntadeandalucia.es/penyaluenga/files/2020/11/Logo-CED-36x25.jpg 36w, https://blogsaverroes.juntadeandalucia.es/penyaluenga/files/2020/11/Logo-CED-48x34.jpg 48w" sizes="(max-width: 109px) 100vw, 109px" /></a></p>
<p>&nbsp;</p>
<p>&nbsp;</p>
<p>&nbsp;</p>
<p>&nbsp;</p>
<ul>
<li><strong>Taller de Inglés para Educación Infantil:</strong></li>
</ul>
<p style="text-align: justify">Este taller, impartido por monitores/as con formación, se desarrolla las tardes de los martes y jueves, en horario de 16:30 h. a 17:30 h.</p>
<p style="text-align: justify">Las solicitudes se cumplimentan en el mismo período que se lleva a cabo la matrícula en el centro, quedando registradas las mismas en la base de datos Séneca.</p>
<p style="text-align: justify">Los precios de la actividad son públicos y pueden consultarse a través de la página web de la Consejería de Educación de la Junta de Andalucía. En este sentido y anualmente se puede solicitar una bonificación de los mismos -que pueden llegar hasta el 100% de la cantidad estipulada-, que se puede llevar a cabo en la Secretaría del centro desde el 1 al 7 de septiembre del curso escolar en que se desarrolle la actividad ofertada.</p>

<p>Actividades extraescolares: Actualmente, en nuestro centro, se desarrollan las siguientes acciones o actividades extraescolares: &nbsp; Programa de Acompañamiento Escolar (PROA): El alumnado beneficiario de este programa, convocado por la Consejería de Educación de la&#46;&#46;&#46;</p>
