{"id":71,"date":"2020-05-03T19:48:19","date_gmt":"2020-05-03T17:48:19","guid":{"rendered":"https:\/\/blogsaverroes.juntadeandalucia.es\/percusiontriana\/?page_id=71"},"modified":"2020-05-13T20:05:34","modified_gmt":"2020-05-13T18:05:34","slug":"malletrix","status":"publish","type":"page","link":"https:\/\/blogsaverroes.juntadeandalucia.es\/percusiontriana\/malletrix\/","title":{"rendered":"MALLETRIX"},"content":{"rendered":"<p><span style=\"font-family: verdana, geneva, sans-serif\">Bienvenidos al blog de <em>Malletrix<\/em>.<\/span><\/p>\n<p><span style=\"font-family: verdana, geneva, sans-serif\">\u00bfQu\u00e9 es Malletrix? Aunque la pregunta correcta ser\u00eda \u00bfqui\u00e9nes son Malletrix?<\/span><\/p>\n<p><span style=\"font-family: verdana, geneva, sans-serif\">Malletrix son los alumnos de percusi\u00f3n del conservatorio de m\u00fasica \u00abTriana\u00bb, ubicado, como su nombre indica, en el barrio de Triana (Sevilla). <span style=\"line-height: 1.5\">Cuando hacemos un concierto, un encuentro o nos presentamos a un concurso, lo hacemos bajo este nombre. Muchos me preguntan por qu\u00e9 se llama as\u00ed, y os explico. Realmente \u00abMalletrix\u00bb es el nombre de una <a href=\"https:\/\/blogsaverroes.juntadeandalucia.es\/percusiontriana\/luca-ragel-malletrix-j-spears\/\">obra para marimba de Jared Spears<\/a>, pero nos vino muy bien porque <em>mallet<\/em> significa baqueta en ingl\u00e9s (pero baqueta de l\u00e1minas, las de lana, no las de caja o timbales, esas se llaman <em>sticks<\/em>), luego <em>tri<\/em> nos sirve como indicativo de Triana, y la <i>X<\/i>&nbsp;son dos baquetas cruzadas que tenemos adem\u00e1s como logo.<\/span><\/span><\/p>\n<p><span style=\"font-family: verdana, geneva, sans-serif\">Actualmente suele estar formado por 20\/23 alumnos y existe desde que yo, Olalla, la profesora que ocupa la plaza, llegu\u00e9 a este conservatorio en 2012.<\/span><\/p>\n<p><span style=\"font-family: verdana, geneva, sans-serif\">En este blog pretendo mantener informado al alumnado y sus familias sobre pr\u00f3ximas actuaciones, cambios en el calendario de clases, publicar fotos y v\u00eddeos de los conciertos, subir partituras para los ensembles y se los puedan descargar, as\u00ed como informar de cualquier asunto que pueda resultar de inter\u00e9s.<\/span><\/p>\n<p><span style=\"font-family: verdana, geneva, sans-serif\">Espero que os sea de utilidad y os encontr\u00e9is como en vuestra casa.<\/span><\/p>\n","protected":false},"excerpt":{"rendered":"<p>Bienvenidos al blog de Malletrix. \u00bfQu\u00e9 es Malletrix? Aunque la pregunta correcta ser\u00eda \u00bfqui\u00e9nes son Malletrix? Malletrix son los alumnos de percusi\u00f3n del conservatorio de m\u00fasica \u00abTriana\u00bb, ubicado, como su nombre indica, en el&#46;&#46;&#46;<\/p>\n","protected":false},"author":9748,"featured_media":0,"parent":0,"menu_order":0,"comment_status":"closed","ping_status":"closed","template":"","meta":{"ngg_post_thumbnail":0,"footnotes":""},"aioseo_notices":[],"_links":{"self":[{"href":"https:\/\/blogsaverroes.juntadeandalucia.es\/percusiontriana\/wp-json\/wp\/v2\/pages\/71"}],"collection":[{"href":"https:\/\/blogsaverroes.juntadeandalucia.es\/percusiontriana\/wp-json\/wp\/v2\/pages"}],"about":[{"href":"https:\/\/blogsaverroes.juntadeandalucia.es\/percusiontriana\/wp-json\/wp\/v2\/types\/page"}],"author":[{"embeddable":true,"href":"https:\/\/blogsaverroes.juntadeandalucia.es\/percusiontriana\/wp-json\/wp\/v2\/users\/9748"}],"replies":[{"embeddable":true,"href":"https:\/\/blogsaverroes.juntadeandalucia.es\/percusiontriana\/wp-json\/wp\/v2\/comments?post=71"}],"version-history":[{"count":4,"href":"https:\/\/blogsaverroes.juntadeandalucia.es\/percusiontriana\/wp-json\/wp\/v2\/pages\/71\/revisions"}],"predecessor-version":[{"id":178,"href":"https:\/\/blogsaverroes.juntadeandalucia.es\/percusiontriana\/wp-json\/wp\/v2\/pages\/71\/revisions\/178"}],"wp:attachment":[{"href":"https:\/\/blogsaverroes.juntadeandalucia.es\/percusiontriana\/wp-json\/wp\/v2\/media?parent=71"}],"curies":[{"name":"wp","href":"https:\/\/api.w.org\/{rel}","templated":true}]}}