{"id":232,"date":"2020-05-09T22:17:34","date_gmt":"2020-05-09T20:17:34","guid":{"rendered":"https:\/\/blogsaverroes.juntadeandalucia.es\/personadollespana\/?page_id=232"},"modified":"2020-08-21T11:03:23","modified_gmt":"2020-08-21T09:03:23","slug":"inicio","status":"publish","type":"page","link":"https:\/\/blogsaverroes.juntadeandalucia.es\/personadollespana\/","title":{"rendered":"Inicio"},"content":{"rendered":"<div>&nbsp;<\/div>\n<div>\n<h5 style=\"text-align: justify\"><span data-original-attrs=\"{&quot;style&quot;:&quot;font-size: x-large;&quot;}\"><img loading=\"lazy\" decoding=\"async\" class=\"wp-image-105 alignleft\" src=\"https:\/\/blogsaverroes.juntadeandalucia.es\/personadollespana\/files\/2020\/03\/DSCN2355-300x225.jpg\" alt=\"\" width=\"411\" height=\"309\" srcset=\"https:\/\/blogsaverroes.juntadeandalucia.es\/personadollespana\/files\/2020\/03\/DSCN2355-300x225.jpg 300w, https:\/\/blogsaverroes.juntadeandalucia.es\/personadollespana\/files\/2020\/03\/DSCN2355-768x576.jpg 768w, https:\/\/blogsaverroes.juntadeandalucia.es\/personadollespana\/files\/2020\/03\/DSCN2355.jpg 1024w, https:\/\/blogsaverroes.juntadeandalucia.es\/personadollespana\/files\/2020\/03\/DSCN2355-24x18.jpg 24w, https:\/\/blogsaverroes.juntadeandalucia.es\/personadollespana\/files\/2020\/03\/DSCN2355-36x27.jpg 36w, https:\/\/blogsaverroes.juntadeandalucia.es\/personadollespana\/files\/2020\/03\/DSCN2355-48x36.jpg 48w\" sizes=\"(max-width: 411px) 100vw, 411px\" \/><span style=\"font-size: 14pt\"><strong>Usted est\u00e1 en el sitio web de informaci\u00f3n sobre la metodolog\u00eda PERSONA DOLLS (mu\u00f1ecas persona) de Espa\u00f1a, donde puede familiarizarse con una de las metodolog\u00edas educativas contra el acoso escolar m\u00e1s efectivas del mundo.<\/strong><\/span><\/span><\/h5>\n<\/div>\n<div data-original-attrs=\"{&quot;style&quot;:&quot;text-align: justify;&quot;}\"><span data-original-attrs=\"{&quot;style&quot;:&quot;font-size: x-large;&quot;}\">&nbsp;<\/span><\/div>\n<div style=\"text-align: justify\" data-original-attrs=\"{&quot;style&quot;:&quot;text-align: justify;&quot;}\"><span data-original-attrs=\"{&quot;style&quot;:&quot;font-size: x-large;&quot;}\">La metodolog\u00eda PERSONA DOLL, proviene de los estados Unidos. Se comenz\u00f3 a usar en los a\u00f1os 50, para ayudar en la integraci\u00f3n del alumnado con diversidad \u00e9tnica, ya que en aquellos momentos no se dispon\u00eda de materiales destinados a esta funci\u00f3n. Cada mu\u00f1eco tiene su propio perfil, personalidad e historia basada en las experiencias de los ni\u00f1os y ni\u00f1as. A trav\u00e9s de la visita de las mu\u00f1ecas en clase y de su historia podemos desarrollar la empatia de nuestro alumnado y motivarlos para reaccionar y defenderse por s\u00ed mismos cuando presencian actitudes de injusticia o prejuicio. La metodolog\u00eda es \u00fanica: las mu\u00f1ecas se pueden dise\u00f1ar y los temas se pueden planificar sujetos a las necesidades del grupo en particular.&nbsp;<\/span><br \/>\n<span data-original-attrs=\"{&quot;style&quot;:&quot;font-size: x-large;&quot;}\">Actualmente el CEIP GINES MORATA est\u00e1 participando en un nuevo proyecto Erasmus+ K2292018-1-ES01-KA229-050006,&nbsp;&nbsp;\u00abFOR A RESPECTFUL AND TOLERANT SCHOOL\u00bb. Este proyecto fue solicitado con el objetivo de continuar la difusi\u00f3n de la metodolog\u00eda PERSONA DOLL, que comenzamos a implantar en este centro hace ya 3 a\u00f1os. Convencidos de sus buenos resultados, consideramos interesante compartir nuestra experiencia nuevamente con otros centros europeos y ya nos encontramos trabajando en ello.&nbsp;<\/span><br \/>\n<span data-original-attrs=\"{&quot;style&quot;:&quot;font-size: x-large;&quot;}\">Durante los tres a\u00f1os de desarrollo del anterior proyecto Erasmus+ K219 2015-1-EE01-KA219-013458, la metodolog\u00eda PERSONA DOLL se&nbsp; utiliz\u00f3 y&nbsp;<\/span><\/div>\n<p><img loading=\"lazy\" decoding=\"async\" class=\"wp-image-299 aligncenter\" src=\"https:\/\/blogsaverroes.juntadeandalucia.es\/personadollespana\/files\/2020\/08\/20180112_133359-300x225.jpg\" alt=\"\" width=\"466\" height=\"350\" srcset=\"https:\/\/blogsaverroes.juntadeandalucia.es\/personadollespana\/files\/2020\/08\/20180112_133359-300x225.jpg 300w, https:\/\/blogsaverroes.juntadeandalucia.es\/personadollespana\/files\/2020\/08\/20180112_133359-768x576.jpg 768w, https:\/\/blogsaverroes.juntadeandalucia.es\/personadollespana\/files\/2020\/08\/20180112_133359-1024x768.jpg 1024w, https:\/\/blogsaverroes.juntadeandalucia.es\/personadollespana\/files\/2020\/08\/20180112_133359-24x18.jpg 24w, https:\/\/blogsaverroes.juntadeandalucia.es\/personadollespana\/files\/2020\/08\/20180112_133359-36x27.jpg 36w, https:\/\/blogsaverroes.juntadeandalucia.es\/personadollespana\/files\/2020\/08\/20180112_133359-48x36.jpg 48w\" sizes=\"(max-width: 466px) 100vw, 466px\" \/><\/p>\n<div style=\"text-align: justify\" data-original-attrs=\"{&quot;style&quot;:&quot;text-align: justify;&quot;}\"><span data-original-attrs=\"{&quot;style&quot;:&quot;font-size: x-large;&quot;}\">aplic\u00f3 en 9&nbsp; &nbsp;colegios y escuelas infantiles de diferentes pa\u00edses de Europa con alumnado de entre 3 y 7 a\u00f1os.&nbsp;<\/span><span data-original-attrs=\"{&quot;style&quot;:&quot;font-size: x-large;&quot;}\">Para m\u00e1s informaci\u00f3n sobre el trabajo de cada uno de los socios visite su p\u00e1gina web:&nbsp;<\/span><\/div>\n<div data-original-attrs=\"{&quot;style&quot;:&quot;text-align: justify;&quot;}\">&nbsp;<\/div>\n<div data-original-attrs=\"{&quot;style&quot;:&quot;text-align: justify;&quot;}\">\n<p><span data-original-attrs=\"{&quot;style&quot;:&quot;font-size: x-large;&quot;}\"><a href=\"https:\/\/blogsaverroes.juntadeandalucia.es\/personadollespana\/nuestros-socios\/\" data-original-attrs=\"{&quot;data-original-href&quot;:&quot;https:\/\/personadollespana.blogspot.com.es\/p\/home_31.html&quot;}\">PAGINAS WEB SOCIOS<\/a><\/span><\/p>\n<\/div>\n<div data-original-attrs=\"{&quot;style&quot;:&quot;text-align: justify;&quot;}\">\n<p><span data-original-attrs=\"{&quot;style&quot;:&quot;font-size: x-large;&quot;}\">Los principales objetivos del proyecto y de esta metodolog\u00eda son:<\/span><\/p>\n<\/div>\n<ul>\n<li><span data-original-attrs=\"{&quot;style&quot;:&quot;font-size: x-large;&quot;}\">Prevenir del acoso y la violencia escolar<\/span><\/li>\n<li><span data-original-attrs=\"{&quot;style&quot;:&quot;font-size: x-large;&quot;}\">Desarrollar y mejorar las habilidades sociales de los ni\u00f1os<\/span><\/li>\n<li><span data-original-attrs=\"{&quot;style&quot;:&quot;font-size: x-large;&quot;}\">Aumentar la tolerancia al hacer consciente al alumnado de nuestras diferencias<\/span><\/li>\n<li><span data-original-attrs=\"{&quot;style&quot;:&quot;font-size: x-large;&quot;}\">Incluir a ni\u00f1os y ni\u00f1as con necesidades especiales<\/span><\/li>\n<li><span data-original-attrs=\"{&quot;style&quot;:&quot;font-size: x-large;&quot;}\">Mejorar y desarrollar la metodolog\u00eda PERSONA DOLL a trav\u00e9s de la experiencia pr\u00e1ctica<\/span><\/li>\n<\/ul>\n","protected":false},"excerpt":{"rendered":"<p>&nbsp; Usted est\u00e1 en el sitio web de informaci\u00f3n sobre la metodolog\u00eda PERSONA DOLLS (mu\u00f1ecas persona) de Espa\u00f1a, donde puede familiarizarse con una de las&hellip;<\/p>\n","protected":false},"author":600,"featured_media":0,"parent":0,"menu_order":0,"comment_status":"closed","ping_status":"closed","template":"","meta":{"ngg_post_thumbnail":0,"footnotes":""},"aioseo_notices":[],"_links":{"self":[{"href":"https:\/\/blogsaverroes.juntadeandalucia.es\/personadollespana\/wp-json\/wp\/v2\/pages\/232"}],"collection":[{"href":"https:\/\/blogsaverroes.juntadeandalucia.es\/personadollespana\/wp-json\/wp\/v2\/pages"}],"about":[{"href":"https:\/\/blogsaverroes.juntadeandalucia.es\/personadollespana\/wp-json\/wp\/v2\/types\/page"}],"author":[{"embeddable":true,"href":"https:\/\/blogsaverroes.juntadeandalucia.es\/personadollespana\/wp-json\/wp\/v2\/users\/600"}],"replies":[{"embeddable":true,"href":"https:\/\/blogsaverroes.juntadeandalucia.es\/personadollespana\/wp-json\/wp\/v2\/comments?post=232"}],"version-history":[{"count":6,"href":"https:\/\/blogsaverroes.juntadeandalucia.es\/personadollespana\/wp-json\/wp\/v2\/pages\/232\/revisions"}],"predecessor-version":[{"id":302,"href":"https:\/\/blogsaverroes.juntadeandalucia.es\/personadollespana\/wp-json\/wp\/v2\/pages\/232\/revisions\/302"}],"wp:attachment":[{"href":"https:\/\/blogsaverroes.juntadeandalucia.es\/personadollespana\/wp-json\/wp\/v2\/media?parent=232"}],"curies":[{"name":"wp","href":"https:\/\/api.w.org\/{rel}","templated":true}]}}

<div>&nbsp;</div>
<div>
<h5 style="text-align: justify"><span data-original-attrs="{&quot;style&quot;:&quot;font-size: x-large;&quot;}"><img loading="lazy" decoding="async" class="wp-image-105 alignleft" src="https://blogsaverroes.juntadeandalucia.es/personadollespana/files/2020/03/DSCN2355-300x225.jpg" alt="" width="411" height="309" srcset="https://blogsaverroes.juntadeandalucia.es/personadollespana/files/2020/03/DSCN2355-300x225.jpg 300w, https://blogsaverroes.juntadeandalucia.es/personadollespana/files/2020/03/DSCN2355-768x576.jpg 768w, https://blogsaverroes.juntadeandalucia.es/personadollespana/files/2020/03/DSCN2355.jpg 1024w, https://blogsaverroes.juntadeandalucia.es/personadollespana/files/2020/03/DSCN2355-24x18.jpg 24w, https://blogsaverroes.juntadeandalucia.es/personadollespana/files/2020/03/DSCN2355-36x27.jpg 36w, https://blogsaverroes.juntadeandalucia.es/personadollespana/files/2020/03/DSCN2355-48x36.jpg 48w" sizes="(max-width: 411px) 100vw, 411px" /><span style="font-size: 14pt"><strong>Usted está en el sitio web de información sobre la metodología PERSONA DOLLS (muñecas persona) de España, donde puede familiarizarse con una de las metodologías educativas contra el acoso escolar más efectivas del mundo.</strong></span></span></h5>
</div>
<div data-original-attrs="{&quot;style&quot;:&quot;text-align: justify;&quot;}"><span data-original-attrs="{&quot;style&quot;:&quot;font-size: x-large;&quot;}">&nbsp;</span></div>
<div style="text-align: justify" data-original-attrs="{&quot;style&quot;:&quot;text-align: justify;&quot;}"><span data-original-attrs="{&quot;style&quot;:&quot;font-size: x-large;&quot;}">La metodología PERSONA DOLL, proviene de los estados Unidos. Se comenzó a usar en los años 50, para ayudar en la integración del alumnado con diversidad étnica, ya que en aquellos momentos no se disponía de materiales destinados a esta función. Cada muñeco tiene su propio perfil, personalidad e historia basada en las experiencias de los niños y niñas. A través de la visita de las muñecas en clase y de su historia podemos desarrollar la empatia de nuestro alumnado y motivarlos para reaccionar y defenderse por sí mismos cuando presencian actitudes de injusticia o prejuicio. La metodología es única: las muñecas se pueden diseñar y los temas se pueden planificar sujetos a las necesidades del grupo en particular.&nbsp;</span><br />
<span data-original-attrs="{&quot;style&quot;:&quot;font-size: x-large;&quot;}">Actualmente el CEIP GINES MORATA está participando en un nuevo proyecto Erasmus+ K2292018-1-ES01-KA229-050006,&nbsp;&nbsp;«FOR A RESPECTFUL AND TOLERANT SCHOOL». Este proyecto fue solicitado con el objetivo de continuar la difusión de la metodología PERSONA DOLL, que comenzamos a implantar en este centro hace ya 3 años. Convencidos de sus buenos resultados, consideramos interesante compartir nuestra experiencia nuevamente con otros centros europeos y ya nos encontramos trabajando en ello.&nbsp;</span><br />
<span data-original-attrs="{&quot;style&quot;:&quot;font-size: x-large;&quot;}">Durante los tres años de desarrollo del anterior proyecto Erasmus+ K219 2015-1-EE01-KA219-013458, la metodología PERSONA DOLL se&nbsp; utilizó y&nbsp;</span></div>
<p><img loading="lazy" decoding="async" class="wp-image-299 aligncenter" src="https://blogsaverroes.juntadeandalucia.es/personadollespana/files/2020/08/20180112_133359-300x225.jpg" alt="" width="466" height="350" srcset="https://blogsaverroes.juntadeandalucia.es/personadollespana/files/2020/08/20180112_133359-300x225.jpg 300w, https://blogsaverroes.juntadeandalucia.es/personadollespana/files/2020/08/20180112_133359-768x576.jpg 768w, https://blogsaverroes.juntadeandalucia.es/personadollespana/files/2020/08/20180112_133359-1024x768.jpg 1024w, https://blogsaverroes.juntadeandalucia.es/personadollespana/files/2020/08/20180112_133359-24x18.jpg 24w, https://blogsaverroes.juntadeandalucia.es/personadollespana/files/2020/08/20180112_133359-36x27.jpg 36w, https://blogsaverroes.juntadeandalucia.es/personadollespana/files/2020/08/20180112_133359-48x36.jpg 48w" sizes="(max-width: 466px) 100vw, 466px" /></p>
<div style="text-align: justify" data-original-attrs="{&quot;style&quot;:&quot;text-align: justify;&quot;}"><span data-original-attrs="{&quot;style&quot;:&quot;font-size: x-large;&quot;}">aplicó en 9&nbsp; &nbsp;colegios y escuelas infantiles de diferentes países de Europa con alumnado de entre 3 y 7 años.&nbsp;</span><span data-original-attrs="{&quot;style&quot;:&quot;font-size: x-large;&quot;}">Para más información sobre el trabajo de cada uno de los socios visite su página web:&nbsp;</span></div>
<div data-original-attrs="{&quot;style&quot;:&quot;text-align: justify;&quot;}">&nbsp;</div>
<div data-original-attrs="{&quot;style&quot;:&quot;text-align: justify;&quot;}">
<p><span data-original-attrs="{&quot;style&quot;:&quot;font-size: x-large;&quot;}"><a href="https://blogsaverroes.juntadeandalucia.es/personadollespana/nuestros-socios/" data-original-attrs="{&quot;data-original-href&quot;:&quot;https://personadollespana.blogspot.com.es/p/home_31.html&quot;}">PAGINAS WEB SOCIOS</a></span></p>
</div>
<div data-original-attrs="{&quot;style&quot;:&quot;text-align: justify;&quot;}">
<p><span data-original-attrs="{&quot;style&quot;:&quot;font-size: x-large;&quot;}">Los principales objetivos del proyecto y de esta metodología son:</span></p>
</div>
<ul>
<li><span data-original-attrs="{&quot;style&quot;:&quot;font-size: x-large;&quot;}">Prevenir del acoso y la violencia escolar</span></li>
<li><span data-original-attrs="{&quot;style&quot;:&quot;font-size: x-large;&quot;}">Desarrollar y mejorar las habilidades sociales de los niños</span></li>
<li><span data-original-attrs="{&quot;style&quot;:&quot;font-size: x-large;&quot;}">Aumentar la tolerancia al hacer consciente al alumnado de nuestras diferencias</span></li>
<li><span data-original-attrs="{&quot;style&quot;:&quot;font-size: x-large;&quot;}">Incluir a niños y niñas con necesidades especiales</span></li>
<li><span data-original-attrs="{&quot;style&quot;:&quot;font-size: x-large;&quot;}">Mejorar y desarrollar la metodología PERSONA DOLL a través de la experiencia práctica</span></li>
</ul>

<p>&nbsp; Usted está en el sitio web de información sobre la metodología PERSONA DOLLS (muñecas persona) de España, donde puede familiarizarse con una de las&hellip;</p>
