{"id":330,"date":"2020-09-13T17:27:40","date_gmt":"2020-09-13T15:27:40","guid":{"rendered":"https:\/\/blogsaverroes.juntadeandalucia.es\/personadollespana\/?page_id=330"},"modified":"2020-09-13T17:52:32","modified_gmt":"2020-09-13T15:52:32","slug":"actividades","status":"publish","type":"page","link":"https:\/\/blogsaverroes.juntadeandalucia.es\/personadollespana\/actividades\/","title":{"rendered":"Otras actividades relacionadas con este proyecto"},"content":{"rendered":"<div class=\"blog-posts hfeed\">\n<div class=\"date-outer\">\n<div class=\"date-posts\">\n<div class=\"post-outer\">\n<div class=\"post hentry uncustomized-post-template\" style=\"text-align: left\"><span style=\"font-size: 12pt\">V<a href=\"https:\/\/blogsaverroes.juntadeandalucia.es\/personadollespana\/category\/videoconferencias\/\" target=\"_blank\" rel=\"noopener noreferrer\">IDEO CONFERENCIAS<\/a><\/span><br \/>\nEl contacto del alumnado de los nueve pa\u00edses socios participantes en el alumnado incluy\u00f3 video conferencias en las que ten\u00edan la oportunidad de conocer a los ni\u00f1os y ni\u00f1as de otros pa\u00edses, de apreciar las diferencias de lengua, clima, canciones, etc.<\/div>\n<div>&nbsp;<\/div>\n<div class=\"post hentry uncustomized-post-template\" style=\"text-align: left\"><a href=\"https:\/\/blogsaverroes.juntadeandalucia.es\/personadollespana\/category\/videoconferencias\/\" target=\"_blank\" rel=\"noopener noreferrer\">DIFUSI\u00d3N DE LOS RESULTADOS DEL PROYECTO<\/a><br \/>\nEl proyecto se ha dado a conocer entre toda la comunidad educativa de nuestro centro a trav\u00e9s de diversos medios.<a href=\"https:\/\/personadollespana.blogspot.com\/search\/label\/FAMILIAS\" target=\"_blank\" rel=\"noopener noreferrer\">FAMILIAS<\/a><br \/>\nSe promueve la participaci\u00f3n e implicaci\u00f3n de las familias en la vida del centro y por tanto se les ofrece cumplida informaci\u00f3n de todos los aspectos relacionados con esta metodolog\u00eda y la posibilidad de participar en algunas de las actividades. Los centros participantes intercambiaron informaci\u00f3n sobre como participan las familias en cada uno de ellos.<\/p>\n<p><a href=\"https:\/\/blogsaverroes.juntadeandalucia.es\/personadollespana\/category\/munecas\/\" target=\"_blank\" rel=\"noopener noreferrer\">NUESTRAS MU\u00d1ECAS<\/a><br \/>\nPerfiles de las 6 mu\u00f1ecas utilizadas durante el tiempo de ejecuci\u00f3n del proyecto y descripci\u00f3n del trabajo realizado con ellas en las aulas.&nbsp;<\/p>\n<p><a href=\"https:\/\/blogsaverroes.juntadeandalucia.es\/personadollespana\/category\/reuniones\/\" target=\"_blank\" rel=\"noopener noreferrer\">REUNIONES INTERNACIONALES<\/a><br \/>\nDetalle de las reuniones de formaci\u00f3n, coordinaci\u00f3n y evaluaci\u00f3n realizadas para la puesta en marcha e implementaci\u00f3n del proyecto con la participaci\u00f3n de las escuelas de todos los pa\u00edses socios.<br \/>\n<a href=\"https:\/\/personadollespana.blogspot.com.es\/search\/label\/MUROS\" target=\"_blank\" rel=\"noopener noreferrer\"><br \/>\n<\/a><a href=\"https:\/\/blogsaverroes.juntadeandalucia.es\/personadollespana\/category\/actividades\/\" target=\"_blank\" rel=\"noopener noreferrer\">OTRAS ACTIVIDADES CON ALUMNADO<\/a><br \/>\nEl proyecto desarroll\u00f3 adem\u00e1s de con las mu\u00f1ecas, otras actividades con el alumnado entre ellas el trabajo con las diferencias, las reglas del buen compa\u00f1ero y el muro de soy especial.<\/p>\n<p><a href=\"https:\/\/blogsaverroes.juntadeandalucia.es\/personadollespana\/category\/evaluacion\/\" target=\"_blank\" rel=\"noopener noreferrer\">EVALUACI\u00d3N<\/a><br \/>\nLa evaluaci\u00f3n incluye el seguimiento de la marcha del proyecto y la valoraci\u00f3n de su impacto tanto en el alumnado, como en el profesorado y en el centro.&nbsp;<\/p>\n<div class=\"post-footer-line post-footer-line-1\">\n<div class=\"post-share-buttons goog-inline-block\">&nbsp;<\/div>\n<\/div>\n<div class=\"post-footer-line post-footer-line-2\">&nbsp;<\/div>\n<div class=\"post-footer-line post-footer-line-3\">&nbsp;<\/div>\n<\/div>\n<pre id=\"comments\" class=\"comments\"><a name=\"comments\"><\/a><\/pre>\n<\/div>\n<\/div>\n<\/div>\n<\/div>\n","protected":false},"excerpt":{"rendered":"<p>VIDEO CONFERENCIAS El contacto del alumnado de los nueve pa\u00edses socios participantes en el alumnado incluy\u00f3 video conferencias en las que ten\u00edan la oportunidad de&hellip;<\/p>\n","protected":false},"author":600,"featured_media":0,"parent":0,"menu_order":0,"comment_status":"closed","ping_status":"closed","template":"","meta":{"ngg_post_thumbnail":0,"footnotes":""},"aioseo_notices":[],"_links":{"self":[{"href":"https:\/\/blogsaverroes.juntadeandalucia.es\/personadollespana\/wp-json\/wp\/v2\/pages\/330"}],"collection":[{"href":"https:\/\/blogsaverroes.juntadeandalucia.es\/personadollespana\/wp-json\/wp\/v2\/pages"}],"about":[{"href":"https:\/\/blogsaverroes.juntadeandalucia.es\/personadollespana\/wp-json\/wp\/v2\/types\/page"}],"author":[{"embeddable":true,"href":"https:\/\/blogsaverroes.juntadeandalucia.es\/personadollespana\/wp-json\/wp\/v2\/users\/600"}],"replies":[{"embeddable":true,"href":"https:\/\/blogsaverroes.juntadeandalucia.es\/personadollespana\/wp-json\/wp\/v2\/comments?post=330"}],"version-history":[{"count":6,"href":"https:\/\/blogsaverroes.juntadeandalucia.es\/personadollespana\/wp-json\/wp\/v2\/pages\/330\/revisions"}],"predecessor-version":[{"id":345,"href":"https:\/\/blogsaverroes.juntadeandalucia.es\/personadollespana\/wp-json\/wp\/v2\/pages\/330\/revisions\/345"}],"wp:attachment":[{"href":"https:\/\/blogsaverroes.juntadeandalucia.es\/personadollespana\/wp-json\/wp\/v2\/media?parent=330"}],"curies":[{"name":"wp","href":"https:\/\/api.w.org\/{rel}","templated":true}]}}