{"id":89,"date":"2022-11-27T13:59:09","date_gmt":"2022-11-27T12:59:09","guid":{"rendered":"https:\/\/blogsaverroes.juntadeandalucia.es\/pianoblog\/?page_id=89"},"modified":"2022-11-27T13:59:09","modified_gmt":"2022-11-27T12:59:09","slug":"transformacion-digital-educativa-en-cem-macarena","status":"publish","type":"page","link":"https:\/\/blogsaverroes.juntadeandalucia.es\/pianoblog\/transformacion-digital-educativa-en-cem-macarena\/","title":{"rendered":"Transformaci\u00f3n digital educativa en CEM MACARENA"},"content":{"rendered":"<p align=\"JUSTIFY\">Este espacio est\u00e1 dedicado a la difusi\u00f3n de las actividades generadas en el grupo de trabajo de transformaci\u00f3n digital que tenemos en nuestro centro (curso 2022 \u2013 2023).<\/p>\n","protected":false},"excerpt":{"rendered":"<p>Este espacio est\u00e1 dedicado a la difusi\u00f3n de las actividades generadas en el grupo de trabajo de transformaci\u00f3n digital que tenemos en nuestro centro (curso 2022 \u2013 2023).<\/p>\n","protected":false},"author":16131,"featured_media":0,"parent":0,"menu_order":0,"comment_status":"closed","ping_status":"closed","template":"","meta":{"ngg_post_thumbnail":0,"footnotes":""},"aioseo_notices":[],"_links":{"self":[{"href":"https:\/\/blogsaverroes.juntadeandalucia.es\/pianoblog\/wp-json\/wp\/v2\/pages\/89"}],"collection":[{"href":"https:\/\/blogsaverroes.juntadeandalucia.es\/pianoblog\/wp-json\/wp\/v2\/pages"}],"about":[{"href":"https:\/\/blogsaverroes.juntadeandalucia.es\/pianoblog\/wp-json\/wp\/v2\/types\/page"}],"author":[{"embeddable":true,"href":"https:\/\/blogsaverroes.juntadeandalucia.es\/pianoblog\/wp-json\/wp\/v2\/users\/16131"}],"replies":[{"embeddable":true,"href":"https:\/\/blogsaverroes.juntadeandalucia.es\/pianoblog\/wp-json\/wp\/v2\/comments?post=89"}],"version-history":[{"count":1,"href":"https:\/\/blogsaverroes.juntadeandalucia.es\/pianoblog\/wp-json\/wp\/v2\/pages\/89\/revisions"}],"predecessor-version":[{"id":91,"href":"https:\/\/blogsaverroes.juntadeandalucia.es\/pianoblog\/wp-json\/wp\/v2\/pages\/89\/revisions\/91"}],"wp:attachment":[{"href":"https:\/\/blogsaverroes.juntadeandalucia.es\/pianoblog\/wp-json\/wp\/v2\/media?parent=89"}],"curies":[{"name":"wp","href":"https:\/\/api.w.org\/{rel}","templated":true}]}}