{"id":337,"date":"2019-03-04T13:43:32","date_gmt":"2019-03-04T13:43:32","guid":{"rendered":"https:\/\/blogsaverroes.juntadeandalucia.es\/plancentroelcastillo\/?page_id=337"},"modified":"2021-07-20T16:47:15","modified_gmt":"2021-07-20T16:47:15","slug":"criterios-para-determinar-los-responsables-de-programas-educativos","status":"publish","type":"page","link":"https:\/\/blogsaverroes.juntadeandalucia.es\/plancentroelcastillo\/?page_id=337","title":{"rendered":"CRITERIOS PARA DETERMINAR  LOS RESPONSABLES  DE LOS \u00d3RGANOS DE COORDINACI\u00d3N DOCENTE Y DE PLANES Y PROGRAMAS. HORARIOS DE DEDICACI\u00d3N."},"content":{"rendered":"<p style=\"text-align: justify\"><span style=\"font-family: verdana, geneva, sans-serif\">&nbsp;&nbsp; La propuesta de <strong>nombramiento de los coordinadores de equipos de ciclo y orientaci\u00f3n<\/strong> lo realizar\u00e1 la direcci\u00f3n del centro con el inicio de curso que corresponda, o\u00edda la opini\u00f3n de la jefatura de estudios.<\/span><\/p>\n<p style=\"text-align: justify\"><span style=\"font-family: verdana, geneva, sans-serif\">El responsable del equipo de orientaci\u00f3n debe ser el maestro o maestra de Pedagog\u00eda Terap\u00e9utica del centro.<\/span><\/p>\n<p style=\"text-align: justify\"><span style=\"font-family: verdana, geneva, sans-serif\">El responsable del equipo de ciclo, seg\u00fan establece la normativa, debe ser nombrado por un per\u00edodo de dos cursos, no obstante, en la medida de lo posible y si el servicio de Gesti\u00f3n de Recursos Humanos de la DT lo autoriza, la propuesta de&nbsp; nombramiento&nbsp; recaer\u00e1 sobre el\/la docente que se encargue del apoyo.<\/span><\/p>\n<p style=\"text-align: justify\">&nbsp;<\/p>\n<p style=\"text-align: justify\"><span style=\"font-family: verdana, geneva, sans-serif\">&nbsp;&nbsp; El <strong>nombramiento de los oportunos responsables de planes y programas<\/strong>&nbsp; lo realizar\u00e1 la direcci\u00f3n del centro con el inicio de cada curso, o\u00eddas las opiniones de los interesados, teniendo en cuenta una serie de cuestiones:<\/span><\/p>\n<p style=\"text-align: justify\"><span style=\"font-family: verdana, geneva, sans-serif\">-Ha de ser prioritaria la continuidad de una persona como responsable de cada uno de los planes y programas solicitados, por ello se tender\u00e1 a que sea un\/a docente con puesto definitivo en el centro y sobre que no tenga perspectivas de cambio.<\/span><\/p>\n<p style=\"text-align: justify\"><span style=\"font-family: verdana, geneva, sans-serif\">-Se tendr\u00e1 en cuenta el haber dise\u00f1ado y elaborado el proyecto&nbsp; en cuesti\u00f3n para ser responsable del programa o plan correspondiente.<\/span><\/p>\n<p style=\"text-align: justify\"><span style=\"font-family: verdana, geneva, sans-serif\">-Debe disponer de experiencia y formaci\u00f3n en el tema.<\/span><\/p>\n<p style=\"text-align: justify\"><span style=\"font-family: verdana, geneva, sans-serif\">-Debe conocer herramientas inform\u00e1ticas que le permitan la elaboraci\u00f3n de materiales, compartirlos con el resto del profesorado as\u00ed como participar en las oportunas plataformas que al respecto pongan en marcha las administraciones.<\/span><\/p>\n<p style=\"text-align: justify\"><span style=\"font-family: verdana, geneva, sans-serif\">-En el caso de baja prolongada ser\u00e1 preferentemente un miembro del equipo directivo quien asuma las tareas que le sean propias.<\/span><\/p>\n<p style=\"text-align: justify\">&nbsp;<\/p>\n<p style=\"text-align: justify\"><span style=\"font-family: verdana, geneva, sans-serif\">&nbsp;&nbsp; La jefatura de estudios, en colaboraci\u00f3n con la direcci\u00f3n del centro establecer\u00e1n el horario de dedicaci\u00f3n de los responsables de \u00f3rganos de coordinaci\u00f3n y proyectos, partiendo de lo que la normativa establezca en cada momento al respecto.<\/span><\/p>\n<p style=\"text-align: justify\"><span style=\"font-family: verdana, geneva, sans-serif\">En el caso de que la normativa no contemple reducci\u00f3n horaria para los responsables de los \u00f3rganos de coordinaci\u00f3n y la situaci\u00f3n del centro pueda ofrecerla sin desatender otras necesidades, podr\u00e1n disponer de un m\u00e1ximo de una hora y media semanal para desarrollar las tareas que la normativa establece; esta actuaci\u00f3n ha de entenderse dentro de la autonom\u00eda organizativa del centro, pudiendo y debiendo suspenderse temporalmente o reducirse, por motivos de falta de personal. Ser\u00e1 \u00e9sta una decisi\u00f3n y una actuaci\u00f3n a definir, que corresponda a la jefatura de estudios y a la direcci\u00f3n.<\/span><\/p>\n<p style=\"text-align: justify\"><span style=\"font-family: verdana, geneva, sans-serif\">Para referirnos al horario de dedicaci\u00f3n a tareas propias de coordinaci\u00f3n de planes, solo se contemplar\u00e1n las reducciones horarias que establezca la normativa.<\/span><\/p>\n<p style=\"text-align: justify\"><span style=\"font-family: verdana, geneva, sans-serif\">El objetivo primero y \u00faltimo que se persiga con la posible reducci\u00f3n temporal de los horarios dedicados a coordinaci\u00f3n de equipos y proyectos ser\u00e1 el adecuado desarrollo del Plan de Refuerzo.<\/span><\/p>\n<p style=\"text-align: justify\">&nbsp;<\/p>\n<p style=\"text-align: justify\"><span style=\"font-family: verdana, geneva, sans-serif\">La situaciones excepcionales que afecten&nbsp; a este apartado y no est\u00e9n contempladas en normativa ser\u00e1n concretadas y aprobadas por la direcci\u00f3n del centro.<\/span><\/p>\n","protected":false},"excerpt":{"rendered":"<p>&nbsp;&nbsp; La propuesta de nombramiento de los coordinadores de equipos de ciclo y orientaci\u00f3n lo realizar\u00e1 la direcci\u00f3n del centro con el inicio de curso que corresponda, o\u00edda la opini\u00f3n de la jefatura de&#46;&#46;&#46;<\/p>\n","protected":false},"author":3249,"featured_media":0,"parent":15,"menu_order":17,"comment_status":"closed","ping_status":"closed","template":"","meta":{"ngg_post_thumbnail":0,"footnotes":""},"aioseo_notices":[],"_links":{"self":[{"href":"https:\/\/blogsaverroes.juntadeandalucia.es\/plancentroelcastillo\/index.php?rest_route=\/wp\/v2\/pages\/337"}],"collection":[{"href":"https:\/\/blogsaverroes.juntadeandalucia.es\/plancentroelcastillo\/index.php?rest_route=\/wp\/v2\/pages"}],"about":[{"href":"https:\/\/blogsaverroes.juntadeandalucia.es\/plancentroelcastillo\/index.php?rest_route=\/wp\/v2\/types\/page"}],"author":[{"embeddable":true,"href":"https:\/\/blogsaverroes.juntadeandalucia.es\/plancentroelcastillo\/index.php?rest_route=\/wp\/v2\/users\/3249"}],"replies":[{"embeddable":true,"href":"https:\/\/blogsaverroes.juntadeandalucia.es\/plancentroelcastillo\/index.php?rest_route=%2Fwp%2Fv2%2Fcomments&post=337"}],"version-history":[{"count":5,"href":"https:\/\/blogsaverroes.juntadeandalucia.es\/plancentroelcastillo\/index.php?rest_route=\/wp\/v2\/pages\/337\/revisions"}],"predecessor-version":[{"id":803,"href":"https:\/\/blogsaverroes.juntadeandalucia.es\/plancentroelcastillo\/index.php?rest_route=\/wp\/v2\/pages\/337\/revisions\/803"}],"up":[{"embeddable":true,"href":"https:\/\/blogsaverroes.juntadeandalucia.es\/plancentroelcastillo\/index.php?rest_route=\/wp\/v2\/pages\/15"}],"wp:attachment":[{"href":"https:\/\/blogsaverroes.juntadeandalucia.es\/plancentroelcastillo\/index.php?rest_route=%2Fwp%2Fv2%2Fmedia&parent=337"}],"curies":[{"name":"wp","href":"https:\/\/api.w.org\/{rel}","templated":true}]}}