{"id":405,"date":"2019-03-20T09:43:56","date_gmt":"2019-03-20T09:43:56","guid":{"rendered":"https:\/\/blogsaverroes.juntadeandalucia.es\/plancentroelcastillo\/?page_id=405"},"modified":"2021-07-27T12:26:50","modified_gmt":"2021-07-27T12:26:50","slug":"participacion-del-alumnado","status":"publish","type":"page","link":"https:\/\/blogsaverroes.juntadeandalucia.es\/plancentroelcastillo\/?page_id=405","title":{"rendered":"PARTICIPACI\u00d3N DEL ALUMNADO"},"content":{"rendered":"<p style=\"text-align: justify\"><span style=\"font-family: verdana, geneva, sans-serif\"><span style=\"color: #ff0000\"><strong>1.-<\/strong><\/span>Si bien la edad de nuestro alumnado impide su participaci\u00f3n en los \u00e1mbitos de gesti\u00f3n del centro, es evidente que toda la vida del mismo gira en torno a ellos, a su educaci\u00f3n, a su bienestar y a su integraci\u00f3n paulatina&nbsp; en el medio escolar. De alg\u00fan modo, a trav\u00e9s de sus intereses y sus actitudes, inciden en la organizaci\u00f3n de la Escuela, en su personalidad y en su temperamento, condicionan pautas de acci\u00f3n de tutores, familias y en general de toda la comunidad educativa.<\/span><\/p>\n","protected":false},"excerpt":{"rendered":"<p>1.-Si bien la edad de nuestro alumnado impide su participaci\u00f3n en los \u00e1mbitos de gesti\u00f3n del centro, es evidente que toda la vida del mismo gira en torno a ellos, a su educaci\u00f3n, a&#46;&#46;&#46;<\/p>\n","protected":false},"author":3249,"featured_media":0,"parent":473,"menu_order":3,"comment_status":"closed","ping_status":"closed","template":"","meta":{"ngg_post_thumbnail":0,"footnotes":""},"aioseo_notices":[],"_links":{"self":[{"href":"https:\/\/blogsaverroes.juntadeandalucia.es\/plancentroelcastillo\/index.php?rest_route=\/wp\/v2\/pages\/405"}],"collection":[{"href":"https:\/\/blogsaverroes.juntadeandalucia.es\/plancentroelcastillo\/index.php?rest_route=\/wp\/v2\/pages"}],"about":[{"href":"https:\/\/blogsaverroes.juntadeandalucia.es\/plancentroelcastillo\/index.php?rest_route=\/wp\/v2\/types\/page"}],"author":[{"embeddable":true,"href":"https:\/\/blogsaverroes.juntadeandalucia.es\/plancentroelcastillo\/index.php?rest_route=\/wp\/v2\/users\/3249"}],"replies":[{"embeddable":true,"href":"https:\/\/blogsaverroes.juntadeandalucia.es\/plancentroelcastillo\/index.php?rest_route=%2Fwp%2Fv2%2Fcomments&post=405"}],"version-history":[{"count":6,"href":"https:\/\/blogsaverroes.juntadeandalucia.es\/plancentroelcastillo\/index.php?rest_route=\/wp\/v2\/pages\/405\/revisions"}],"predecessor-version":[{"id":885,"href":"https:\/\/blogsaverroes.juntadeandalucia.es\/plancentroelcastillo\/index.php?rest_route=\/wp\/v2\/pages\/405\/revisions\/885"}],"up":[{"embeddable":true,"href":"https:\/\/blogsaverroes.juntadeandalucia.es\/plancentroelcastillo\/index.php?rest_route=\/wp\/v2\/pages\/473"}],"wp:attachment":[{"href":"https:\/\/blogsaverroes.juntadeandalucia.es\/plancentroelcastillo\/index.php?rest_route=%2Fwp%2Fv2%2Fmedia&parent=405"}],"curies":[{"name":"wp","href":"https:\/\/api.w.org\/{rel}","templated":true}]}}

PARTICIPACIÓN DEL ALUMNADO

<p style="text-align: justify"><span style="font-family: verdana, geneva, sans-serif"><span style="color: #ff0000"><strong>1.-</strong></span>Si bien la edad de nuestro alumnado impide su participación en los ámbitos de gestión del centro, es evidente que toda la vida del mismo gira en torno a ellos, a su educación, a su bienestar y a su integración paulatina&nbsp; en el medio escolar. De algún modo, a través de sus intereses y sus actitudes, inciden en la organización de la Escuela, en su personalidad y en su temperamento, condicionan pautas de acción de tutores, familias y en general de toda la comunidad educativa.</span></p>

<p>1.-Si bien la edad de nuestro alumnado impide su participación en los ámbitos de gestión del centro, es evidente que toda la vida del mismo gira en torno a ellos, a su educación, a&#46;&#46;&#46;</p>
