{"id":413,"date":"2019-03-20T09:48:14","date_gmt":"2019-03-20T09:48:14","guid":{"rendered":"https:\/\/blogsaverroes.juntadeandalucia.es\/plancentroelcastillo\/?page_id=413"},"modified":"2021-07-27T15:48:42","modified_gmt":"2021-07-27T15:48:42","slug":"el-equipo-directivo","status":"publish","type":"page","link":"https:\/\/blogsaverroes.juntadeandalucia.es\/plancentroelcastillo\/?page_id=413","title":{"rendered":"EL EQUIPO DIRECTIVO"},"content":{"rendered":"<p style=\"text-align: justify\"><span style=\"font-family: verdana, geneva, sans-serif\"><strong><span style=\"color: #0000ff\"><span style=\"text-decoration: underline\">ART\u00cdCULO 42.<\/span> Funciones<\/span><\/strong><\/span><\/p>\n<p style=\"text-align: justify\"><span style=\"font-family: verdana, geneva, sans-serif\"><strong><span style=\"color: #ff0000\">1.-<\/span><\/strong>El equipo directivo de nuestro centro es el \u00f3rgano ejecutivo de gobierno del mismo y trabajar\u00e1 de forma coordinada en el desempe\u00f1o de las funciones que tiene encomendadas, conforme a las instrucciones de la persona que ocupe la direcci\u00f3n y a las funciones espec\u00edficas legalmente establecidas.<\/span><\/p>\n<p style=\"text-align: justify\"><span style=\"font-family: verdana, geneva, sans-serif\"><strong><span style=\"color: #ff0000\">2.-<\/span><\/strong>El equipo directivo tendr\u00e1 las siguientes funciones:<\/span><\/p>\n<p style=\"padding-left: 60px;text-align: justify\"><span style=\"font-size: 12pt;font-family: verdana, geneva, sans-serif\">-Velar por el buen funcionamiento del centro.<\/span><\/p>\n<p style=\"padding-left: 60px;text-align: justify\"><span style=\"font-size: 12pt;font-family: verdana, geneva, sans-serif\">-Establecer el horario que corresponde a cada \u00e1rea y, en general, el de cualquier otra actividad docente y no docente.<\/span><\/p>\n<p style=\"padding-left: 60px;text-align: justify\"><span style=\"font-size: 12pt;font-family: verdana, geneva, sans-serif\">Adoptar las medidas necesarias para la ejecuci\u00f3n coordinada de los acuerdos adoptados por el Consejo Escolar y el Claustro de Profesorado, as\u00ed como velar por el cumplimiento de las decisiones de los \u00f3rganos de coordinaci\u00f3n docente, en el \u00e1mbito de sus respectivas competencias.<\/span><\/p>\n<p style=\"padding-left: 60px;text-align: justify\"><span style=\"font-size: 12pt;font-family: verdana, geneva, sans-serif\">-Elaborar el Plan de Centro y la memoria de autoevaluaci\u00f3n<\/span><\/p>\n<p style=\"padding-left: 60px;text-align: justify\"><span style=\"font-size: 12pt;font-family: verdana, geneva, sans-serif\">-Impulsar la actuaci\u00f3n coordinada del centro con el resto de centros docentes de la localidad y en especial con el centro de primaria al que estamos adscritos.<\/span><\/p>\n<p style=\"padding-left: 60px;text-align: justify\"><span style=\"font-size: 12pt;font-family: verdana, geneva, sans-serif\">-Favorecer la participaci\u00f3n del centro en redes de centros que promuevan planes y proyectos educativos para la mejora permanente de la ense\u00f1anza.<\/span><\/p>\n<p style=\"padding-left: 60px;text-align: justify\"><span style=\"font-size: 12pt;font-family: verdana, geneva, sans-serif\">-Colaborar con la Consejer\u00eda competente en materia de educaci\u00f3n en aquellos \u00f3rganos de participaci\u00f3n que, a tales efectos, se establezcan.<\/span><\/p>\n<p style=\"padding-left: 60px;text-align: justify\"><span style=\"font-size: 12pt;font-family: verdana, geneva, sans-serif\">-Cumplimentar la documentaci\u00f3n solicitada por los \u00f3rganos y entidades dependientes de la Consejer\u00eda competente en materia de educaci\u00f3n.<\/span><\/p>\n<p style=\"text-align: justify\">&nbsp;<\/p>\n<p style=\"text-align: justify\"><span style=\"font-family: verdana, geneva, sans-serif\"><strong><span style=\"color: #0000ff\"><span style=\"text-decoration: underline\">ART\u00cdCULO 43<\/span>. Composici\u00f3n<\/span><\/strong><\/span><\/p>\n<p style=\"text-align: justify\"><span style=\"font-family: verdana, geneva, sans-serif\"><strong><span style=\"color: #ff0000\">1.-<\/span><\/strong>El equipo directivo de nuestro centro estar\u00e1 integrado por: director\/a, secretario\/a y jefe\/a de estudios.<\/span><\/p>\n<p style=\"text-align: justify\"><span style=\"font-family: verdana, geneva, sans-serif\"><strong><span style=\"color: #ff0000\">2.-<\/span><\/strong>En el caso de que, se reduzca el n\u00famero de unidades del centro y cambie de tipolog\u00eda, tal y como establece la normativa, el equipo directivo estar\u00e1 constituido por una sola persona, la direcci\u00f3n.<\/span><\/p>\n<p style=\"text-align: justify\">&nbsp;<\/p>\n<p style=\"text-align: justify\"><span style=\"font-family: verdana, geneva, sans-serif\"><strong><span style=\"color: #0000ff\"><span style=\"text-decoration: underline\">ART\u00cdCULO 44.<\/span> R\u00e9gimen de suplencias dentro del equipo directivo<\/span><\/strong><\/span><\/p>\n<p style=\"text-align: justify\"><span style=\"font-family: verdana, geneva, sans-serif\"><strong><span style=\"color: #ff0000\">1.-<\/span><\/strong>En caso de vacante, ausencia o enfermedad, la direcci\u00f3n de este centro ser\u00e1 suplida temporalmente por la jefatura de estudios.<\/span><\/p>\n<p style=\"text-align: justify\"><span style=\"font-family: verdana, geneva, sans-serif\"><strong><span style=\"color: #ff0000\">2.-<\/span><\/strong>En caso de vacante, ausencia o enfermedad, la jefatura de estudios y la secretar\u00eda ser\u00e1n suplidas temporalmente por el maestro o maestra que designe la direcci\u00f3n, que informar\u00e1 de su decisi\u00f3n al Consejo Escolar.<\/span><\/p>\n<p>&nbsp;<\/p>\n","protected":false},"excerpt":{"rendered":"<p>ART\u00cdCULO 42. Funciones 1.-El equipo directivo de nuestro centro es el \u00f3rgano ejecutivo de gobierno del mismo y trabajar\u00e1 de forma coordinada en el desempe\u00f1o de las funciones que tiene encomendadas, conforme a las&#46;&#46;&#46;<\/p>\n","protected":false},"author":3249,"featured_media":0,"parent":480,"menu_order":2,"comment_status":"closed","ping_status":"closed","template":"","meta":{"ngg_post_thumbnail":0,"footnotes":""},"aioseo_notices":[],"_links":{"self":[{"href":"https:\/\/blogsaverroes.juntadeandalucia.es\/plancentroelcastillo\/index.php?rest_route=\/wp\/v2\/pages\/413"}],"collection":[{"href":"https:\/\/blogsaverroes.juntadeandalucia.es\/plancentroelcastillo\/index.php?rest_route=\/wp\/v2\/pages"}],"about":[{"href":"https:\/\/blogsaverroes.juntadeandalucia.es\/plancentroelcastillo\/index.php?rest_route=\/wp\/v2\/types\/page"}],"author":[{"embeddable":true,"href":"https:\/\/blogsaverroes.juntadeandalucia.es\/plancentroelcastillo\/index.php?rest_route=\/wp\/v2\/users\/3249"}],"replies":[{"embeddable":true,"href":"https:\/\/blogsaverroes.juntadeandalucia.es\/plancentroelcastillo\/index.php?rest_route=%2Fwp%2Fv2%2Fcomments&post=413"}],"version-history":[{"count":4,"href":"https:\/\/blogsaverroes.juntadeandalucia.es\/plancentroelcastillo\/index.php?rest_route=\/wp\/v2\/pages\/413\/revisions"}],"predecessor-version":[{"id":891,"href":"https:\/\/blogsaverroes.juntadeandalucia.es\/plancentroelcastillo\/index.php?rest_route=\/wp\/v2\/pages\/413\/revisions\/891"}],"up":[{"embeddable":true,"href":"https:\/\/blogsaverroes.juntadeandalucia.es\/plancentroelcastillo\/index.php?rest_route=\/wp\/v2\/pages\/480"}],"wp:attachment":[{"href":"https:\/\/blogsaverroes.juntadeandalucia.es\/plancentroelcastillo\/index.php?rest_route=%2Fwp%2Fv2%2Fmedia&parent=413"}],"curies":[{"name":"wp","href":"https:\/\/api.w.org\/{rel}","templated":true}]}}

<p style="text-align: justify"><span style="font-family: verdana, geneva, sans-serif"><strong><span style="color: #0000ff"><span style="text-decoration: underline">ARTÍCULO 42.</span> Funciones</span></strong></span></p>
<p style="text-align: justify"><span style="font-family: verdana, geneva, sans-serif"><strong><span style="color: #ff0000">1.-</span></strong>El equipo directivo de nuestro centro es el órgano ejecutivo de gobierno del mismo y trabajará de forma coordinada en el desempeño de las funciones que tiene encomendadas, conforme a las instrucciones de la persona que ocupe la dirección y a las funciones específicas legalmente establecidas.</span></p>
<p style="text-align: justify"><span style="font-family: verdana, geneva, sans-serif"><strong><span style="color: #ff0000">2.-</span></strong>El equipo directivo tendrá las siguientes funciones:</span></p>
<p style="padding-left: 60px;text-align: justify"><span style="font-size: 12pt;font-family: verdana, geneva, sans-serif">-Velar por el buen funcionamiento del centro.</span></p>
<p style="padding-left: 60px;text-align: justify"><span style="font-size: 12pt;font-family: verdana, geneva, sans-serif">-Establecer el horario que corresponde a cada área y, en general, el de cualquier otra actividad docente y no docente.</span></p>
<p style="padding-left: 60px;text-align: justify"><span style="font-size: 12pt;font-family: verdana, geneva, sans-serif">Adoptar las medidas necesarias para la ejecución coordinada de los acuerdos adoptados por el Consejo Escolar y el Claustro de Profesorado, así como velar por el cumplimiento de las decisiones de los órganos de coordinación docente, en el ámbito de sus respectivas competencias.</span></p>
<p style="padding-left: 60px;text-align: justify"><span style="font-size: 12pt;font-family: verdana, geneva, sans-serif">-Elaborar el Plan de Centro y la memoria de autoevaluación</span></p>
<p style="padding-left: 60px;text-align: justify"><span style="font-size: 12pt;font-family: verdana, geneva, sans-serif">-Impulsar la actuación coordinada del centro con el resto de centros docentes de la localidad y en especial con el centro de primaria al que estamos adscritos.</span></p>
<p style="padding-left: 60px;text-align: justify"><span style="font-size: 12pt;font-family: verdana, geneva, sans-serif">-Favorecer la participación del centro en redes de centros que promuevan planes y proyectos educativos para la mejora permanente de la enseñanza.</span></p>
<p style="padding-left: 60px;text-align: justify"><span style="font-size: 12pt;font-family: verdana, geneva, sans-serif">-Colaborar con la Consejería competente en materia de educación en aquellos órganos de participación que, a tales efectos, se establezcan.</span></p>
<p style="padding-left: 60px;text-align: justify"><span style="font-size: 12pt;font-family: verdana, geneva, sans-serif">-Cumplimentar la documentación solicitada por los órganos y entidades dependientes de la Consejería competente en materia de educación.</span></p>
<p style="text-align: justify">&nbsp;</p>
<p style="text-align: justify"><span style="font-family: verdana, geneva, sans-serif"><strong><span style="color: #0000ff"><span style="text-decoration: underline">ARTÍCULO 43</span>. Composición</span></strong></span></p>
<p style="text-align: justify"><span style="font-family: verdana, geneva, sans-serif"><strong><span style="color: #ff0000">1.-</span></strong>El equipo directivo de nuestro centro estará integrado por: director/a, secretario/a y jefe/a de estudios.</span></p>
<p style="text-align: justify"><span style="font-family: verdana, geneva, sans-serif"><strong><span style="color: #ff0000">2.-</span></strong>En el caso de que, se reduzca el número de unidades del centro y cambie de tipología, tal y como establece la normativa, el equipo directivo estará constituido por una sola persona, la dirección.</span></p>
<p style="text-align: justify">&nbsp;</p>
<p style="text-align: justify"><span style="font-family: verdana, geneva, sans-serif"><strong><span style="color: #0000ff"><span style="text-decoration: underline">ARTÍCULO 44.</span> Régimen de suplencias dentro del equipo directivo</span></strong></span></p>
<p style="text-align: justify"><span style="font-family: verdana, geneva, sans-serif"><strong><span style="color: #ff0000">1.-</span></strong>En caso de vacante, ausencia o enfermedad, la dirección de este centro será suplida temporalmente por la jefatura de estudios.</span></p>
<p style="text-align: justify"><span style="font-family: verdana, geneva, sans-serif"><strong><span style="color: #ff0000">2.-</span></strong>En caso de vacante, ausencia o enfermedad, la jefatura de estudios y la secretaría serán suplidas temporalmente por el maestro o maestra que designe la dirección, que informará de su decisión al Consejo Escolar.</span></p>
<p>&nbsp;</p>

<p>ARTÍCULO 42. Funciones 1.-El equipo directivo de nuestro centro es el órgano ejecutivo de gobierno del mismo y trabajará de forma coordinada en el desempeño de las funciones que tiene encomendadas, conforme a las&#46;&#46;&#46;</p>
