{"id":427,"date":"2019-03-20T09:52:04","date_gmt":"2019-03-20T09:52:04","guid":{"rendered":"https:\/\/blogsaverroes.juntadeandalucia.es\/plancentroelcastillo\/?page_id=427"},"modified":"2021-07-25T16:59:59","modified_gmt":"2021-07-25T16:59:59","slug":"la-convivencia","status":"publish","type":"page","link":"https:\/\/blogsaverroes.juntadeandalucia.es\/plancentroelcastillo\/?page_id=427","title":{"rendered":"LA CONVIVENCIA"},"content":{"rendered":"<h5 style=\"text-align: justify\"><span style=\"font-family: verdana, geneva, sans-serif;font-size: 12pt\"><strong><span style=\"color: #0000ff\"><span style=\"text-decoration: underline\">ART\u00cdCULO 67.<\/span> Necesidad de normas, su cumplimiento.<\/span><\/strong><\/span><\/h5>\n<p style=\"text-align: justify\"><span style=\"font-family: verdana, geneva, sans-serif\"><span style=\"color: #ff0000\"><strong> 1.-<\/strong><\/span>Con la finalidad de mantener una adecuada convivencia en esta comunidad educativa, se hace necesario establecer una serie de normas de obligado cumplimiento para todos los sectores, estas normas quedar\u00e1n definidas en el Plan de Convivencia incluido en el proyecto educativo del centro.<\/span><\/p>\n<p style=\"text-align: justify\"><span style=\"font-family: verdana, geneva, sans-serif\"><span style=\"color: #ff0000\"><b> 2.-<\/b><\/span>Las familias tendr\u00e1n informaci\u00f3n de las normas de convivencia del centro y aula, \u00e9stas \u00faltimas deben ser trabajadas en el aula de manera espec\u00edfica y planificada por el responsable de la tutor\u00eda.<\/span><\/p>\n<h5 style=\"text-align: justify\">&nbsp;<\/h5>\n<h5 style=\"text-align: justify\"><span style=\"font-family: verdana, geneva, sans-serif;font-size: 12pt\"><strong><span style=\"color: #0000ff\"><span style=\"text-decoration: underline\">ART\u00cdCULO 68<\/span>. Seguimiento de la convivencia.<\/span><\/strong><\/span><\/h5>\n<p style=\"text-align: justify\"><span style=\"font-family: verdana, geneva, sans-serif;font-size: 12pt\"><strong><span style=\"color: #ff0000\">1.-<\/span><\/strong>El seguimiento de la convivencia se realizar\u00e1 peri\u00f3dicamente en el seno del consejo escolar y conforme a lo establecido en el referido Plan.<\/span><\/p>\n<p style=\"text-align: justify\"><span style=\"font-family: verdana, geneva, sans-serif;font-size: 12pt\"><strong><span style=\"color: #ff0000\">2.-<\/span><\/strong>Cualquier circunstancia detectada en el centro y que pueda afectar a la convivencia en el centro, debe ser comunicada inmediatamente por el personal del centro a la direcci\u00f3n.<\/span><\/p>\n<p style=\"text-align: justify\"><span style=\"font-family: verdana, geneva, sans-serif;font-size: 12pt\"><b>&nbsp;<\/b><\/span><\/p>\n<h5 style=\"text-align: justify\"><span style=\"font-family: verdana, geneva, sans-serif;font-size: 12pt\"><strong><span style=\"color: #0000ff\"><span style=\"text-decoration: underline\">ART\u00cdCULO 69<\/span>. Sanciones y correcciones.<\/span><\/strong><\/span><\/h5>\n<p style=\"text-align: justify\"><span style=\"font-family: verdana, geneva, sans-serif;font-size: 12pt\"><strong><span style=\"color: #ff0000\">1.-<\/span><\/strong>El incumplimiento de las normas de convivencia, correcciones, medidas disciplinarias, \u00f3rganos competentes para imponer correcciones, procedimientos y recursos ser\u00e1n las contempladas en el&nbsp; Decreto 328\/2010 de 13 de julio en sus art\u00edculos 30 a 46.<\/span><\/p>\n<p style=\"text-align: justify\">&nbsp;<\/p>\n<h5 style=\"text-align: justify\"><span style=\"color: #0000ff;font-family: verdana, geneva, sans-serif;font-size: 12pt\"><strong><span style=\"text-decoration: underline\">ART\u00cdCULO 70<\/span>. Compromisos educativos\/de convivencia<\/strong><\/span><\/h5>\n<p style=\"text-align: justify\"><span style=\"font-family: verdana, geneva, sans-serif\"><strong><span style=\"color: #ff0000\"> 1.-<\/span><\/strong>Los compromisos educativos tienen por objeto estimular y apoyar el proceso educativo del alumnado que presente dificultades de aprendizaje y estrechar la colaboraci\u00f3n de sus familias con el profesorado que lo atiende. Los tutores del alumnado referido deben plantearse la utilidad de este recurso para la mejora de los rendimientos escolares y proponer a las familias estos compromisos, ya sea por escrito o de manera verbal dejando constancia en el cuaderno de tutor\u00eda.<\/span><\/p>\n<p style=\"text-align: justify\">&nbsp;<\/p>\n<h5 style=\"text-align: justify\"><span style=\"font-family: verdana, geneva, sans-serif;font-size: 12pt\"><strong><span style=\"color: #0000ff\"><span style=\"text-decoration: underline\">ART\u00cdCULO 71.<\/span> Posibles&nbsp; casos de acoso escolar.<\/span><\/strong><\/span><\/h5>\n<p style=\"text-align: justify\"><span style=\"font-family: verdana, geneva, sans-serif;font-size: 12pt\"><strong><span style=\"color: #ff0000\">1.-<\/span><\/strong>El acoso escolar es entendido como un maltrato psicol\u00f3gico, verbal o f\u00edsico hacia el alumnado, de manera reiterada a lo largo de un tiempo determinado.<\/span><\/p>\n<p style=\"text-align: justify\"><span style=\"font-family: verdana, geneva, sans-serif;font-size: 12pt\"><strong><span style=\"color: #ff0000\">2.-<\/span><\/strong>Para protocolo de actuaci\u00f3n estaremos a lo dispuesto en la normativa que regula la convivencia, Orden de 20 de junio de 2011 y Orden de 28 de abril de 2015 que modifica la primera.<\/span><\/p>\n<p style=\"text-align: justify\">&nbsp;<\/p>\n<h5 style=\"text-align: justify\"><span style=\"font-family: verdana, geneva, sans-serif;font-size: 12pt\"><strong><span style=\"color: #0000ff\"><span style=\"text-decoration: underline\">ART\u00cdCULO 72<\/span>. Posibles casos de maltrato infantil.<\/span><\/strong><\/span><\/h5>\n<p style=\"text-align: justify\"><span style=\"font-family: verdana, geneva, sans-serif;font-size: 12pt\"><strong><span style=\"color: #ff0000\">1.-<\/span><\/strong>Se entender\u00e1 por maltrato infantil cualquier acci\u00f3n, omisi\u00f3n o trato negligente, no accidental por parte de padres, madres, cuidadores o instituciones, que comprometa la satisfacci\u00f3n de las necesidades b\u00e1sicas del menor, impida o interfiera en su desarrollo f\u00edsico, ps\u00edquico y\/o social.<\/span><\/p>\n<p style=\"text-align: justify\"><span style=\"font-family: verdana, geneva, sans-serif;font-size: 12pt\"><strong><span style=\"color: #ff0000\">2.-<\/span><\/strong>Para protocolo de actuaci\u00f3n estaremos a lo dispuesto en la normativa aludida en el art\u00edculo anterior, por la que se adoptan medidas para la promoci\u00f3n de la convivencia en los centros docentes y se regula el derecho de las familias a participar en el proceso educativo de sus hijos e hijas, igualmente tendremos en cuenta el Acuerdo de Colaboraci\u00f3n firmado el 23 de abril de 2015 entre&nbsp; las Delegaciones Territoriales de Igualdad, Salud y Pol\u00edticas Sociales y Educaci\u00f3n.&nbsp;<\/span><\/p>\n<p style=\"text-align: justify\"><span style=\"font-family: verdana, geneva, sans-serif;font-size: 12pt\"><b>&nbsp;<\/b><\/span><\/p>\n<h5 style=\"text-align: justify\"><span style=\"font-family: verdana, geneva, sans-serif;font-size: 12pt\"><strong><span style=\"color: #0000ff\"><span style=\"text-decoration: underline\">ART\u00cdCULO 73.<\/span> Posibles casos de violencia de g\u00e9nero en el \u00e1mbito educativo.<\/span><\/strong><\/span><\/h5>\n<p style=\"text-align: justify\"><span style=\"font-family: verdana, geneva, sans-serif;font-size: 12pt\"><strong><span style=\"color: #ff0000\">1.-<\/span><\/strong>Se entiende por violencia de g\u00e9nero aquella que, como manifestaci\u00f3n de la discriminaci\u00f3n, la situaci\u00f3n de desigualdad y las relaciones de poder de los hombres sobre las mujeres, se ejerce sobre \u00e9sas por el hecho de serlo.<\/span><\/p>\n<p style=\"text-align: justify\"><span style=\"font-family: verdana, geneva, sans-serif;font-size: 12pt\"><strong><span style=\"color: #ff0000\">2.-<\/span><\/strong>Para protocolo de actuaci\u00f3n estaremos a lo dispuesto en la normativa aludida en art\u00edculos anteriores.<br \/>\n<\/span><\/p>\n<p style=\"text-align: justify\"><span style=\"font-family: verdana, geneva, sans-serif;font-size: 12pt\"><b>&nbsp;<\/b><\/span><\/p>\n<h5 style=\"text-align: justify\"><span style=\"font-family: verdana, geneva, sans-serif;font-size: 12pt\"><strong><span style=\"color: #0000ff\"><span style=\"text-decoration: underline\">ART\u00cdCULO 74<\/span>. Posibles casos de agresi\u00f3n hacia el profesorado&nbsp; o personal no docente.<\/span><\/strong><\/span><\/h5>\n<p style=\"text-align: justify\"><span style=\"font-family: verdana, geneva, sans-serif;font-size: 12pt\"><strong><span style=\"color: #ff0000\">1.-<\/span><\/strong>Se actuar\u00e1 conforme al protocolo descrito en la normativa aludida en art\u00edculos anteriores.<br \/>\n<\/span><\/p>\n<p>&nbsp;<\/p>\n","protected":false},"excerpt":{"rendered":"<p>ART\u00cdCULO 67. Necesidad de normas, su cumplimiento. 1.-Con la finalidad de mantener una adecuada convivencia en esta comunidad educativa, se hace necesario establecer una serie de normas de obligado cumplimiento para todos los sectores,&#46;&#46;&#46;<\/p>\n","protected":false},"author":3249,"featured_media":0,"parent":493,"menu_order":2,"comment_status":"closed","ping_status":"closed","template":"","meta":{"ngg_post_thumbnail":0,"footnotes":""},"aioseo_notices":[],"_links":{"self":[{"href":"https:\/\/blogsaverroes.juntadeandalucia.es\/plancentroelcastillo\/index.php?rest_route=\/wp\/v2\/pages\/427"}],"collection":[{"href":"https:\/\/blogsaverroes.juntadeandalucia.es\/plancentroelcastillo\/index.php?rest_route=\/wp\/v2\/pages"}],"about":[{"href":"https:\/\/blogsaverroes.juntadeandalucia.es\/plancentroelcastillo\/index.php?rest_route=\/wp\/v2\/types\/page"}],"author":[{"embeddable":true,"href":"https:\/\/blogsaverroes.juntadeandalucia.es\/plancentroelcastillo\/index.php?rest_route=\/wp\/v2\/users\/3249"}],"replies":[{"embeddable":true,"href":"https:\/\/blogsaverroes.juntadeandalucia.es\/plancentroelcastillo\/index.php?rest_route=%2Fwp%2Fv2%2Fcomments&post=427"}],"version-history":[{"count":8,"href":"https:\/\/blogsaverroes.juntadeandalucia.es\/plancentroelcastillo\/index.php?rest_route=\/wp\/v2\/pages\/427\/revisions"}],"predecessor-version":[{"id":856,"href":"https:\/\/blogsaverroes.juntadeandalucia.es\/plancentroelcastillo\/index.php?rest_route=\/wp\/v2\/pages\/427\/revisions\/856"}],"up":[{"embeddable":true,"href":"https:\/\/blogsaverroes.juntadeandalucia.es\/plancentroelcastillo\/index.php?rest_route=\/wp\/v2\/pages\/493"}],"wp:attachment":[{"href":"https:\/\/blogsaverroes.juntadeandalucia.es\/plancentroelcastillo\/index.php?rest_route=%2Fwp%2Fv2%2Fmedia&parent=427"}],"curies":[{"name":"wp","href":"https:\/\/api.w.org\/{rel}","templated":true}]}}

<h5 style="text-align: justify"><span style="font-family: verdana, geneva, sans-serif;font-size: 12pt"><strong><span style="color: #0000ff"><span style="text-decoration: underline">ARTÍCULO 67.</span> Necesidad de normas, su cumplimiento.</span></strong></span></h5>
<p style="text-align: justify"><span style="font-family: verdana, geneva, sans-serif"><span style="color: #ff0000"><strong> 1.-</strong></span>Con la finalidad de mantener una adecuada convivencia en esta comunidad educativa, se hace necesario establecer una serie de normas de obligado cumplimiento para todos los sectores, estas normas quedarán definidas en el Plan de Convivencia incluido en el proyecto educativo del centro.</span></p>
<p style="text-align: justify"><span style="font-family: verdana, geneva, sans-serif"><span style="color: #ff0000"><b> 2.-</b></span>Las familias tendrán información de las normas de convivencia del centro y aula, éstas últimas deben ser trabajadas en el aula de manera específica y planificada por el responsable de la tutoría.</span></p>
<h5 style="text-align: justify">&nbsp;</h5>
<h5 style="text-align: justify"><span style="font-family: verdana, geneva, sans-serif;font-size: 12pt"><strong><span style="color: #0000ff"><span style="text-decoration: underline">ARTÍCULO 68</span>. Seguimiento de la convivencia.</span></strong></span></h5>
<p style="text-align: justify"><span style="font-family: verdana, geneva, sans-serif;font-size: 12pt"><strong><span style="color: #ff0000">1.-</span></strong>El seguimiento de la convivencia se realizará periódicamente en el seno del consejo escolar y conforme a lo establecido en el referido Plan.</span></p>
<p style="text-align: justify"><span style="font-family: verdana, geneva, sans-serif;font-size: 12pt"><strong><span style="color: #ff0000">2.-</span></strong>Cualquier circunstancia detectada en el centro y que pueda afectar a la convivencia en el centro, debe ser comunicada inmediatamente por el personal del centro a la dirección.</span></p>
<p style="text-align: justify"><span style="font-family: verdana, geneva, sans-serif;font-size: 12pt"><b>&nbsp;</b></span></p>
<h5 style="text-align: justify"><span style="font-family: verdana, geneva, sans-serif;font-size: 12pt"><strong><span style="color: #0000ff"><span style="text-decoration: underline">ARTÍCULO 69</span>. Sanciones y correcciones.</span></strong></span></h5>
<p style="text-align: justify"><span style="font-family: verdana, geneva, sans-serif;font-size: 12pt"><strong><span style="color: #ff0000">1.-</span></strong>El incumplimiento de las normas de convivencia, correcciones, medidas disciplinarias, órganos competentes para imponer correcciones, procedimientos y recursos serán las contempladas en el&nbsp; Decreto 328/2010 de 13 de julio en sus artículos 30 a 46.</span></p>
<p style="text-align: justify">&nbsp;</p>
<h5 style="text-align: justify"><span style="color: #0000ff;font-family: verdana, geneva, sans-serif;font-size: 12pt"><strong><span style="text-decoration: underline">ARTÍCULO 70</span>. Compromisos educativos/de convivencia</strong></span></h5>
<p style="text-align: justify"><span style="font-family: verdana, geneva, sans-serif"><strong><span style="color: #ff0000"> 1.-</span></strong>Los compromisos educativos tienen por objeto estimular y apoyar el proceso educativo del alumnado que presente dificultades de aprendizaje y estrechar la colaboración de sus familias con el profesorado que lo atiende. Los tutores del alumnado referido deben plantearse la utilidad de este recurso para la mejora de los rendimientos escolares y proponer a las familias estos compromisos, ya sea por escrito o de manera verbal dejando constancia en el cuaderno de tutoría.</span></p>
<p style="text-align: justify">&nbsp;</p>
<h5 style="text-align: justify"><span style="font-family: verdana, geneva, sans-serif;font-size: 12pt"><strong><span style="color: #0000ff"><span style="text-decoration: underline">ARTÍCULO 71.</span> Posibles&nbsp; casos de acoso escolar.</span></strong></span></h5>
<p style="text-align: justify"><span style="font-family: verdana, geneva, sans-serif;font-size: 12pt"><strong><span style="color: #ff0000">1.-</span></strong>El acoso escolar es entendido como un maltrato psicológico, verbal o físico hacia el alumnado, de manera reiterada a lo largo de un tiempo determinado.</span></p>
<p style="text-align: justify"><span style="font-family: verdana, geneva, sans-serif;font-size: 12pt"><strong><span style="color: #ff0000">2.-</span></strong>Para protocolo de actuación estaremos a lo dispuesto en la normativa que regula la convivencia, Orden de 20 de junio de 2011 y Orden de 28 de abril de 2015 que modifica la primera.</span></p>
<p style="text-align: justify">&nbsp;</p>
<h5 style="text-align: justify"><span style="font-family: verdana, geneva, sans-serif;font-size: 12pt"><strong><span style="color: #0000ff"><span style="text-decoration: underline">ARTÍCULO 72</span>. Posibles casos de maltrato infantil.</span></strong></span></h5>
<p style="text-align: justify"><span style="font-family: verdana, geneva, sans-serif;font-size: 12pt"><strong><span style="color: #ff0000">1.-</span></strong>Se entenderá por maltrato infantil cualquier acción, omisión o trato negligente, no accidental por parte de padres, madres, cuidadores o instituciones, que comprometa la satisfacción de las necesidades básicas del menor, impida o interfiera en su desarrollo físico, psíquico y/o social.</span></p>
<p style="text-align: justify"><span style="font-family: verdana, geneva, sans-serif;font-size: 12pt"><strong><span style="color: #ff0000">2.-</span></strong>Para protocolo de actuación estaremos a lo dispuesto en la normativa aludida en el artículo anterior, por la que se adoptan medidas para la promoción de la convivencia en los centros docentes y se regula el derecho de las familias a participar en el proceso educativo de sus hijos e hijas, igualmente tendremos en cuenta el Acuerdo de Colaboración firmado el 23 de abril de 2015 entre&nbsp; las Delegaciones Territoriales de Igualdad, Salud y Políticas Sociales y Educación.&nbsp;</span></p>
<p style="text-align: justify"><span style="font-family: verdana, geneva, sans-serif;font-size: 12pt"><b>&nbsp;</b></span></p>
<h5 style="text-align: justify"><span style="font-family: verdana, geneva, sans-serif;font-size: 12pt"><strong><span style="color: #0000ff"><span style="text-decoration: underline">ARTÍCULO 73.</span> Posibles casos de violencia de género en el ámbito educativo.</span></strong></span></h5>
<p style="text-align: justify"><span style="font-family: verdana, geneva, sans-serif;font-size: 12pt"><strong><span style="color: #ff0000">1.-</span></strong>Se entiende por violencia de género aquella que, como manifestación de la discriminación, la situación de desigualdad y las relaciones de poder de los hombres sobre las mujeres, se ejerce sobre ésas por el hecho de serlo.</span></p>
<p style="text-align: justify"><span style="font-family: verdana, geneva, sans-serif;font-size: 12pt"><strong><span style="color: #ff0000">2.-</span></strong>Para protocolo de actuación estaremos a lo dispuesto en la normativa aludida en artículos anteriores.<br />
</span></p>
<p style="text-align: justify"><span style="font-family: verdana, geneva, sans-serif;font-size: 12pt"><b>&nbsp;</b></span></p>
<h5 style="text-align: justify"><span style="font-family: verdana, geneva, sans-serif;font-size: 12pt"><strong><span style="color: #0000ff"><span style="text-decoration: underline">ARTÍCULO 74</span>. Posibles casos de agresión hacia el profesorado&nbsp; o personal no docente.</span></strong></span></h5>
<p style="text-align: justify"><span style="font-family: verdana, geneva, sans-serif;font-size: 12pt"><strong><span style="color: #ff0000">1.-</span></strong>Se actuará conforme al protocolo descrito en la normativa aludida en artículos anteriores.<br />
</span></p>
<p>&nbsp;</p>

<p>ARTÍCULO 67. Necesidad de normas, su cumplimiento. 1.-Con la finalidad de mantener una adecuada convivencia en esta comunidad educativa, se hace necesario establecer una serie de normas de obligado cumplimiento para todos los sectores,&#46;&#46;&#46;</p>
