{"id":483,"date":"2019-03-20T20:18:17","date_gmt":"2019-03-20T20:18:17","guid":{"rendered":"https:\/\/blogsaverroes.juntadeandalucia.es\/plancentroelcastillo\/?page_id=483"},"modified":"2021-07-25T18:18:24","modified_gmt":"2021-07-25T18:18:24","slug":"organos-de-coordinacion-docente","status":"publish","type":"page","link":"https:\/\/blogsaverroes.juntadeandalucia.es\/plancentroelcastillo\/?page_id=483","title":{"rendered":"\u00d3RGANOS DE COORDINACI\u00d3N DOCENTE"},"content":{"rendered":"<p><span style=\"font-family: verdana, geneva, sans-serif;color: #800000;font-size: 14pt\"><strong>Este <span style=\"text-decoration: underline\">T\u00cdTULO TERCERO<\/span> incluye los siguientes cap\u00edtulos:<\/strong><\/span><\/p>\n<ul>\n<li><span style=\"font-family: verdana, geneva, sans-serif\">Cap\u00edtulo I: <\/span><a href=\"https:\/\/blogsaverroes.juntadeandalucia.es\/plancentroelcastillo\/?page_id=417\"><span style=\"font-family: verdana, geneva, sans-serif\">Sobre los distintos \u00f3rganos de coordinaci\u00f3n docente<\/span><\/a><\/li>\n<\/ul>\n<p>&nbsp;<\/p>\n<p>&nbsp;<\/p>\n","protected":false},"excerpt":{"rendered":"<p>Este T\u00cdTULO TERCERO incluye los siguientes cap\u00edtulos: Cap\u00edtulo I: Sobre los distintos \u00f3rganos de coordinaci\u00f3n docente &nbsp; &nbsp;<\/p>\n","protected":false},"author":3249,"featured_media":0,"parent":22,"menu_order":4,"comment_status":"closed","ping_status":"closed","template":"","meta":{"ngg_post_thumbnail":0,"footnotes":""},"aioseo_notices":[],"_links":{"self":[{"href":"https:\/\/blogsaverroes.juntadeandalucia.es\/plancentroelcastillo\/index.php?rest_route=\/wp\/v2\/pages\/483"}],"collection":[{"href":"https:\/\/blogsaverroes.juntadeandalucia.es\/plancentroelcastillo\/index.php?rest_route=\/wp\/v2\/pages"}],"about":[{"href":"https:\/\/blogsaverroes.juntadeandalucia.es\/plancentroelcastillo\/index.php?rest_route=\/wp\/v2\/types\/page"}],"author":[{"embeddable":true,"href":"https:\/\/blogsaverroes.juntadeandalucia.es\/plancentroelcastillo\/index.php?rest_route=\/wp\/v2\/users\/3249"}],"replies":[{"embeddable":true,"href":"https:\/\/blogsaverroes.juntadeandalucia.es\/plancentroelcastillo\/index.php?rest_route=%2Fwp%2Fv2%2Fcomments&post=483"}],"version-history":[{"count":9,"href":"https:\/\/blogsaverroes.juntadeandalucia.es\/plancentroelcastillo\/index.php?rest_route=\/wp\/v2\/pages\/483\/revisions"}],"predecessor-version":[{"id":876,"href":"https:\/\/blogsaverroes.juntadeandalucia.es\/plancentroelcastillo\/index.php?rest_route=\/wp\/v2\/pages\/483\/revisions\/876"}],"up":[{"embeddable":true,"href":"https:\/\/blogsaverroes.juntadeandalucia.es\/plancentroelcastillo\/index.php?rest_route=\/wp\/v2\/pages\/22"}],"wp:attachment":[{"href":"https:\/\/blogsaverroes.juntadeandalucia.es\/plancentroelcastillo\/index.php?rest_route=%2Fwp%2Fv2%2Fmedia&parent=483"}],"curies":[{"name":"wp","href":"https:\/\/api.w.org\/{rel}","templated":true}]}}

ÓRGANOS DE COORDINACIÓN DOCENTE

<p><span style="font-family: verdana, geneva, sans-serif;color: #800000;font-size: 14pt"><strong>Este <span style="text-decoration: underline">TÍTULO TERCERO</span> incluye los siguientes capítulos:</strong></span></p>
<ul>
<li><span style="font-family: verdana, geneva, sans-serif">Capítulo I: </span><a href="https://blogsaverroes.juntadeandalucia.es/plancentroelcastillo/?page_id=417"><span style="font-family: verdana, geneva, sans-serif">Sobre los distintos órganos de coordinación docente</span></a></li>
</ul>
<p>&nbsp;</p>
<p>&nbsp;</p>

<p>Este TÍTULO TERCERO incluye los siguientes capítulos: Capítulo I: Sobre los distintos órganos de coordinación docente &nbsp; &nbsp;</p>
