{"id":488,"date":"2019-03-20T20:25:55","date_gmt":"2019-03-20T20:25:55","guid":{"rendered":"https:\/\/blogsaverroes.juntadeandalucia.es\/plancentroelcastillo\/?page_id=488"},"modified":"2019-03-31T13:42:18","modified_gmt":"2019-03-31T13:42:18","slug":"transparencia-en-los-procesos-de-escolarizacion-y-evaluacion","status":"publish","type":"page","link":"https:\/\/blogsaverroes.juntadeandalucia.es\/plancentroelcastillo\/?page_id=488","title":{"rendered":"TRANSPARENCIA EN LA GESTI\u00d3N Y DESARROLLO DE PROCESOS"},"content":{"rendered":"<p>El centro debe asegurar la <strong>mayor transparencia posible<\/strong> en la gesti\u00f3n del mismo as\u00ed como en el desarrollo de una serie de procesos y actuaciones, desde este punto de vista habr\u00eda que hacer algunas puntualizaciones necesarias en cuanto a: escolarizaci\u00f3n, evaluaci\u00f3n del alumnado y seguimiento de su proceso de aprendizaje, coordinaci\u00f3n docente y actuaciones de los \u00f3rganos de gobierno.<\/p>\n<p><strong>Este <span style=\"text-decoration: underline\">T\u00cdTULO CUARTO<\/span> incluye los siguientes cap\u00edtulos:<\/strong><\/p>\n<p>Cap\u00edtulo I:&nbsp;&nbsp;<a href=\"https:\/\/blogsaverroes.juntadeandalucia.es\/plancentroelcastillo\/?page_id=421\">En el proceso de escolarizaci\u00f3n.<\/a><\/p>\n<p>Cap\u00edtulo II:&nbsp;<a href=\"https:\/\/blogsaverroes.juntadeandalucia.es\/plancentroelcastillo\/?page_id=423\">En el proceso de evaluaci\u00f3n del alumnado.<\/a><\/p>\n<p>Cap\u00edtulo III:&nbsp;<a href=\"https:\/\/blogsaverroes.juntadeandalucia.es\/plancentroelcastillo\/?page_id=629\">En la coordinaci\u00f3n docente<\/a>.<\/p>\n<p>Cap\u00edtulo IV:&nbsp;<a href=\"https:\/\/blogsaverroes.juntadeandalucia.es\/plancentroelcastillo\/?page_id=631\">En las decisiones y acuerdos de los \u00f3rganos de gobierno<\/a>.<\/p>\n","protected":false},"excerpt":{"rendered":"<p>El centro debe asegurar la mayor transparencia posible en la gesti\u00f3n del mismo as\u00ed como en el desarrollo de una serie de procesos y actuaciones, desde este punto de vista habr\u00eda que hacer algunas&#46;&#46;&#46;<\/p>\n","protected":false},"author":3249,"featured_media":0,"parent":22,"menu_order":5,"comment_status":"closed","ping_status":"closed","template":"","meta":{"ngg_post_thumbnail":0,"footnotes":""},"aioseo_notices":[],"_links":{"self":[{"href":"https:\/\/blogsaverroes.juntadeandalucia.es\/plancentroelcastillo\/index.php?rest_route=\/wp\/v2\/pages\/488"}],"collection":[{"href":"https:\/\/blogsaverroes.juntadeandalucia.es\/plancentroelcastillo\/index.php?rest_route=\/wp\/v2\/pages"}],"about":[{"href":"https:\/\/blogsaverroes.juntadeandalucia.es\/plancentroelcastillo\/index.php?rest_route=\/wp\/v2\/types\/page"}],"author":[{"embeddable":true,"href":"https:\/\/blogsaverroes.juntadeandalucia.es\/plancentroelcastillo\/index.php?rest_route=\/wp\/v2\/users\/3249"}],"replies":[{"embeddable":true,"href":"https:\/\/blogsaverroes.juntadeandalucia.es\/plancentroelcastillo\/index.php?rest_route=%2Fwp%2Fv2%2Fcomments&post=488"}],"version-history":[{"count":9,"href":"https:\/\/blogsaverroes.juntadeandalucia.es\/plancentroelcastillo\/index.php?rest_route=\/wp\/v2\/pages\/488\/revisions"}],"predecessor-version":[{"id":643,"href":"https:\/\/blogsaverroes.juntadeandalucia.es\/plancentroelcastillo\/index.php?rest_route=\/wp\/v2\/pages\/488\/revisions\/643"}],"up":[{"embeddable":true,"href":"https:\/\/blogsaverroes.juntadeandalucia.es\/plancentroelcastillo\/index.php?rest_route=\/wp\/v2\/pages\/22"}],"wp:attachment":[{"href":"https:\/\/blogsaverroes.juntadeandalucia.es\/plancentroelcastillo\/index.php?rest_route=%2Fwp%2Fv2%2Fmedia&parent=488"}],"curies":[{"name":"wp","href":"https:\/\/api.w.org\/{rel}","templated":true}]}}